{"id":3443,"date":"2024-10-31T09:04:26","date_gmt":"2024-10-31T08:04:26","guid":{"rendered":"https:\/\/akademia-zdrowia.pl\/bydgoszcz\/?page_id=3443"},"modified":"2024-10-31T09:09:19","modified_gmt":"2024-10-31T08:09:19","slug":"duplikaty-swiadectw-ukonczenia-szkoly","status":"publish","type":"page","link":"https:\/\/akademia-zdrowia.pl\/bydgoszcz\/duplikaty-swiadectw-ukonczenia-szkoly\/","title":{"rendered":"Duplikaty \u015bwiadectw uko\u0144czenia szko\u0142y"},"content":{"rendered":"\t\t<div data-elementor-type=\"wp-page\" data-elementor-id=\"3443\" class=\"elementor elementor-3443\" data-elementor-post-type=\"page\">\n\t\t\t\t\t\t<section class=\"elementor-section elementor-top-section elementor-element elementor-element-3a9c587 elementor-section-boxed elementor-section-height-default elementor-section-height-default\" data-id=\"3a9c587\" data-element_type=\"section\" data-e-type=\"section\">\n\t\t\t\t\t\t<div class=\"elementor-container elementor-column-gap-default\">\n\t\t\t\t\t<div class=\"elementor-column elementor-col-100 elementor-top-column elementor-element elementor-element-7679fdf\" data-id=\"7679fdf\" data-element_type=\"column\" data-e-type=\"column\">\n\t\t\t<div class=\"elementor-widget-wrap elementor-element-populated\">\n\t\t\t\t\t\t<div class=\"elementor-element elementor-element-8f9fbf8 elementor-widget elementor-widget-rs-heading\" data-id=\"8f9fbf8\" data-element_type=\"widget\" data-e-type=\"widget\" data-widget_type=\"rs-heading.default\">\n\t\t\t\t<div class=\"elementor-widget-container\">\n\t\t\t\t\t        <div class=\"rs-heading default \">\r\n        \t<div class=\"title-inner\">\r\n        \t\t      \t\t\r\n\t            <span class=\"sub-text \">AKADEMIA ZDROWIA<\/span><h1 class=\"title\"><span class=\"watermark\"><\/span>Duplikaty \u015bwiadectw uko\u0144czenia szko\u0142y<\/h1>\t        <\/div>\r\n\t                <\/div>\r\n        \t\t\t\t<\/div>\n\t\t\t\t<\/div>\n\t\t\t\t\t<\/div>\n\t\t<\/div>\n\t\t\t\t\t<\/div>\n\t\t<\/section>\n\t\t\t\t<section class=\"elementor-section elementor-top-section elementor-element elementor-element-eb65f7f elementor-section-stretched elementor-section-boxed elementor-section-height-default elementor-section-height-default\" data-id=\"eb65f7f\" data-element_type=\"section\" data-e-type=\"section\" data-settings=\"{&quot;background_background&quot;:&quot;classic&quot;,&quot;stretch_section&quot;:&quot;section-stretched&quot;}\">\n\t\t\t\t\t\t<div class=\"elementor-container elementor-column-gap-default\">\n\t\t\t\t\t<div class=\"elementor-column elementor-col-100 elementor-top-column elementor-element elementor-element-7c82fcc\" data-id=\"7c82fcc\" data-element_type=\"column\" data-e-type=\"column\">\n\t\t\t<div class=\"elementor-widget-wrap elementor-element-populated\">\n\t\t\t\t\t\t<div class=\"elementor-element elementor-element-0089db2 elementor-widget elementor-widget-rs-heading\" data-id=\"0089db2\" data-element_type=\"widget\" data-e-type=\"widget\" data-widget_type=\"rs-heading.default\">\n\t\t\t\t<div class=\"elementor-widget-container\">\n\t\t\t\t\t        <div class=\"rs-heading default \">\r\n        \t<div class=\"title-inner\">\r\n        \t\t      \t\t\r\n\t            \t        <\/div>\r\n\t                    \t<div class=\"description\">\r\n            \t\t<p>Wszystkich absolwent\u00f3w AKADEMIA-POLICEALNE STUDIUM ZAWODOWE oraz AKADEMIA-POLICEALNA SZKO\u0141A ZAWODOWA, AKADEMIA-POLICEALNA SZKO\u0141A ZAWODOWA NR 1 , kt\u00f3rzy chcieliby otrzyma\u0107 duplikat a uko\u0144czyli szko\u0142\u0119 do 2018 r. prosimy o bezpo\u015bredni kontakt z KURATORIUM O\u015aWIATY W BYDGOSZCZY (dane kontaktowe poni\u017cej)<br \/><br \/><strong>Kuratorium O\u015bwiaty w Bydgoszczy<\/strong><br \/><strong>ul. Konarskiego 1-3<\/strong><br \/><strong>85-066 Bydgoszcz<\/strong><br \/><a href=\"https:\/\/kuratorium.bydgoszcz.pl\/\" target=\"_blank\" rel=\"noopener noreferrer\" data-saferedirecturl=\"https:\/\/www.google.com\/url?q=https:\/\/kuratorium.bydgoszcz.pl\/&amp;source=gmail&amp;ust=1730440614451000&amp;usg=AOvVaw17LD1OsHwoWzrC56IQL2vr\">https:\/\/kuratorium.bydgoszcz.p<wbr \/>l\/<\/a><br \/>Sekretariat: tel. 52 34 97 605<br \/>e-mail:\u00a0<a href=\"mailto:kurator@kuratorium.bydgoszcz.pl\" target=\"_blank\" rel=\"noopener\">kurator@kuratorium.bydgoszcz.p<wbr \/>l<\/a><br \/><br \/>Godziny pracy urz\u0119du: poniedzia\u0142ki, \u015brody, czwartki i pi\u0105tki 7.30 \u2013 15.30,\u00a0 \u00a0wtorki 8.00 \u2013 16.00<\/p>            \t\t\r\n            \t<\/div>\r\n        \t        <\/div>\r\n        \t\t\t\t<\/div>\n\t\t\t\t<\/div>\n\t\t\t\t\t<\/div>\n\t\t<\/div>\n\t\t\t\t\t<\/div>\n\t\t<\/section>\n\t\t\t\t<\/div>\n\t\t","protected":false},"excerpt":{"rendered":"<p>AKADEMIA ZDROWIA Duplikaty \u015bwiadectw uko\u0144czenia szko\u0142y Wszystkich absolwent\u00f3w AKADEMIA-POLICEALNE STUDIUM ZAWODOWE oraz AKADEMIA-POLICEALNA SZKO\u0141A ZAWODOWA, AKADEMIA-POLICEALNA SZKO\u0141A ZAWODOWA NR 1 , kt\u00f3rzy chcieliby otrzyma\u0107 duplikat a uko\u0144czyli szko\u0142\u0119 do 2018 r. prosimy o bezpo\u015bredni kontakt z KURATORIUM O\u015aWIATY W BYDGOSZCZY (dane kontaktowe poni\u017cej) Kuratorium O\u015bwiaty w Bydgoszczyul. Konarskiego 1-385-066 Bydgoszczhttps:\/\/kuratorium.bydgoszcz.pl\/Sekretariat: tel. 52 34 97 605e-mail:\u00a0kurator@kuratorium.bydgoszcz.pl&#8230;<\/p>\n","protected":false},"author":4,"featured_media":0,"parent":0,"menu_order":0,"comment_status":"closed","ping_status":"closed","template":"","meta":{"footnotes":""},"class_list":["post-3443","page","type-page","status-publish","hentry"],"yoast_head":"<!-- This site is optimized with the Yoast SEO plugin v26.9 - https:\/\/yoast.com\/product\/yoast-seo-wordpress\/ -->\n<title>Duplikaty \u015bwiadectw uko\u0144czenia szko\u0142y - Akademia Zdrowia Bydgoszcz<\/title>\n<meta name=\"robots\" content=\"index, follow, max-snippet:-1, max-image-preview:large, max-video-preview:-1\" \/>\n<link rel=\"canonical\" href=\"https:\/\/akademia-zdrowia.pl\/bydgoszcz\/duplikaty-swiadectw-ukonczenia-szkoly\/\" \/>\n<meta property=\"og:locale\" content=\"pl_PL\" \/>\n<meta property=\"og:type\" content=\"article\" \/>\n<meta property=\"og:title\" content=\"Duplikaty \u015bwiadectw uko\u0144czenia szko\u0142y - Akademia Zdrowia Bydgoszcz\" \/>\n<meta property=\"og:description\" content=\"AKADEMIA ZDROWIA Duplikaty \u015bwiadectw uko\u0144czenia szko\u0142y Wszystkich absolwent\u00f3w AKADEMIA-POLICEALNE STUDIUM ZAWODOWE oraz AKADEMIA-POLICEALNA SZKO\u0141A ZAWODOWA, AKADEMIA-POLICEALNA SZKO\u0141A ZAWODOWA NR 1 , kt\u00f3rzy chcieliby otrzyma\u0107 duplikat a uko\u0144czyli szko\u0142\u0119 do 2018 r. prosimy o bezpo\u015bredni kontakt z KURATORIUM O\u015aWIATY W BYDGOSZCZY (dane kontaktowe poni\u017cej) Kuratorium O\u015bwiaty w Bydgoszczyul. Konarskiego 1-385-066 Bydgoszczhttps:\/\/kuratorium.bydgoszcz.pl\/Sekretariat: tel. 52 34 97 605e-mail:\u00a0kurator@kuratorium.bydgoszcz.pl...\" \/>\n<meta property=\"og:url\" content=\"https:\/\/akademia-zdrowia.pl\/bydgoszcz\/duplikaty-swiadectw-ukonczenia-szkoly\/\" \/>\n<meta property=\"og:site_name\" content=\"Akademia Zdrowia Bydgoszcz\" \/>\n<meta property=\"article:modified_time\" content=\"2024-10-31T08:09:19+00:00\" \/>\n<meta name=\"twitter:card\" content=\"summary_large_image\" \/>\n<meta name=\"twitter:label1\" content=\"Szacowany czas czytania\" \/>\n\t<meta name=\"twitter:data1\" content=\"1 minuta\" \/>\n<script type=\"application\/ld+json\" class=\"yoast-schema-graph\">{\"@context\":\"https:\/\/schema.org\",\"@graph\":[{\"@type\":\"WebPage\",\"@id\":\"https:\/\/akademia-zdrowia.pl\/bydgoszcz\/duplikaty-swiadectw-ukonczenia-szkoly\/\",\"url\":\"https:\/\/akademia-zdrowia.pl\/bydgoszcz\/duplikaty-swiadectw-ukonczenia-szkoly\/\",\"name\":\"Duplikaty \u015bwiadectw uko\u0144czenia szko\u0142y - Akademia Zdrowia Bydgoszcz\",\"isPartOf\":{\"@id\":\"https:\/\/akademia-zdrowia.pl\/bydgoszcz\/#website\"},\"datePublished\":\"2024-10-31T08:04:26+00:00\",\"dateModified\":\"2024-10-31T08:09:19+00:00\",\"breadcrumb\":{\"@id\":\"https:\/\/akademia-zdrowia.pl\/bydgoszcz\/duplikaty-swiadectw-ukonczenia-szkoly\/#breadcrumb\"},\"inLanguage\":\"pl-PL\",\"potentialAction\":[{\"@type\":\"ReadAction\",\"target\":[\"https:\/\/akademia-zdrowia.pl\/bydgoszcz\/duplikaty-swiadectw-ukonczenia-szkoly\/\"]}]},{\"@type\":\"BreadcrumbList\",\"@id\":\"https:\/\/akademia-zdrowia.pl\/bydgoszcz\/duplikaty-swiadectw-ukonczenia-szkoly\/#breadcrumb\",\"itemListElement\":[{\"@type\":\"ListItem\",\"position\":1,\"name\":\"Strona g\u0142\u00f3wna\",\"item\":\"https:\/\/akademia-zdrowia.pl\/bydgoszcz\/\"},{\"@type\":\"ListItem\",\"position\":2,\"name\":\"Duplikaty \u015bwiadectw uko\u0144czenia szko\u0142y\"}]},{\"@type\":\"WebSite\",\"@id\":\"https:\/\/akademia-zdrowia.pl\/bydgoszcz\/#website\",\"url\":\"https:\/\/akademia-zdrowia.pl\/bydgoszcz\/\",\"name\":\"Akademia Zdrowia Bydgoszcz\",\"description\":\"Kolejna witryna oparta na WordPressie\",\"potentialAction\":[{\"@type\":\"SearchAction\",\"target\":{\"@type\":\"EntryPoint\",\"urlTemplate\":\"https:\/\/akademia-zdrowia.pl\/bydgoszcz\/?s={search_term_string}\"},\"query-input\":{\"@type\":\"PropertyValueSpecification\",\"valueRequired\":true,\"valueName\":\"search_term_string\"}}],\"inLanguage\":\"pl-PL\"}]}<\/script>\n<!-- \/ Yoast SEO plugin. -->","yoast_head_json":{"title":"Duplikaty \u015bwiadectw uko\u0144czenia szko\u0142y - Akademia Zdrowia Bydgoszcz","robots":{"index":"index","follow":"follow","max-snippet":"max-snippet:-1","max-image-preview":"max-image-preview:large","max-video-preview":"max-video-preview:-1"},"canonical":"https:\/\/akademia-zdrowia.pl\/bydgoszcz\/duplikaty-swiadectw-ukonczenia-szkoly\/","og_locale":"pl_PL","og_type":"article","og_title":"Duplikaty \u015bwiadectw uko\u0144czenia szko\u0142y - Akademia Zdrowia Bydgoszcz","og_description":"AKADEMIA ZDROWIA Duplikaty \u015bwiadectw uko\u0144czenia szko\u0142y Wszystkich absolwent\u00f3w AKADEMIA-POLICEALNE STUDIUM ZAWODOWE oraz AKADEMIA-POLICEALNA SZKO\u0141A ZAWODOWA, AKADEMIA-POLICEALNA SZKO\u0141A ZAWODOWA NR 1 , kt\u00f3rzy chcieliby otrzyma\u0107 duplikat a uko\u0144czyli szko\u0142\u0119 do 2018 r. prosimy o bezpo\u015bredni kontakt z KURATORIUM O\u015aWIATY W BYDGOSZCZY (dane kontaktowe poni\u017cej) Kuratorium O\u015bwiaty w Bydgoszczyul. Konarskiego 1-385-066 Bydgoszczhttps:\/\/kuratorium.bydgoszcz.pl\/Sekretariat: tel. 52 34 97 605e-mail:\u00a0kurator@kuratorium.bydgoszcz.pl...","og_url":"https:\/\/akademia-zdrowia.pl\/bydgoszcz\/duplikaty-swiadectw-ukonczenia-szkoly\/","og_site_name":"Akademia Zdrowia Bydgoszcz","article_modified_time":"2024-10-31T08:09:19+00:00","twitter_card":"summary_large_image","twitter_misc":{"Szacowany czas czytania":"1 minuta"},"schema":{"@context":"https:\/\/schema.org","@graph":[{"@type":"WebPage","@id":"https:\/\/akademia-zdrowia.pl\/bydgoszcz\/duplikaty-swiadectw-ukonczenia-szkoly\/","url":"https:\/\/akademia-zdrowia.pl\/bydgoszcz\/duplikaty-swiadectw-ukonczenia-szkoly\/","name":"Duplikaty \u015bwiadectw uko\u0144czenia szko\u0142y - Akademia Zdrowia Bydgoszcz","isPartOf":{"@id":"https:\/\/akademia-zdrowia.pl\/bydgoszcz\/#website"},"datePublished":"2024-10-31T08:04:26+00:00","dateModified":"2024-10-31T08:09:19+00:00","breadcrumb":{"@id":"https:\/\/akademia-zdrowia.pl\/bydgoszcz\/duplikaty-swiadectw-ukonczenia-szkoly\/#breadcrumb"},"inLanguage":"pl-PL","potentialAction":[{"@type":"ReadAction","target":["https:\/\/akademia-zdrowia.pl\/bydgoszcz\/duplikaty-swiadectw-ukonczenia-szkoly\/"]}]},{"@type":"BreadcrumbList","@id":"https:\/\/akademia-zdrowia.pl\/bydgoszcz\/duplikaty-swiadectw-ukonczenia-szkoly\/#breadcrumb","itemListElement":[{"@type":"ListItem","position":1,"name":"Strona g\u0142\u00f3wna","item":"https:\/\/akademia-zdrowia.pl\/bydgoszcz\/"},{"@type":"ListItem","position":2,"name":"Duplikaty \u015bwiadectw uko\u0144czenia szko\u0142y"}]},{"@type":"WebSite","@id":"https:\/\/akademia-zdrowia.pl\/bydgoszcz\/#website","url":"https:\/\/akademia-zdrowia.pl\/bydgoszcz\/","name":"Akademia Zdrowia Bydgoszcz","description":"Kolejna witryna oparta na WordPressie","potentialAction":[{"@type":"SearchAction","target":{"@type":"EntryPoint","urlTemplate":"https:\/\/akademia-zdrowia.pl\/bydgoszcz\/?s={search_term_string}"},"query-input":{"@type":"PropertyValueSpecification","valueRequired":true,"valueName":"search_term_string"}}],"inLanguage":"pl-PL"}]}},"_links":{"self":[{"href":"https:\/\/akademia-zdrowia.pl\/bydgoszcz\/wp-json\/wp\/v2\/pages\/3443","targetHints":{"allow":["GET"]}}],"collection":[{"href":"https:\/\/akademia-zdrowia.pl\/bydgoszcz\/wp-json\/wp\/v2\/pages"}],"about":[{"href":"https:\/\/akademia-zdrowia.pl\/bydgoszcz\/wp-json\/wp\/v2\/types\/page"}],"author":[{"embeddable":true,"href":"https:\/\/akademia-zdrowia.pl\/bydgoszcz\/wp-json\/wp\/v2\/users\/4"}],"replies":[{"embeddable":true,"href":"https:\/\/akademia-zdrowia.pl\/bydgoszcz\/wp-json\/wp\/v2\/comments?post=3443"}],"version-history":[{"count":10,"href":"https:\/\/akademia-zdrowia.pl\/bydgoszcz\/wp-json\/wp\/v2\/pages\/3443\/revisions"}],"predecessor-version":[{"id":3457,"href":"https:\/\/akademia-zdrowia.pl\/bydgoszcz\/wp-json\/wp\/v2\/pages\/3443\/revisions\/3457"}],"wp:attachment":[{"href":"https:\/\/akademia-zdrowia.pl\/bydgoszcz\/wp-json\/wp\/v2\/media?parent=3443"}],"curies":[{"name":"wp","href":"https:\/\/api.w.org\/{rel}","templated":true}]}}