{"id":469,"date":"2018-01-10T12:07:32","date_gmt":"2018-01-10T11:07:32","guid":{"rendered":"http:\/\/www.akademia-zdrowia.pl\/lodz\/?page_id=469"},"modified":"2022-02-21T20:23:37","modified_gmt":"2022-02-21T19:23:37","slug":"wykonywanie-i-interpretacja-zapisu-elektrograficznego","status":"publish","type":"page","link":"https:\/\/akademia-zdrowia.pl\/bydgoszcz\/oferta-szkoleniowa\/ksztalcenie-pielegniarek-i-poloznych\/kursy-specjalistyczne\/wykonywanie-i-interpretacja-zapisu-elektrograficznego\/","title":{"rendered":"Wykonywanie i interpretacja zapisu elektrokardiograficznego"},"content":{"rendered":"\t\t<div data-elementor-type=\"wp-page\" data-elementor-id=\"469\" class=\"elementor elementor-469\" data-elementor-post-type=\"page\">\n\t\t\t\t\t\t<section class=\"elementor-section elementor-top-section elementor-element elementor-element-64539af elementor-section-boxed elementor-section-height-default elementor-section-height-default\" data-id=\"64539af\" data-element_type=\"section\" data-e-type=\"section\">\n\t\t\t\t\t\t<div class=\"elementor-container elementor-column-gap-default\">\n\t\t\t\t\t<div class=\"elementor-column elementor-col-100 elementor-top-column elementor-element elementor-element-69a0297\" data-id=\"69a0297\" data-element_type=\"column\" data-e-type=\"column\">\n\t\t\t<div class=\"elementor-widget-wrap elementor-element-populated\">\n\t\t\t\t\t\t<div class=\"elementor-element elementor-element-5884182 elementor-widget elementor-widget-bdt-advanced-heading\" data-id=\"5884182\" data-element_type=\"widget\" data-e-type=\"widget\" data-widget_type=\"bdt-advanced-heading.default\">\n\t\t\t\t<div class=\"elementor-widget-container\">\n\t\t\t\t\t<div id =\"5884182\" class=\"bdt-ep-advanced-heading\" data-settings=\"{&quot;titleMultiColor&quot;:&quot;no&quot;}\"><div class=\"bdt-ep-advanced-heading-content bdt-visible@m\"><div class=\"bdt-transform-origin-top-left\">WYKONYWANIE I INTERPRETACJA ZAPISU ELEKTROKARIOGRAFICZNEGO<\/div><\/div><h2 class=\"bdt-ep-advanced-heading-title\"><span class=\"bdt-ep-advanced-heading-main-title\"><span class=\"bdt-ep-advanced-heading-main-title-inner\">WYKONYWANIE I INTERPRETACJA ZAPISU ELEKTROKARIOGRAFICZNEGO<\/span><\/span><\/h2><\/div>\t\t\t\t<\/div>\n\t\t\t\t<\/div>\n\t\t\t\t<div class=\"elementor-element elementor-element-a31d2f5 elementor-widget elementor-widget-text-editor\" data-id=\"a31d2f5\" data-element_type=\"widget\" data-e-type=\"widget\" data-widget_type=\"text-editor.default\">\n\t\t\t\t<div class=\"elementor-widget-container\">\n\t\t\t\t\t\t\t\t\t<p><span data-contrast=\"none\"><br><\/span><\/p><p><span data-contrast=\"none\">Uko\u0144czenie kursu specjalistycznego daje wiedz\u0119 i umiej\u0119tno\u015bci niezb\u0119dne do wykonywania czynno\u015bci w zakresie realizowanego szkolenia.<\/span>&nbsp;<br><span data-contrast=\"none\">Po uko\u0144czeniu szkolenia Kursant otrzymuje za\u015bwiadczenie o uko\u0144czeniu kursu zgodne ze wzorem Ministra Zdrowia, dzi\u0119ki kt\u00f3remu uzyskuje kwalifikacje potrzebne do udzielania okre\u015blonych \u015bwiadcze\u0144 zdrowotnych wchodz\u0105cych w zakres danej dziedziny piel\u0119gniarstwa lub dziedziny maj\u0105cej zastosowanie w ochronie zdrowia.<\/span><span data-ccp-props=\"{&quot;201341983&quot;:0,&quot;335559739&quot;:200,&quot;335559740&quot;:240}\">&nbsp;<\/span><\/p>\n<p><span data-contrast=\"none\">Do kursu specjalistycznego mog\u0105 przyst\u0105pi\u0107 piel\u0119gniarki i po\u0142o\u017cne, kt\u00f3re posiadaj\u0105 prawo wykonywania zawodu.&nbsp;<\/span><span data-ccp-props=\"{&quot;201341983&quot;:0,&quot;335559739&quot;:200,&quot;335559740&quot;:240}\">&nbsp;<\/span><\/p>\n<p><span data-contrast=\"none\">\u0141\u0105czna liczba godzin przeznaczonych na realizacj\u0119 programu kursu specjalistycznego wynosi 80 godzin dydaktycznych:<\/span><\/p>\n<ul>\n<li><span data-contrast=\"none\">zaj\u0119cia teoretyczne \u2013 50 godzin,<\/span><\/li>\n<li><span data-contrast=\"none\">zaj\u0119cia praktyczne \u2013 58 godzin.<\/span><span data-ccp-props=\"{&quot;201341983&quot;:0,&quot;335559739&quot;:200,&quot;335559740&quot;:240}\">&nbsp;<\/span><\/li>\n<\/ul>\t\t\t\t\t\t\t\t<\/div>\n\t\t\t\t<\/div>\n\t\t\t\t\t<\/div>\n\t\t<\/div>\n\t\t\t\t\t<\/div>\n\t\t<\/section>\n\t\t\t\t<section class=\"elementor-section elementor-top-section elementor-element elementor-element-4a5522c elementor-section-boxed elementor-section-height-default elementor-section-height-default\" data-id=\"4a5522c\" data-element_type=\"section\" data-e-type=\"section\">\n\t\t\t\t\t\t<div class=\"elementor-container elementor-column-gap-default\">\n\t\t\t\t\t<div class=\"elementor-column elementor-col-100 elementor-top-column elementor-element elementor-element-1ca7ed1\" data-id=\"1ca7ed1\" data-element_type=\"column\" data-e-type=\"column\">\n\t\t\t<div class=\"elementor-widget-wrap elementor-element-populated\">\n\t\t\t\t\t\t<div class=\"elementor-element elementor-element-4adf4c3 elementor-widget elementor-widget-text-editor\" data-id=\"4adf4c3\" data-element_type=\"widget\" data-e-type=\"widget\" data-widget_type=\"text-editor.default\">\n\t\t\t\t<div class=\"elementor-widget-container\">\n\t\t\t\t\t\t\t\t\t<p><span class=\"TextRun Highlight SCXW172577276 BCX8\" lang=\"PL-PL\" xml:lang=\"PL-PL\" data-contrast=\"none\"><span class=\"NormalTextRun SCXW172577276 BCX8\">Zapisy przez SMK &#8211; Koszt 500z\u0142 \u2013 dogodny system ratalny!<\/span><\/span><\/p>\t\t\t\t\t\t\t\t<\/div>\n\t\t\t\t<\/div>\n\t\t\t\t\t<\/div>\n\t\t<\/div>\n\t\t\t\t\t<\/div>\n\t\t<\/section>\n\t\t\t\t<\/div>\n\t\t","protected":false},"excerpt":{"rendered":"<p>WYKONYWANIE I INTERPRETACJA ZAPISU ELEKTROKARIOGRAFICZNEGO WYKONYWANIE I INTERPRETACJA ZAPISU ELEKTROKARIOGRAFICZNEGO Uko\u0144czenie kursu specjalistycznego daje wiedz\u0119 i umiej\u0119tno\u015bci niezb\u0119dne do wykonywania czynno\u015bci w zakresie realizowanego szkolenia.&nbsp;Po uko\u0144czeniu szkolenia Kursant otrzymuje za\u015bwiadczenie o uko\u0144czeniu kursu zgodne ze wzorem Ministra Zdrowia, dzi\u0119ki kt\u00f3remu uzyskuje kwalifikacje potrzebne do udzielania okre\u015blonych \u015bwiadcze\u0144 zdrowotnych wchodz\u0105cych w zakres danej dziedziny piel\u0119gniarstwa lub&#8230;<\/p>\n","protected":false},"author":1,"featured_media":0,"parent":397,"menu_order":0,"comment_status":"closed","ping_status":"closed","template":"","meta":{"footnotes":""},"class_list":["post-469","page","type-page","status-publish","hentry"],"yoast_head":"<!-- This site is optimized with the Yoast SEO plugin v26.9 - https:\/\/yoast.com\/product\/yoast-seo-wordpress\/ -->\n<title>Wykonywanie i interpretacja zapisu elektrokardiograficznego - Akademia Zdrowia Bydgoszcz<\/title>\n<meta name=\"robots\" content=\"index, follow, max-snippet:-1, max-image-preview:large, max-video-preview:-1\" \/>\n<link rel=\"canonical\" href=\"https:\/\/akademia-zdrowia.pl\/bydgoszcz\/oferta-szkoleniowa\/ksztalcenie-pielegniarek-i-poloznych\/kursy-specjalistyczne\/wykonywanie-i-interpretacja-zapisu-elektrograficznego\/\" \/>\n<meta property=\"og:locale\" content=\"pl_PL\" \/>\n<meta property=\"og:type\" content=\"article\" \/>\n<meta property=\"og:title\" content=\"Wykonywanie i interpretacja zapisu elektrokardiograficznego - Akademia Zdrowia Bydgoszcz\" \/>\n<meta property=\"og:description\" content=\"WYKONYWANIE I INTERPRETACJA ZAPISU ELEKTROKARIOGRAFICZNEGO WYKONYWANIE I INTERPRETACJA ZAPISU ELEKTROKARIOGRAFICZNEGO Uko\u0144czenie kursu specjalistycznego daje wiedz\u0119 i umiej\u0119tno\u015bci niezb\u0119dne do wykonywania czynno\u015bci w zakresie realizowanego szkolenia.&nbsp;Po uko\u0144czeniu szkolenia Kursant otrzymuje za\u015bwiadczenie o uko\u0144czeniu kursu zgodne ze wzorem Ministra Zdrowia, dzi\u0119ki kt\u00f3remu uzyskuje kwalifikacje potrzebne do udzielania okre\u015blonych \u015bwiadcze\u0144 zdrowotnych wchodz\u0105cych w zakres danej dziedziny piel\u0119gniarstwa lub...\" \/>\n<meta property=\"og:url\" content=\"https:\/\/akademia-zdrowia.pl\/bydgoszcz\/oferta-szkoleniowa\/ksztalcenie-pielegniarek-i-poloznych\/kursy-specjalistyczne\/wykonywanie-i-interpretacja-zapisu-elektrograficznego\/\" \/>\n<meta property=\"og:site_name\" content=\"Akademia Zdrowia Bydgoszcz\" \/>\n<meta property=\"article:modified_time\" content=\"2022-02-21T19:23:37+00:00\" \/>\n<meta name=\"twitter:card\" content=\"summary_large_image\" \/>\n<meta name=\"twitter:label1\" content=\"Szacowany czas czytania\" \/>\n\t<meta name=\"twitter:data1\" content=\"1 minuta\" \/>\n<script type=\"application\/ld+json\" class=\"yoast-schema-graph\">{\"@context\":\"https:\/\/schema.org\",\"@graph\":[{\"@type\":\"WebPage\",\"@id\":\"https:\/\/akademia-zdrowia.pl\/bydgoszcz\/oferta-szkoleniowa\/ksztalcenie-pielegniarek-i-poloznych\/kursy-specjalistyczne\/wykonywanie-i-interpretacja-zapisu-elektrograficznego\/\",\"url\":\"https:\/\/akademia-zdrowia.pl\/bydgoszcz\/oferta-szkoleniowa\/ksztalcenie-pielegniarek-i-poloznych\/kursy-specjalistyczne\/wykonywanie-i-interpretacja-zapisu-elektrograficznego\/\",\"name\":\"Wykonywanie i interpretacja zapisu elektrokardiograficznego - Akademia Zdrowia Bydgoszcz\",\"isPartOf\":{\"@id\":\"https:\/\/akademia-zdrowia.pl\/bydgoszcz\/#website\"},\"datePublished\":\"2018-01-10T11:07:32+00:00\",\"dateModified\":\"2022-02-21T19:23:37+00:00\",\"breadcrumb\":{\"@id\":\"https:\/\/akademia-zdrowia.pl\/bydgoszcz\/oferta-szkoleniowa\/ksztalcenie-pielegniarek-i-poloznych\/kursy-specjalistyczne\/wykonywanie-i-interpretacja-zapisu-elektrograficznego\/#breadcrumb\"},\"inLanguage\":\"pl-PL\",\"potentialAction\":[{\"@type\":\"ReadAction\",\"target\":[\"https:\/\/akademia-zdrowia.pl\/bydgoszcz\/oferta-szkoleniowa\/ksztalcenie-pielegniarek-i-poloznych\/kursy-specjalistyczne\/wykonywanie-i-interpretacja-zapisu-elektrograficznego\/\"]}]},{\"@type\":\"BreadcrumbList\",\"@id\":\"https:\/\/akademia-zdrowia.pl\/bydgoszcz\/oferta-szkoleniowa\/ksztalcenie-pielegniarek-i-poloznych\/kursy-specjalistyczne\/wykonywanie-i-interpretacja-zapisu-elektrograficznego\/#breadcrumb\",\"itemListElement\":[{\"@type\":\"ListItem\",\"position\":1,\"name\":\"Strona g\u0142\u00f3wna\",\"item\":\"https:\/\/akademia-zdrowia.pl\/bydgoszcz\/\"},{\"@type\":\"ListItem\",\"position\":2,\"name\":\"Oferta szkoleniowa\",\"item\":\"https:\/\/akademia-zdrowia.pl\/bydgoszcz\/oferta-szkoleniowa\/\"},{\"@type\":\"ListItem\",\"position\":3,\"name\":\"Kszta\u0142cenie Piel\u0119gniarek i po\u0142o\u017cnych\",\"item\":\"https:\/\/akademia-zdrowia.pl\/bydgoszcz\/oferta-szkoleniowa\/ksztalcenie-pielegniarek-i-poloznych\/\"},{\"@type\":\"ListItem\",\"position\":4,\"name\":\"Kursy specjalistyczne\",\"item\":\"https:\/\/akademia-zdrowia.pl\/bydgoszcz\/oferta-szkoleniowa\/ksztalcenie-pielegniarek-i-poloznych\/kursy-specjalistyczne\/\"},{\"@type\":\"ListItem\",\"position\":5,\"name\":\"Wykonywanie i interpretacja zapisu elektrokardiograficznego\"}]},{\"@type\":\"WebSite\",\"@id\":\"https:\/\/akademia-zdrowia.pl\/bydgoszcz\/#website\",\"url\":\"https:\/\/akademia-zdrowia.pl\/bydgoszcz\/\",\"name\":\"Akademia Zdrowia Bydgoszcz\",\"description\":\"Kolejna witryna oparta na WordPressie\",\"potentialAction\":[{\"@type\":\"SearchAction\",\"target\":{\"@type\":\"EntryPoint\",\"urlTemplate\":\"https:\/\/akademia-zdrowia.pl\/bydgoszcz\/?s={search_term_string}\"},\"query-input\":{\"@type\":\"PropertyValueSpecification\",\"valueRequired\":true,\"valueName\":\"search_term_string\"}}],\"inLanguage\":\"pl-PL\"}]}<\/script>\n<!-- \/ Yoast SEO plugin. -->","yoast_head_json":{"title":"Wykonywanie i interpretacja zapisu elektrokardiograficznego - Akademia Zdrowia Bydgoszcz","robots":{"index":"index","follow":"follow","max-snippet":"max-snippet:-1","max-image-preview":"max-image-preview:large","max-video-preview":"max-video-preview:-1"},"canonical":"https:\/\/akademia-zdrowia.pl\/bydgoszcz\/oferta-szkoleniowa\/ksztalcenie-pielegniarek-i-poloznych\/kursy-specjalistyczne\/wykonywanie-i-interpretacja-zapisu-elektrograficznego\/","og_locale":"pl_PL","og_type":"article","og_title":"Wykonywanie i interpretacja zapisu elektrokardiograficznego - Akademia Zdrowia Bydgoszcz","og_description":"WYKONYWANIE I INTERPRETACJA ZAPISU ELEKTROKARIOGRAFICZNEGO WYKONYWANIE I INTERPRETACJA ZAPISU ELEKTROKARIOGRAFICZNEGO Uko\u0144czenie kursu specjalistycznego daje wiedz\u0119 i umiej\u0119tno\u015bci niezb\u0119dne do wykonywania czynno\u015bci w zakresie realizowanego szkolenia.&nbsp;Po uko\u0144czeniu szkolenia Kursant otrzymuje za\u015bwiadczenie o uko\u0144czeniu kursu zgodne ze wzorem Ministra Zdrowia, dzi\u0119ki kt\u00f3remu uzyskuje kwalifikacje potrzebne do udzielania okre\u015blonych \u015bwiadcze\u0144 zdrowotnych wchodz\u0105cych w zakres danej dziedziny piel\u0119gniarstwa lub...","og_url":"https:\/\/akademia-zdrowia.pl\/bydgoszcz\/oferta-szkoleniowa\/ksztalcenie-pielegniarek-i-poloznych\/kursy-specjalistyczne\/wykonywanie-i-interpretacja-zapisu-elektrograficznego\/","og_site_name":"Akademia Zdrowia Bydgoszcz","article_modified_time":"2022-02-21T19:23:37+00:00","twitter_card":"summary_large_image","twitter_misc":{"Szacowany czas czytania":"1 minuta"},"schema":{"@context":"https:\/\/schema.org","@graph":[{"@type":"WebPage","@id":"https:\/\/akademia-zdrowia.pl\/bydgoszcz\/oferta-szkoleniowa\/ksztalcenie-pielegniarek-i-poloznych\/kursy-specjalistyczne\/wykonywanie-i-interpretacja-zapisu-elektrograficznego\/","url":"https:\/\/akademia-zdrowia.pl\/bydgoszcz\/oferta-szkoleniowa\/ksztalcenie-pielegniarek-i-poloznych\/kursy-specjalistyczne\/wykonywanie-i-interpretacja-zapisu-elektrograficznego\/","name":"Wykonywanie i interpretacja zapisu elektrokardiograficznego - Akademia Zdrowia Bydgoszcz","isPartOf":{"@id":"https:\/\/akademia-zdrowia.pl\/bydgoszcz\/#website"},"datePublished":"2018-01-10T11:07:32+00:00","dateModified":"2022-02-21T19:23:37+00:00","breadcrumb":{"@id":"https:\/\/akademia-zdrowia.pl\/bydgoszcz\/oferta-szkoleniowa\/ksztalcenie-pielegniarek-i-poloznych\/kursy-specjalistyczne\/wykonywanie-i-interpretacja-zapisu-elektrograficznego\/#breadcrumb"},"inLanguage":"pl-PL","potentialAction":[{"@type":"ReadAction","target":["https:\/\/akademia-zdrowia.pl\/bydgoszcz\/oferta-szkoleniowa\/ksztalcenie-pielegniarek-i-poloznych\/kursy-specjalistyczne\/wykonywanie-i-interpretacja-zapisu-elektrograficznego\/"]}]},{"@type":"BreadcrumbList","@id":"https:\/\/akademia-zdrowia.pl\/bydgoszcz\/oferta-szkoleniowa\/ksztalcenie-pielegniarek-i-poloznych\/kursy-specjalistyczne\/wykonywanie-i-interpretacja-zapisu-elektrograficznego\/#breadcrumb","itemListElement":[{"@type":"ListItem","position":1,"name":"Strona g\u0142\u00f3wna","item":"https:\/\/akademia-zdrowia.pl\/bydgoszcz\/"},{"@type":"ListItem","position":2,"name":"Oferta szkoleniowa","item":"https:\/\/akademia-zdrowia.pl\/bydgoszcz\/oferta-szkoleniowa\/"},{"@type":"ListItem","position":3,"name":"Kszta\u0142cenie Piel\u0119gniarek i po\u0142o\u017cnych","item":"https:\/\/akademia-zdrowia.pl\/bydgoszcz\/oferta-szkoleniowa\/ksztalcenie-pielegniarek-i-poloznych\/"},{"@type":"ListItem","position":4,"name":"Kursy specjalistyczne","item":"https:\/\/akademia-zdrowia.pl\/bydgoszcz\/oferta-szkoleniowa\/ksztalcenie-pielegniarek-i-poloznych\/kursy-specjalistyczne\/"},{"@type":"ListItem","position":5,"name":"Wykonywanie i interpretacja zapisu elektrokardiograficznego"}]},{"@type":"WebSite","@id":"https:\/\/akademia-zdrowia.pl\/bydgoszcz\/#website","url":"https:\/\/akademia-zdrowia.pl\/bydgoszcz\/","name":"Akademia Zdrowia Bydgoszcz","description":"Kolejna witryna oparta na WordPressie","potentialAction":[{"@type":"SearchAction","target":{"@type":"EntryPoint","urlTemplate":"https:\/\/akademia-zdrowia.pl\/bydgoszcz\/?s={search_term_string}"},"query-input":{"@type":"PropertyValueSpecification","valueRequired":true,"valueName":"search_term_string"}}],"inLanguage":"pl-PL"}]}},"_links":{"self":[{"href":"https:\/\/akademia-zdrowia.pl\/bydgoszcz\/wp-json\/wp\/v2\/pages\/469","targetHints":{"allow":["GET"]}}],"collection":[{"href":"https:\/\/akademia-zdrowia.pl\/bydgoszcz\/wp-json\/wp\/v2\/pages"}],"about":[{"href":"https:\/\/akademia-zdrowia.pl\/bydgoszcz\/wp-json\/wp\/v2\/types\/page"}],"author":[{"embeddable":true,"href":"https:\/\/akademia-zdrowia.pl\/bydgoszcz\/wp-json\/wp\/v2\/users\/1"}],"replies":[{"embeddable":true,"href":"https:\/\/akademia-zdrowia.pl\/bydgoszcz\/wp-json\/wp\/v2\/comments?post=469"}],"version-history":[{"count":3,"href":"https:\/\/akademia-zdrowia.pl\/bydgoszcz\/wp-json\/wp\/v2\/pages\/469\/revisions"}],"predecessor-version":[{"id":2175,"href":"https:\/\/akademia-zdrowia.pl\/bydgoszcz\/wp-json\/wp\/v2\/pages\/469\/revisions\/2175"}],"up":[{"embeddable":true,"href":"https:\/\/akademia-zdrowia.pl\/bydgoszcz\/wp-json\/wp\/v2\/pages\/397"}],"wp:attachment":[{"href":"https:\/\/akademia-zdrowia.pl\/bydgoszcz\/wp-json\/wp\/v2\/media?parent=469"}],"curies":[{"name":"wp","href":"https:\/\/api.w.org\/{rel}","templated":true}]}}