{"id":1293,"date":"2019-01-31T17:20:44","date_gmt":"2019-01-31T16:20:44","guid":{"rendered":"https:\/\/akademia-zdrowia.pl\/kielce\/?page_id=1293"},"modified":"2021-11-12T12:54:26","modified_gmt":"2021-11-12T11:54:26","slug":"toeic-bridge","status":"publish","type":"page","link":"https:\/\/akademia-zdrowia.pl\/kielce\/toeic-bridge\/","title":{"rendered":"TOEIC Bridge"},"content":{"rendered":"\t\t<div data-elementor-type=\"wp-page\" data-elementor-id=\"1293\" class=\"elementor elementor-1293\" data-elementor-post-type=\"page\">\n\t\t\t\t\t\t<section class=\"elementor-section elementor-top-section elementor-element elementor-element-4d25f521 elementor-section-boxed elementor-section-height-default elementor-section-height-default\" data-id=\"4d25f521\" data-element_type=\"section\" data-e-type=\"section\">\n\t\t\t\t\t\t<div class=\"elementor-container elementor-column-gap-default\">\n\t\t\t\t\t<div class=\"elementor-column elementor-col-100 elementor-top-column elementor-element elementor-element-2754bbe4\" data-id=\"2754bbe4\" data-element_type=\"column\" data-e-type=\"column\">\n\t\t\t<div class=\"elementor-widget-wrap elementor-element-populated\">\n\t\t\t\t\t\t<div class=\"elementor-element elementor-element-42e2fe22 elementor-widget elementor-widget-text-editor\" data-id=\"42e2fe22\" data-element_type=\"widget\" data-e-type=\"widget\" data-widget_type=\"text-editor.default\">\n\t\t\t\t<div class=\"elementor-widget-container\">\n\t\t\t\t\t\t\t\t\t<p>Mi\u0119dzynarodowy certyfikat z og\u00f3lnego j\u0119zyka angielskiego dla os\u00f3b na pocz\u0105tkowych poziomach zaawansowania. Jest to pisemny test z rozumienia tekstu s\u0142uchanego i czytanego przeznaczony dla os\u00f3b na poziomach od pocz\u0105tkowego A1 do \u015bredniozaawansowanego B1, wg Europejskiego Systemu Opisu Kszta\u0142cenia J\u0119zykowego (CEFR). Pozwala obiektywnie zmierzy\u0107 efekty dotychczasowej nauki i motywuje do dalszego rozwijania umiej\u0119tno\u015bci.<\/p>\n<p style=\"text-align: center;\"><strong><span style=\"color: #ff0000;\">JU\u017b TERAZ ZAPISZ SI\u0118 NA TEST ! ! !<\/span><\/strong><\/p>\n<p>Testu si\u0119 nie &#8216;oblewa&#8217;, zawsze otrzymuje si\u0119 wynik w punktach, odpowiednio do aktualnego poziomu zaawansowania.<\/p>\n<p>Jest przyjazny dla uczni\u00f3w pocz\u0105tkuj\u0105cych &#8211; nie wymaga m\u00f3wienia ani pisania, sprawdza znajomo\u015b\u0107 j\u0119zyka angielskiego skupiaj\u0105c si\u0119 na praktycznych jego zastosowaniach, na prawdziwych sytuacjach z \u017cycia.<\/p>\n<p>Nie wymaga specjalnego przygotowania, mo\u017cna go zda\u0107 w dowolnym momencie nauki na sesji egzaminacyjnej, kt\u00f3ra odbywa si\u0119 w wyznaczonych terminach.<\/p>\n<p>Certyfikat TOEIC Bridge jest cennym dodatkiem do na wymagaj\u0105cym rynku pracy.<\/p>\n<p><span style=\"color: #000080;\"><strong>KILKA S\u0141\u00d3W O EGZAMINIE <\/strong><\/span><\/p>\n<p>TOEIC Bridge to pisemny test sk\u0142adaj\u0105cy si\u0119 ze 100 pyta\u0144, kt\u00f3ry trwa ok. 60 min. Jest to test wyboru podzielony na dwie sekcje: Listening Comprehension (50 pyta\u0144, 25 min) i Reading Comprehension (50 pyta\u0144, 35 min). Stopie\u0144 trudno\u015bci pyta\u0144 jest zr\u00f3\u017cnicowany, aby precyzyjnie okre\u015bli\u0107, na jakim poziomie znajduje si\u0119 zdaj\u0105cy. Kandydat otrzymuje r\u00f3\u017cn\u0105 liczb\u0119 punkt\u00f3w, w zale\u017cno\u015bci od stopnia trudno\u015bci poszczeg\u00f3lnych pyta\u0144. Wynik testu to liczba punkt\u00f3w na skali 20-180 punkt\u00f3w. Pytania na te\u015bcie TOEIC Bridge s\u0105 znacznie \u0142atwiejsze ni\u017c na te\u015bcie TOEIC Listening &amp; Reading. Po otrzymaniu wysokiego wyniku z testu zdaj\u0105cy s\u0105 gotowi do przyst\u0105pienia do testu TOEIC.<\/p>\n<p><img fetchpriority=\"high\" decoding=\"async\" class=\"aligncenter size-full wp-image-1303\" src=\"\/kielce\/wp-content\/uploads\/2019\/01\/bridge.jpg\" alt=\"\" width=\"1202\" height=\"1969\" srcset=\"https:\/\/akademia-zdrowia.pl\/kielce\/wp-content\/uploads\/2019\/01\/bridge.jpg 1202w, https:\/\/akademia-zdrowia.pl\/kielce\/wp-content\/uploads\/2019\/01\/bridge-183x300.jpg 183w, https:\/\/akademia-zdrowia.pl\/kielce\/wp-content\/uploads\/2019\/01\/bridge-625x1024.jpg 625w, https:\/\/akademia-zdrowia.pl\/kielce\/wp-content\/uploads\/2019\/01\/bridge-768x1258.jpg 768w, https:\/\/akademia-zdrowia.pl\/kielce\/wp-content\/uploads\/2019\/01\/bridge-938x1536.jpg 938w, https:\/\/akademia-zdrowia.pl\/kielce\/wp-content\/uploads\/2019\/01\/bridge-500x819.jpg 500w\" sizes=\"(max-width: 1202px) 100vw, 1202px\" \/><\/p>\t\t\t\t\t\t\t\t<\/div>\n\t\t\t\t<\/div>\n\t\t\t\t\t<\/div>\n\t\t<\/div>\n\t\t\t\t\t<\/div>\n\t\t<\/section>\n\t\t\t\t<\/div>\n\t\t","protected":false},"excerpt":{"rendered":"<p>Mi\u0119dzynarodowy certyfikat z og\u00f3lnego j\u0119zyka angielskiego dla os\u00f3b na pocz\u0105tkowych poziomach zaawansowania. Jest to pisemny test z rozumienia tekstu s\u0142uchanego i czytanego przeznaczony dla os\u00f3b na poziomach od pocz\u0105tkowego A1 do \u015bredniozaawansowanego B1, wg Europejskiego Systemu Opisu Kszta\u0142cenia J\u0119zykowego (CEFR). Pozwala obiektywnie zmierzy\u0107 efekty dotychczasowej nauki i motywuje do dalszego rozwijania umiej\u0119tno\u015bci. JU\u017b TERAZ ZAPISZ&#8230;<\/p>\n","protected":false},"author":1,"featured_media":0,"parent":0,"menu_order":0,"comment_status":"closed","ping_status":"closed","template":"","meta":{"footnotes":""},"class_list":["post-1293","page","type-page","status-publish","hentry"],"yoast_head":"<!-- This site is optimized with the Yoast SEO plugin v26.9 - https:\/\/yoast.com\/product\/yoast-seo-wordpress\/ -->\n<title>TOEIC Bridge - Akademia Zdrowia Kielce<\/title>\n<meta name=\"robots\" content=\"index, follow, max-snippet:-1, max-image-preview:large, max-video-preview:-1\" \/>\n<link rel=\"canonical\" href=\"https:\/\/akademia-zdrowia.pl\/kielce\/toeic-bridge\/\" \/>\n<meta property=\"og:locale\" content=\"pl_PL\" \/>\n<meta property=\"og:type\" content=\"article\" \/>\n<meta property=\"og:title\" content=\"TOEIC Bridge - Akademia Zdrowia Kielce\" \/>\n<meta property=\"og:description\" content=\"Mi\u0119dzynarodowy certyfikat z og\u00f3lnego j\u0119zyka angielskiego dla os\u00f3b na pocz\u0105tkowych poziomach zaawansowania. Jest to pisemny test z rozumienia tekstu s\u0142uchanego i czytanego przeznaczony dla os\u00f3b na poziomach od pocz\u0105tkowego A1 do \u015bredniozaawansowanego B1, wg Europejskiego Systemu Opisu Kszta\u0142cenia J\u0119zykowego (CEFR). Pozwala obiektywnie zmierzy\u0107 efekty dotychczasowej nauki i motywuje do dalszego rozwijania umiej\u0119tno\u015bci. JU\u017b TERAZ ZAPISZ...\" \/>\n<meta property=\"og:url\" content=\"https:\/\/akademia-zdrowia.pl\/kielce\/toeic-bridge\/\" \/>\n<meta property=\"og:site_name\" content=\"Akademia Zdrowia Kielce\" \/>\n<meta property=\"article:modified_time\" content=\"2021-11-12T11:54:26+00:00\" \/>\n<meta name=\"twitter:card\" content=\"summary_large_image\" \/>\n<meta name=\"twitter:label1\" content=\"Szacowany czas czytania\" \/>\n\t<meta name=\"twitter:data1\" content=\"1 minuta\" \/>\n<script type=\"application\/ld+json\" class=\"yoast-schema-graph\">{\"@context\":\"https:\/\/schema.org\",\"@graph\":[{\"@type\":\"WebPage\",\"@id\":\"https:\/\/akademia-zdrowia.pl\/kielce\/toeic-bridge\/\",\"url\":\"https:\/\/akademia-zdrowia.pl\/kielce\/toeic-bridge\/\",\"name\":\"TOEIC Bridge - Akademia Zdrowia Kielce\",\"isPartOf\":{\"@id\":\"https:\/\/akademia-zdrowia.pl\/kielce\/#website\"},\"datePublished\":\"2019-01-31T16:20:44+00:00\",\"dateModified\":\"2021-11-12T11:54:26+00:00\",\"breadcrumb\":{\"@id\":\"https:\/\/akademia-zdrowia.pl\/kielce\/toeic-bridge\/#breadcrumb\"},\"inLanguage\":\"pl-PL\",\"potentialAction\":[{\"@type\":\"ReadAction\",\"target\":[\"https:\/\/akademia-zdrowia.pl\/kielce\/toeic-bridge\/\"]}]},{\"@type\":\"BreadcrumbList\",\"@id\":\"https:\/\/akademia-zdrowia.pl\/kielce\/toeic-bridge\/#breadcrumb\",\"itemListElement\":[{\"@type\":\"ListItem\",\"position\":1,\"name\":\"Strona g\u0142\u00f3wna\",\"item\":\"https:\/\/akademia-zdrowia.pl\/kielce\/\"},{\"@type\":\"ListItem\",\"position\":2,\"name\":\"TOEIC Bridge\"}]},{\"@type\":\"WebSite\",\"@id\":\"https:\/\/akademia-zdrowia.pl\/kielce\/#website\",\"url\":\"https:\/\/akademia-zdrowia.pl\/kielce\/\",\"name\":\"Akademia Zdrowia Kielce\",\"description\":\"Kolejna witryna oparta na WordPressie\",\"potentialAction\":[{\"@type\":\"SearchAction\",\"target\":{\"@type\":\"EntryPoint\",\"urlTemplate\":\"https:\/\/akademia-zdrowia.pl\/kielce\/?s={search_term_string}\"},\"query-input\":{\"@type\":\"PropertyValueSpecification\",\"valueRequired\":true,\"valueName\":\"search_term_string\"}}],\"inLanguage\":\"pl-PL\"}]}<\/script>\n<!-- \/ Yoast SEO plugin. -->","yoast_head_json":{"title":"TOEIC Bridge - Akademia Zdrowia Kielce","robots":{"index":"index","follow":"follow","max-snippet":"max-snippet:-1","max-image-preview":"max-image-preview:large","max-video-preview":"max-video-preview:-1"},"canonical":"https:\/\/akademia-zdrowia.pl\/kielce\/toeic-bridge\/","og_locale":"pl_PL","og_type":"article","og_title":"TOEIC Bridge - Akademia Zdrowia Kielce","og_description":"Mi\u0119dzynarodowy certyfikat z og\u00f3lnego j\u0119zyka angielskiego dla os\u00f3b na pocz\u0105tkowych poziomach zaawansowania. Jest to pisemny test z rozumienia tekstu s\u0142uchanego i czytanego przeznaczony dla os\u00f3b na poziomach od pocz\u0105tkowego A1 do \u015bredniozaawansowanego B1, wg Europejskiego Systemu Opisu Kszta\u0142cenia J\u0119zykowego (CEFR). Pozwala obiektywnie zmierzy\u0107 efekty dotychczasowej nauki i motywuje do dalszego rozwijania umiej\u0119tno\u015bci. JU\u017b TERAZ ZAPISZ...","og_url":"https:\/\/akademia-zdrowia.pl\/kielce\/toeic-bridge\/","og_site_name":"Akademia Zdrowia Kielce","article_modified_time":"2021-11-12T11:54:26+00:00","twitter_card":"summary_large_image","twitter_misc":{"Szacowany czas czytania":"1 minuta"},"schema":{"@context":"https:\/\/schema.org","@graph":[{"@type":"WebPage","@id":"https:\/\/akademia-zdrowia.pl\/kielce\/toeic-bridge\/","url":"https:\/\/akademia-zdrowia.pl\/kielce\/toeic-bridge\/","name":"TOEIC Bridge - Akademia Zdrowia Kielce","isPartOf":{"@id":"https:\/\/akademia-zdrowia.pl\/kielce\/#website"},"datePublished":"2019-01-31T16:20:44+00:00","dateModified":"2021-11-12T11:54:26+00:00","breadcrumb":{"@id":"https:\/\/akademia-zdrowia.pl\/kielce\/toeic-bridge\/#breadcrumb"},"inLanguage":"pl-PL","potentialAction":[{"@type":"ReadAction","target":["https:\/\/akademia-zdrowia.pl\/kielce\/toeic-bridge\/"]}]},{"@type":"BreadcrumbList","@id":"https:\/\/akademia-zdrowia.pl\/kielce\/toeic-bridge\/#breadcrumb","itemListElement":[{"@type":"ListItem","position":1,"name":"Strona g\u0142\u00f3wna","item":"https:\/\/akademia-zdrowia.pl\/kielce\/"},{"@type":"ListItem","position":2,"name":"TOEIC Bridge"}]},{"@type":"WebSite","@id":"https:\/\/akademia-zdrowia.pl\/kielce\/#website","url":"https:\/\/akademia-zdrowia.pl\/kielce\/","name":"Akademia Zdrowia Kielce","description":"Kolejna witryna oparta na WordPressie","potentialAction":[{"@type":"SearchAction","target":{"@type":"EntryPoint","urlTemplate":"https:\/\/akademia-zdrowia.pl\/kielce\/?s={search_term_string}"},"query-input":{"@type":"PropertyValueSpecification","valueRequired":true,"valueName":"search_term_string"}}],"inLanguage":"pl-PL"}]}},"_links":{"self":[{"href":"https:\/\/akademia-zdrowia.pl\/kielce\/wp-json\/wp\/v2\/pages\/1293","targetHints":{"allow":["GET"]}}],"collection":[{"href":"https:\/\/akademia-zdrowia.pl\/kielce\/wp-json\/wp\/v2\/pages"}],"about":[{"href":"https:\/\/akademia-zdrowia.pl\/kielce\/wp-json\/wp\/v2\/types\/page"}],"author":[{"embeddable":true,"href":"https:\/\/akademia-zdrowia.pl\/kielce\/wp-json\/wp\/v2\/users\/1"}],"replies":[{"embeddable":true,"href":"https:\/\/akademia-zdrowia.pl\/kielce\/wp-json\/wp\/v2\/comments?post=1293"}],"version-history":[{"count":6,"href":"https:\/\/akademia-zdrowia.pl\/kielce\/wp-json\/wp\/v2\/pages\/1293\/revisions"}],"predecessor-version":[{"id":2831,"href":"https:\/\/akademia-zdrowia.pl\/kielce\/wp-json\/wp\/v2\/pages\/1293\/revisions\/2831"}],"wp:attachment":[{"href":"https:\/\/akademia-zdrowia.pl\/kielce\/wp-json\/wp\/v2\/media?parent=1293"}],"curies":[{"name":"wp","href":"https:\/\/api.w.org\/{rel}","templated":true}]}}