{"id":437,"date":"2018-01-10T11:50:12","date_gmt":"2018-01-10T10:50:12","guid":{"rendered":"http:\/\/www.akademia-zdrowia.pl\/lodz\/?page_id=437"},"modified":"2022-11-25T10:35:05","modified_gmt":"2022-11-25T09:35:05","slug":"zywienie-dojelitowe-i-pozajelitowe","status":"publish","type":"page","link":"https:\/\/akademia-zdrowia.pl\/kielce\/oferta-szkoleniowa\/ksztalcenie-pielegniarek-i-poloznych\/kursy-specjalistyczne\/zywienie-dojelitowe-i-pozajelitowe\/","title":{"rendered":"\u017bywienie dojelitowe i pozajelitowe"},"content":{"rendered":"\t\t<div data-elementor-type=\"wp-page\" data-elementor-id=\"437\" class=\"elementor elementor-437\" data-elementor-post-type=\"page\">\n\t\t\t\t\t\t<section class=\"elementor-section elementor-top-section elementor-element elementor-element-5ca1fcb elementor-section-boxed elementor-section-height-default elementor-section-height-default\" data-id=\"5ca1fcb\" data-element_type=\"section\" data-e-type=\"section\">\n\t\t\t\t\t\t<div class=\"elementor-container elementor-column-gap-default\">\n\t\t\t\t\t<div class=\"elementor-column elementor-col-100 elementor-top-column elementor-element elementor-element-9fd5e54\" data-id=\"9fd5e54\" data-element_type=\"column\" data-e-type=\"column\">\n\t\t\t<div class=\"elementor-widget-wrap elementor-element-populated\">\n\t\t\t\t\t\t<div class=\"elementor-element elementor-element-072fcbd elementor-widget elementor-widget-text-editor\" data-id=\"072fcbd\" data-element_type=\"widget\" data-e-type=\"widget\" data-widget_type=\"text-editor.default\">\n\t\t\t\t<div class=\"elementor-widget-container\">\n\t\t\t\t\t\t\t\t\t<p><strong>Rodzaj kszta\u0142cenia<\/strong><\/p><p>Kurs specjalistyczny jest to\u00a0 \u00a0rodzaj\u00a0 \u00a0kszta\u0142cenia,\u00a0 \u00a0kt\u00f3ry\u00a0 \u00a0zgodnie\u00a0 \u00a0z\u00a0 \u00a0ustaw\u0105\u00a0 \u00a0z\u00a0 \u00a0dnia 15 lipca 2011 r. <em>o zawodach piel\u0119gniarki i po\u0142o\u017cnej <\/em>(Dz. U. z 2014 r., poz. 1435, z p\u00f3\u017an. zm.) ma na celu uzyskanie przez piel\u0119gniark\u0119 lub po\u0142o\u017cn\u0105 wiedzy i umiej\u0119tno\u015bci do wykonywania okre\u015blonych czynno\u015bci zawodowych przy udzielaniu \u015bwiadcze\u0144 piel\u0119gnacyjnych, zapobiegawczych, diagnostycznych, leczniczych lub rehabilitacyjnych.<\/p><p><strong>Cel kszta\u0142cenia<\/strong><\/p><p>Przygotowanie piel\u0119gniarki do samodzielnego udzielania \u015bwiadcze\u0144 zdrowotnych w zakresie opieki\u00a0\u00a0 nad\u00a0\u00a0 chorym\u00a0\u00a0 doros\u0142ym\u00a0\u00a0 i\u00a0\u00a0 dzieckiem\u00a0\u00a0 z\u00a0\u00a0 zastosowanym\u00a0\u00a0 \u017cywieniem\u00a0\u00a0 dojelitowym i pozajelitowym.<\/p><p><strong>Czas trwania kszta\u0142cenia<\/strong><\/p><p>\u0141\u0105czna liczba godzin przeznaczonych na realizacj\u0119 programu kursu specjalistycznego w kontakcie z wyk\u0142adowc\u0105\/opiekunem sta\u017cu wynosi <strong>200 <\/strong>godzin dydaktycznych:<\/p><p>zaj\u0119cia teoretyczne\u2013<strong>90 <\/strong>godzin, zaj\u0119cia praktyczne\u2013<strong>110 <\/strong>godzin.<\/p><p><em>Organizator kszta\u0142cenia w porozumieniu z kierownikiem kursu, ma prawo dokona\u0107 modyfikacji czasu trwania zaj\u0119\u0107 teoretycznych. Oznacza to, \u017ce 90% \u0142\u0105cznej liczby godzin przeznaczonych na realizacj\u0119 programu nie podlega zmianie. Wskazane 10%, <strong>co stanowi nie wi\u0119cej ni\u017c 20 godzin, mo\u017ce by\u0107 wykorzystane na samokszta\u0142cenie.<\/strong><\/em><\/p>\t\t\t\t\t\t\t\t<\/div>\n\t\t\t\t<\/div>\n\t\t\t\t\t<\/div>\n\t\t<\/div>\n\t\t\t\t\t<\/div>\n\t\t<\/section>\n\t\t\t\t<section class=\"elementor-section elementor-top-section elementor-element elementor-element-98c625c elementor-section-boxed elementor-section-height-default elementor-section-height-default\" data-id=\"98c625c\" data-element_type=\"section\" data-e-type=\"section\">\n\t\t\t\t\t\t<div class=\"elementor-container elementor-column-gap-default\">\n\t\t\t\t\t<div class=\"elementor-column elementor-col-100 elementor-top-column elementor-element elementor-element-0701811\" data-id=\"0701811\" data-element_type=\"column\" data-e-type=\"column\">\n\t\t\t<div class=\"elementor-widget-wrap elementor-element-populated\">\n\t\t\t\t\t\t<div class=\"elementor-element elementor-element-52140ea elementor-widget elementor-widget-text-editor\" data-id=\"52140ea\" data-element_type=\"widget\" data-e-type=\"widget\" data-widget_type=\"text-editor.default\">\n\t\t\t\t<div class=\"elementor-widget-container\">\n\t\t\t\t\t\t\t\t\t<p><strong>PLAN NAUCZANIA<\/strong><\/p>\n<table width=\"634\">\n<tbody>\n<tr>\n<td>\n<p><strong>&nbsp;<\/strong><\/p>\n<p><strong>Lp.<\/strong><\/p>\n<\/td>\n<td>\n<p><strong>&nbsp;<\/strong><\/p>\n<p><strong>Nazwa modu\u0142u<\/strong><\/p>\n<\/td>\n<td>\n<p><strong>Liczba godzin teorii<\/strong><\/p>\n<\/td>\n<td>\n<p><strong>&nbsp;<\/strong><\/p>\n<p><strong>Miejsce realizacji sta\u017cu<\/strong><\/p>\n<\/td>\n<td>\n<p><strong>Liczba godzin sta\u017cu<\/strong><\/p>\n<\/td>\n<td>\n<p><strong>\u0141\u0105czna liczba godzin kontaktowych<\/strong><\/p>\n<\/td>\n<\/tr>\n<tr>\n<td>\n<p><strong>&nbsp;<\/strong><\/p>\n<p><strong>I<\/strong><\/p>\n<\/td>\n<td>\n<p>Ocena stanu od\u017cywienia<\/p>\n<\/td>\n<td>\n<p><strong>&nbsp;<\/strong><\/p>\n<p>15<\/p>\n<\/td>\n<td>\n<p>Oddzia\u0142 chor\u00f3b wewn\u0119trznych; Oddzia\u0142 geriatryczny; Oddzia\u0142 chirurgiczny og\u00f3lny<\/p>\n<\/td>\n<td>\n<p><strong>&nbsp;<\/strong><\/p>\n<p>20<\/p>\n<\/td>\n<td>\n<p><strong>&nbsp;<\/strong><\/p>\n<p><strong>35<\/strong><\/p>\n<\/td>\n<\/tr>\n<tr>\n<td>\n<p><strong>&nbsp;<\/strong><\/p>\n<p><strong>&nbsp;<\/strong><\/p>\n<p><strong>II<\/strong><\/p>\n<\/td>\n<td>\n<p>Organizacja i aspekty prawne \u017cywienia dojelitowego<\/p>\n<p>i pozajelitowego<\/p>\n<\/td>\n<td>\n<p><strong>&nbsp;<\/strong><\/p>\n<p><strong>&nbsp;<\/strong><\/p>\n<p>10<\/p>\n<\/td>\n<td>\n<p><strong>&nbsp;<\/strong><\/p>\n<p><strong>&nbsp;<\/strong><\/p>\n<p>&#8211;<\/p>\n<\/td>\n<td>\n<p><strong>&nbsp;<\/strong><\/p>\n<p><strong>&nbsp;<\/strong><\/p>\n<p>&#8211;<\/p>\n<\/td>\n<td>\n<p><strong>&nbsp;<\/strong><\/p>\n<p><strong>&nbsp;<\/strong><\/p>\n<p><strong>10<\/strong><\/p>\n<\/td>\n<\/tr>\n<tr>\n<td>\n<p><strong>&nbsp;<\/strong><\/p>\n<p><strong>&nbsp;<\/strong><\/p>\n<p><strong>III<\/strong><\/p>\n<\/td>\n<td>\n<p><strong>&nbsp;<\/strong><\/p>\n<p>Opieka nad chorym z \u017cywieniem dojelitowym<\/p>\n<\/td>\n<td>\n<p><strong>&nbsp;<\/strong><\/p>\n<p><strong>&nbsp;<\/strong><\/p>\n<p>25<\/p>\n<\/td>\n<td>\n<p>Oddzia\u0142 neurologiczny; Zak\u0142ad opieku\u0144czo-leczniczy; Oddzia\u0142 intensywnej opieki medycznej; Oddzia\u0142 geriatryczny; Oddzia\u0142 medycyny paliatywnej<\/p>\n<\/td>\n<td>\n<p><strong>&nbsp;<\/strong><\/p>\n<p><strong>&nbsp;<\/strong><\/p>\n<p>30<\/p>\n<\/td>\n<td>\n<p><strong>&nbsp;<\/strong><\/p>\n<p><strong>&nbsp;<\/strong><\/p>\n<p><strong>55<\/strong><\/p>\n<\/td>\n<\/tr>\n<tr>\n<td>\n<p><strong>&nbsp;<\/strong><\/p>\n<p><strong>IV<\/strong><\/p>\n<\/td>\n<td>\n<p>Opieka nad chorym z \u017cywieniem pozajelitowym<\/p>\n<\/td>\n<td>\n<p><strong>&nbsp;<\/strong><\/p>\n<p>20<\/p>\n<\/td>\n<td>\n<p>Oddzia\u0142 intensywnej opieki medycznej; Oddzia\u0142 chirurgiczny og\u00f3lny<\/p>\n<\/td>\n<td>\n<p><strong>&nbsp;<\/strong><\/p>\n<p>30<\/p>\n<\/td>\n<td>\n<p><strong>&nbsp;<\/strong><\/p>\n<p><strong>50<\/strong><\/p>\n<\/td>\n<\/tr>\n<tr>\n<td>\n<p><strong>&nbsp;<\/strong><\/p>\n<p><strong>&nbsp;<\/strong><\/p>\n<p><strong>V<\/strong><\/p>\n<\/td>\n<td>\n<p>Specyfika \u017cywienia dojelitowego<\/p>\n<p>i pozajelitowego u dzieci<\/p>\n<\/td>\n<td>\n<p><strong>&nbsp;<\/strong><\/p>\n<p><strong>&nbsp;<\/strong><\/p>\n<p>20<\/p>\n<\/td>\n<td>\n<p>Poradnia \u017cywieniowa dla dzieci; Oddzia\u0142 leczenia \u017cywieniowego dla dzieci; Oddzia\u0142 intensywnej opieki medycznej dla dzieci<\/p>\n<\/td>\n<td>\n<p><strong>&nbsp;<\/strong><\/p>\n<p><strong>&nbsp;<\/strong><\/p>\n<p>30<\/p>\n<\/td>\n<td>\n<p><strong>&nbsp;<\/strong><\/p>\n<p><strong>&nbsp;<\/strong><\/p>\n<p><strong>50<\/strong><\/p>\n<\/td>\n<\/tr>\n<tr>\n<td colspan=\"2\">\n<p><strong>\u0141\u0105cznie<\/strong><\/p>\n<\/td>\n<td>\n<p><strong>90<\/strong><\/p>\n<\/td>\n<td>\n<\/td>\n<td>\n<p><strong>110<\/strong><\/p>\n<\/td>\n<td>\n<p><strong>200*<\/strong><\/p>\n<\/td>\n<\/tr>\n<\/tbody>\n<\/table>\t\t\t\t\t\t\t\t<\/div>\n\t\t\t\t<\/div>\n\t\t\t\t\t<\/div>\n\t\t<\/div>\n\t\t\t\t\t<\/div>\n\t\t<\/section>\n\t\t\t\t<section class=\"elementor-section elementor-top-section elementor-element elementor-element-d4cb172 elementor-section-boxed elementor-section-height-default elementor-section-height-default\" data-id=\"d4cb172\" data-element_type=\"section\" data-e-type=\"section\">\n\t\t\t\t\t\t<div class=\"elementor-container elementor-column-gap-default\">\n\t\t\t\t\t<div class=\"elementor-column elementor-col-50 elementor-top-column elementor-element elementor-element-4e992f8\" data-id=\"4e992f8\" data-element_type=\"column\" data-e-type=\"column\">\n\t\t\t<div class=\"elementor-widget-wrap elementor-element-populated\">\n\t\t\t\t\t\t<div class=\"elementor-element elementor-element-d8e63c0 elementor-align-left elementor-widget elementor-widget-button\" data-id=\"d8e63c0\" data-element_type=\"widget\" data-e-type=\"widget\" data-widget_type=\"button.default\">\n\t\t\t\t<div class=\"elementor-widget-container\">\n\t\t\t\t\t\t\t\t\t<div class=\"elementor-button-wrapper\">\n\t\t\t\t\t<a class=\"elementor-button elementor-button-link elementor-size-lg\" href=\"https:\/\/akademia-zdrowia.pl\/kielce\/wp-content\/uploads\/2022\/11\/Kurs-spec.-Zywienie-dojelitowe-i-pozajelitowe.pdf\">\n\t\t\t\t\t\t<span class=\"elementor-button-content-wrapper\">\n\t\t\t\t\t\t\t\t\t<span class=\"elementor-button-text\">PROGRAM<\/span>\n\t\t\t\t\t<\/span>\n\t\t\t\t\t<\/a>\n\t\t\t\t<\/div>\n\t\t\t\t\t\t\t\t<\/div>\n\t\t\t\t<\/div>\n\t\t\t\t\t<\/div>\n\t\t<\/div>\n\t\t\t\t<div class=\"elementor-column elementor-col-50 elementor-top-column elementor-element elementor-element-7163e44\" data-id=\"7163e44\" data-element_type=\"column\" data-e-type=\"column\">\n\t\t\t<div class=\"elementor-widget-wrap elementor-element-populated\">\n\t\t\t\t\t\t<div class=\"elementor-element elementor-element-7fd6f28 elementor-align-left elementor-widget elementor-widget-button\" data-id=\"7fd6f28\" data-element_type=\"widget\" data-e-type=\"widget\" data-widget_type=\"button.default\">\n\t\t\t\t<div class=\"elementor-widget-container\">\n\t\t\t\t\t\t\t\t\t<div class=\"elementor-button-wrapper\">\n\t\t\t\t\t<a class=\"elementor-button elementor-button-link elementor-size-lg\" href=\"https:\/\/smk.ezdrowie.gov.pl\/login.jsp\">\n\t\t\t\t\t\t<span class=\"elementor-button-content-wrapper\">\n\t\t\t\t\t\t\t\t\t<span class=\"elementor-button-text\">ZAPISZ SI\u0118!<\/span>\n\t\t\t\t\t<\/span>\n\t\t\t\t\t<\/a>\n\t\t\t\t<\/div>\n\t\t\t\t\t\t\t\t<\/div>\n\t\t\t\t<\/div>\n\t\t\t\t\t<\/div>\n\t\t<\/div>\n\t\t\t\t\t<\/div>\n\t\t<\/section>\n\t\t\t\t<\/div>\n\t\t","protected":false},"excerpt":{"rendered":"<p>Rodzaj kszta\u0142cenia Kurs specjalistyczny jest to\u00a0 \u00a0rodzaj\u00a0 \u00a0kszta\u0142cenia,\u00a0 \u00a0kt\u00f3ry\u00a0 \u00a0zgodnie\u00a0 \u00a0z\u00a0 \u00a0ustaw\u0105\u00a0 \u00a0z\u00a0 \u00a0dnia 15 lipca 2011 r. o zawodach piel\u0119gniarki i po\u0142o\u017cnej (Dz. U. z 2014 r., poz. 1435, z p\u00f3\u017an. zm.) ma na celu uzyskanie przez piel\u0119gniark\u0119 lub po\u0142o\u017cn\u0105 wiedzy i umiej\u0119tno\u015bci do wykonywania okre\u015blonych czynno\u015bci zawodowych przy udzielaniu \u015bwiadcze\u0144 piel\u0119gnacyjnych, zapobiegawczych, diagnostycznych,&#8230;<\/p>\n","protected":false},"author":1,"featured_media":0,"parent":397,"menu_order":0,"comment_status":"closed","ping_status":"closed","template":"","meta":{"footnotes":""},"class_list":["post-437","page","type-page","status-publish","hentry"],"yoast_head":"<!-- This site is optimized with the Yoast SEO plugin v26.9 - https:\/\/yoast.com\/product\/yoast-seo-wordpress\/ -->\n<title>\u017bywienie dojelitowe i pozajelitowe - Akademia Zdrowia Kielce<\/title>\n<meta name=\"robots\" content=\"index, follow, max-snippet:-1, max-image-preview:large, max-video-preview:-1\" \/>\n<link rel=\"canonical\" href=\"https:\/\/akademia-zdrowia.pl\/kielce\/oferta-szkoleniowa\/ksztalcenie-pielegniarek-i-poloznych\/kursy-specjalistyczne\/zywienie-dojelitowe-i-pozajelitowe\/\" \/>\n<meta property=\"og:locale\" content=\"pl_PL\" \/>\n<meta property=\"og:type\" content=\"article\" \/>\n<meta property=\"og:title\" content=\"\u017bywienie dojelitowe i pozajelitowe - Akademia Zdrowia Kielce\" \/>\n<meta property=\"og:description\" content=\"Rodzaj kszta\u0142cenia Kurs specjalistyczny jest to\u00a0 \u00a0rodzaj\u00a0 \u00a0kszta\u0142cenia,\u00a0 \u00a0kt\u00f3ry\u00a0 \u00a0zgodnie\u00a0 \u00a0z\u00a0 \u00a0ustaw\u0105\u00a0 \u00a0z\u00a0 \u00a0dnia 15 lipca 2011 r. o zawodach piel\u0119gniarki i po\u0142o\u017cnej (Dz. U. z 2014 r., poz. 1435, z p\u00f3\u017an. zm.) ma na celu uzyskanie przez piel\u0119gniark\u0119 lub po\u0142o\u017cn\u0105 wiedzy i umiej\u0119tno\u015bci do wykonywania okre\u015blonych czynno\u015bci zawodowych przy udzielaniu \u015bwiadcze\u0144 piel\u0119gnacyjnych, zapobiegawczych, diagnostycznych,...\" \/>\n<meta property=\"og:url\" content=\"https:\/\/akademia-zdrowia.pl\/kielce\/oferta-szkoleniowa\/ksztalcenie-pielegniarek-i-poloznych\/kursy-specjalistyczne\/zywienie-dojelitowe-i-pozajelitowe\/\" \/>\n<meta property=\"og:site_name\" content=\"Akademia Zdrowia Kielce\" \/>\n<meta property=\"article:modified_time\" content=\"2022-11-25T09:35:05+00:00\" \/>\n<meta name=\"twitter:card\" content=\"summary_large_image\" \/>\n<meta name=\"twitter:label1\" content=\"Szacowany czas czytania\" \/>\n\t<meta name=\"twitter:data1\" content=\"2 minuty\" \/>\n<script type=\"application\/ld+json\" class=\"yoast-schema-graph\">{\"@context\":\"https:\/\/schema.org\",\"@graph\":[{\"@type\":\"WebPage\",\"@id\":\"https:\/\/akademia-zdrowia.pl\/kielce\/oferta-szkoleniowa\/ksztalcenie-pielegniarek-i-poloznych\/kursy-specjalistyczne\/zywienie-dojelitowe-i-pozajelitowe\/\",\"url\":\"https:\/\/akademia-zdrowia.pl\/kielce\/oferta-szkoleniowa\/ksztalcenie-pielegniarek-i-poloznych\/kursy-specjalistyczne\/zywienie-dojelitowe-i-pozajelitowe\/\",\"name\":\"\u017bywienie dojelitowe i pozajelitowe - Akademia Zdrowia Kielce\",\"isPartOf\":{\"@id\":\"https:\/\/akademia-zdrowia.pl\/kielce\/#website\"},\"datePublished\":\"2018-01-10T10:50:12+00:00\",\"dateModified\":\"2022-11-25T09:35:05+00:00\",\"breadcrumb\":{\"@id\":\"https:\/\/akademia-zdrowia.pl\/kielce\/oferta-szkoleniowa\/ksztalcenie-pielegniarek-i-poloznych\/kursy-specjalistyczne\/zywienie-dojelitowe-i-pozajelitowe\/#breadcrumb\"},\"inLanguage\":\"pl-PL\",\"potentialAction\":[{\"@type\":\"ReadAction\",\"target\":[\"https:\/\/akademia-zdrowia.pl\/kielce\/oferta-szkoleniowa\/ksztalcenie-pielegniarek-i-poloznych\/kursy-specjalistyczne\/zywienie-dojelitowe-i-pozajelitowe\/\"]}]},{\"@type\":\"BreadcrumbList\",\"@id\":\"https:\/\/akademia-zdrowia.pl\/kielce\/oferta-szkoleniowa\/ksztalcenie-pielegniarek-i-poloznych\/kursy-specjalistyczne\/zywienie-dojelitowe-i-pozajelitowe\/#breadcrumb\",\"itemListElement\":[{\"@type\":\"ListItem\",\"position\":1,\"name\":\"Strona g\u0142\u00f3wna\",\"item\":\"https:\/\/akademia-zdrowia.pl\/kielce\/\"},{\"@type\":\"ListItem\",\"position\":2,\"name\":\"Oferta szkoleniowa\",\"item\":\"https:\/\/akademia-zdrowia.pl\/kielce\/oferta-szkoleniowa\/\"},{\"@type\":\"ListItem\",\"position\":3,\"name\":\"Kszta\u0142cenie piel\u0119gniarek i po\u0142o\u017cnych\",\"item\":\"https:\/\/akademia-zdrowia.pl\/kielce\/oferta-szkoleniowa\/ksztalcenie-pielegniarek-i-poloznych\/\"},{\"@type\":\"ListItem\",\"position\":4,\"name\":\"Kursy specjalistyczne\",\"item\":\"https:\/\/akademia-zdrowia.pl\/kielce\/oferta-szkoleniowa\/ksztalcenie-pielegniarek-i-poloznych\/kursy-specjalistyczne\/\"},{\"@type\":\"ListItem\",\"position\":5,\"name\":\"\u017bywienie dojelitowe i pozajelitowe\"}]},{\"@type\":\"WebSite\",\"@id\":\"https:\/\/akademia-zdrowia.pl\/kielce\/#website\",\"url\":\"https:\/\/akademia-zdrowia.pl\/kielce\/\",\"name\":\"Akademia Zdrowia Kielce\",\"description\":\"Kolejna witryna oparta na WordPressie\",\"potentialAction\":[{\"@type\":\"SearchAction\",\"target\":{\"@type\":\"EntryPoint\",\"urlTemplate\":\"https:\/\/akademia-zdrowia.pl\/kielce\/?s={search_term_string}\"},\"query-input\":{\"@type\":\"PropertyValueSpecification\",\"valueRequired\":true,\"valueName\":\"search_term_string\"}}],\"inLanguage\":\"pl-PL\"}]}<\/script>\n<!-- \/ Yoast SEO plugin. -->","yoast_head_json":{"title":"\u017bywienie dojelitowe i pozajelitowe - Akademia Zdrowia Kielce","robots":{"index":"index","follow":"follow","max-snippet":"max-snippet:-1","max-image-preview":"max-image-preview:large","max-video-preview":"max-video-preview:-1"},"canonical":"https:\/\/akademia-zdrowia.pl\/kielce\/oferta-szkoleniowa\/ksztalcenie-pielegniarek-i-poloznych\/kursy-specjalistyczne\/zywienie-dojelitowe-i-pozajelitowe\/","og_locale":"pl_PL","og_type":"article","og_title":"\u017bywienie dojelitowe i pozajelitowe - Akademia Zdrowia Kielce","og_description":"Rodzaj kszta\u0142cenia Kurs specjalistyczny jest to\u00a0 \u00a0rodzaj\u00a0 \u00a0kszta\u0142cenia,\u00a0 \u00a0kt\u00f3ry\u00a0 \u00a0zgodnie\u00a0 \u00a0z\u00a0 \u00a0ustaw\u0105\u00a0 \u00a0z\u00a0 \u00a0dnia 15 lipca 2011 r. o zawodach piel\u0119gniarki i po\u0142o\u017cnej (Dz. U. z 2014 r., poz. 1435, z p\u00f3\u017an. zm.) ma na celu uzyskanie przez piel\u0119gniark\u0119 lub po\u0142o\u017cn\u0105 wiedzy i umiej\u0119tno\u015bci do wykonywania okre\u015blonych czynno\u015bci zawodowych przy udzielaniu \u015bwiadcze\u0144 piel\u0119gnacyjnych, zapobiegawczych, diagnostycznych,...","og_url":"https:\/\/akademia-zdrowia.pl\/kielce\/oferta-szkoleniowa\/ksztalcenie-pielegniarek-i-poloznych\/kursy-specjalistyczne\/zywienie-dojelitowe-i-pozajelitowe\/","og_site_name":"Akademia Zdrowia Kielce","article_modified_time":"2022-11-25T09:35:05+00:00","twitter_card":"summary_large_image","twitter_misc":{"Szacowany czas czytania":"2 minuty"},"schema":{"@context":"https:\/\/schema.org","@graph":[{"@type":"WebPage","@id":"https:\/\/akademia-zdrowia.pl\/kielce\/oferta-szkoleniowa\/ksztalcenie-pielegniarek-i-poloznych\/kursy-specjalistyczne\/zywienie-dojelitowe-i-pozajelitowe\/","url":"https:\/\/akademia-zdrowia.pl\/kielce\/oferta-szkoleniowa\/ksztalcenie-pielegniarek-i-poloznych\/kursy-specjalistyczne\/zywienie-dojelitowe-i-pozajelitowe\/","name":"\u017bywienie dojelitowe i pozajelitowe - Akademia Zdrowia Kielce","isPartOf":{"@id":"https:\/\/akademia-zdrowia.pl\/kielce\/#website"},"datePublished":"2018-01-10T10:50:12+00:00","dateModified":"2022-11-25T09:35:05+00:00","breadcrumb":{"@id":"https:\/\/akademia-zdrowia.pl\/kielce\/oferta-szkoleniowa\/ksztalcenie-pielegniarek-i-poloznych\/kursy-specjalistyczne\/zywienie-dojelitowe-i-pozajelitowe\/#breadcrumb"},"inLanguage":"pl-PL","potentialAction":[{"@type":"ReadAction","target":["https:\/\/akademia-zdrowia.pl\/kielce\/oferta-szkoleniowa\/ksztalcenie-pielegniarek-i-poloznych\/kursy-specjalistyczne\/zywienie-dojelitowe-i-pozajelitowe\/"]}]},{"@type":"BreadcrumbList","@id":"https:\/\/akademia-zdrowia.pl\/kielce\/oferta-szkoleniowa\/ksztalcenie-pielegniarek-i-poloznych\/kursy-specjalistyczne\/zywienie-dojelitowe-i-pozajelitowe\/#breadcrumb","itemListElement":[{"@type":"ListItem","position":1,"name":"Strona g\u0142\u00f3wna","item":"https:\/\/akademia-zdrowia.pl\/kielce\/"},{"@type":"ListItem","position":2,"name":"Oferta szkoleniowa","item":"https:\/\/akademia-zdrowia.pl\/kielce\/oferta-szkoleniowa\/"},{"@type":"ListItem","position":3,"name":"Kszta\u0142cenie piel\u0119gniarek i po\u0142o\u017cnych","item":"https:\/\/akademia-zdrowia.pl\/kielce\/oferta-szkoleniowa\/ksztalcenie-pielegniarek-i-poloznych\/"},{"@type":"ListItem","position":4,"name":"Kursy specjalistyczne","item":"https:\/\/akademia-zdrowia.pl\/kielce\/oferta-szkoleniowa\/ksztalcenie-pielegniarek-i-poloznych\/kursy-specjalistyczne\/"},{"@type":"ListItem","position":5,"name":"\u017bywienie dojelitowe i pozajelitowe"}]},{"@type":"WebSite","@id":"https:\/\/akademia-zdrowia.pl\/kielce\/#website","url":"https:\/\/akademia-zdrowia.pl\/kielce\/","name":"Akademia Zdrowia Kielce","description":"Kolejna witryna oparta na WordPressie","potentialAction":[{"@type":"SearchAction","target":{"@type":"EntryPoint","urlTemplate":"https:\/\/akademia-zdrowia.pl\/kielce\/?s={search_term_string}"},"query-input":{"@type":"PropertyValueSpecification","valueRequired":true,"valueName":"search_term_string"}}],"inLanguage":"pl-PL"}]}},"_links":{"self":[{"href":"https:\/\/akademia-zdrowia.pl\/kielce\/wp-json\/wp\/v2\/pages\/437","targetHints":{"allow":["GET"]}}],"collection":[{"href":"https:\/\/akademia-zdrowia.pl\/kielce\/wp-json\/wp\/v2\/pages"}],"about":[{"href":"https:\/\/akademia-zdrowia.pl\/kielce\/wp-json\/wp\/v2\/types\/page"}],"author":[{"embeddable":true,"href":"https:\/\/akademia-zdrowia.pl\/kielce\/wp-json\/wp\/v2\/users\/1"}],"replies":[{"embeddable":true,"href":"https:\/\/akademia-zdrowia.pl\/kielce\/wp-json\/wp\/v2\/comments?post=437"}],"version-history":[{"count":3,"href":"https:\/\/akademia-zdrowia.pl\/kielce\/wp-json\/wp\/v2\/pages\/437\/revisions"}],"predecessor-version":[{"id":5597,"href":"https:\/\/akademia-zdrowia.pl\/kielce\/wp-json\/wp\/v2\/pages\/437\/revisions\/5597"}],"up":[{"embeddable":true,"href":"https:\/\/akademia-zdrowia.pl\/kielce\/wp-json\/wp\/v2\/pages\/397"}],"wp:attachment":[{"href":"https:\/\/akademia-zdrowia.pl\/kielce\/wp-json\/wp\/v2\/media?parent=437"}],"curies":[{"name":"wp","href":"https:\/\/api.w.org\/{rel}","templated":true}]}}