{"id":463,"date":"2018-01-10T12:06:30","date_gmt":"2018-01-10T11:06:30","guid":{"rendered":"http:\/\/www.akademia-zdrowia.pl\/lodz\/?page_id=463"},"modified":"2022-11-25T11:17:45","modified_gmt":"2022-11-25T10:17:45","slug":"resuscytacja-oddechowo-krazeniowa-noworodka","status":"publish","type":"page","link":"https:\/\/akademia-zdrowia.pl\/kielce\/oferta-szkoleniowa\/ksztalcenie-pielegniarek-i-poloznych\/kursy-specjalistyczne\/resuscytacja-oddechowo-krazeniowa-noworodka\/","title":{"rendered":"Resuscytacja oddechowo &#8211; kr\u0105\u017ceniowa noworodka"},"content":{"rendered":"\t\t<div data-elementor-type=\"wp-page\" data-elementor-id=\"463\" class=\"elementor elementor-463\" data-elementor-post-type=\"page\">\n\t\t\t\t\t\t<section class=\"elementor-section elementor-top-section elementor-element elementor-element-f55ee79 elementor-section-boxed elementor-section-height-default elementor-section-height-default\" data-id=\"f55ee79\" data-element_type=\"section\" data-e-type=\"section\">\n\t\t\t\t\t\t<div class=\"elementor-container elementor-column-gap-default\">\n\t\t\t\t\t<div class=\"elementor-column elementor-col-100 elementor-top-column elementor-element elementor-element-550e908\" data-id=\"550e908\" data-element_type=\"column\" data-e-type=\"column\">\n\t\t\t<div class=\"elementor-widget-wrap elementor-element-populated\">\n\t\t\t\t\t\t<div class=\"elementor-element elementor-element-9429846 elementor-widget elementor-widget-text-editor\" data-id=\"9429846\" data-element_type=\"widget\" data-e-type=\"widget\" data-widget_type=\"text-editor.default\">\n\t\t\t\t<div class=\"elementor-widget-container\">\n\t\t\t\t\t\t\t\t\t<p><b><i><span data-contrast=\"auto\">Kurs specjalistyczny<\/span><\/i><\/b><i><span data-contrast=\"auto\">\u202f<\/span><\/i><span data-ccp-props=\"{\">\u00a0<\/span><\/p><p><i><span data-contrast=\"auto\">&#8211; rodzaj kszta\u0142cenia, kt\u00f3ry zgodnie z art.72 ust. 1 ustawy z dnia 15 lipca 2011r. o zawodach piel\u0119gniarki i po\u0142o\u017cnej (Dz. U. z 2021 r. poz. 479 i 1559) ma na celu uzyskanie przez piel\u0119gniark\u0119 lub po\u0142o\u017cn\u0105 wiedzy i umiej\u0119tno\u015bci do wykonywania okre\u015blonych czynno\u015bci zawodowych przy udzielaniu \u015bwiadcze\u0144 piel\u0119gnacyjnych, zapobiegawczych, diagnostycznych, leczniczych lub rehabilitacyjnych.<\/span><\/i><span data-ccp-props=\"{\">\u00a0<\/span><\/p><p><em><b>Cel kszta\u0142cenia<\/b>\u00a0<\/em><\/p><p><span data-contrast=\"auto\">Przygotowanie piel\u0119gniarki, po\u0142o\u017cnej do rozpoznania stanu zagro\u017cenia \u017cycia noworodka i samodzielnego podejmowania dzia\u0142a\u0144 resuscytacyjnych w ramach kompetencji zawodowych.<\/span><span data-ccp-props=\"{\">\u00a0<\/span><\/p><p><em><b>Czas trwania kszta\u0142cenia<\/b>\u00a0<\/em><\/p><p><span data-contrast=\"auto\">\u0141\u0105czna liczba godzin przeznaczonych na realizacj\u0119 programu kursu specjalistycznego w kontakcie z wyk\u0142adowc\u0105 wynosi 57 godzin dydaktycznych, w tym:<\/span><span data-ccp-props=\"{\">\u00a0<\/span><\/p><ul><li><span data-contrast=\"auto\">zaj\u0119cia teoretyczne (wyk\u0142ady)<\/span> &#8211; <span data-contrast=\"auto\">27 godz.,<\/span><span data-ccp-props=\"{\">\u00a0<\/span><\/li><li><span data-contrast=\"auto\">\u0107wiczenia w warunkach symulowanych<\/span> &#8211; <span data-contrast=\"auto\">30 godz.<\/span><\/li><\/ul>\t\t\t\t\t\t\t\t<\/div>\n\t\t\t\t<\/div>\n\t\t\t\t\t<\/div>\n\t\t<\/div>\n\t\t\t\t\t<\/div>\n\t\t<\/section>\n\t\t\t\t<section class=\"elementor-section elementor-top-section elementor-element elementor-element-b032e54 elementor-section-boxed elementor-section-height-default elementor-section-height-default\" data-id=\"b032e54\" data-element_type=\"section\" data-e-type=\"section\">\n\t\t\t\t\t\t<div class=\"elementor-container elementor-column-gap-default\">\n\t\t\t\t\t<div class=\"elementor-column elementor-col-100 elementor-top-column elementor-element elementor-element-ceb48f6\" data-id=\"ceb48f6\" data-element_type=\"column\" data-e-type=\"column\">\n\t\t\t<div class=\"elementor-widget-wrap elementor-element-populated\">\n\t\t\t\t\t\t<div class=\"elementor-element elementor-element-685f382 elementor-widget elementor-widget-text-editor\" data-id=\"685f382\" data-element_type=\"widget\" data-e-type=\"widget\" data-widget_type=\"text-editor.default\">\n\t\t\t\t<div class=\"elementor-widget-container\">\n\t\t\t\t\t\t\t\t\t<p>PLAN NAUCZANIA<\/p>\t\t\t\t\t\t\t\t<\/div>\n\t\t\t\t<\/div>\n\t\t\t\t\t<\/div>\n\t\t<\/div>\n\t\t\t\t\t<\/div>\n\t\t<\/section>\n\t\t\t\t<section class=\"elementor-section elementor-top-section elementor-element elementor-element-e334ca9 elementor-section-boxed elementor-section-height-default elementor-section-height-default\" data-id=\"e334ca9\" data-element_type=\"section\" data-e-type=\"section\">\n\t\t\t\t\t\t<div class=\"elementor-container elementor-column-gap-default\">\n\t\t\t\t\t<div class=\"elementor-column elementor-col-100 elementor-top-column elementor-element elementor-element-0e96b4d\" data-id=\"0e96b4d\" data-element_type=\"column\" data-e-type=\"column\">\n\t\t\t<div class=\"elementor-widget-wrap elementor-element-populated\">\n\t\t\t\t\t\t<div class=\"elementor-element elementor-element-f30d445 elementor-widget elementor-widget-RS-Table\" data-id=\"f30d445\" data-element_type=\"widget\" data-e-type=\"widget\" data-widget_type=\"RS-Table.default\">\n\t\t\t\t<div class=\"elementor-widget-container\">\n\t\t\t\t\t\t\t<table class=\"rselements-table\" id=\"datatable-4846653\">\r\n\t\t\t<thead  class=\"rselements-table-header\">\r\n\t\t\t\t<tr>\r\n\t\t\t\t\t<th class=\"elementor-inline-editing elementor-repeater-headeritem-7b79c28\"   >Lp.<\/th><th class=\"elementor-inline-editing elementor-repeater-headeritem-27e8535\"   >Nazwa modu\u0142u<\/th><th class=\"elementor-inline-editing elementor-repeater-headeritem-dacca2e\"   >Wyk\u0142ady (liczba godzin)<\/th><th class=\"elementor-inline-editing elementor-repeater-headeritem-4ff825b\"   >\u0106wiczenia (liczba godzin)<\/th><th class=\"elementor-inline-editing elementor-repeater-headeritem-cd47c27\"   >\u0141\u0105czna liczba godzin kontaktowych<\/th>\t\t\t\t<\/tr>\r\n\t\t\t<\/thead>\r\n\t\t\t<tbody class=\"rselements-table-body\">\r\n\t\t\t\t<tr>\r\n\t\t\t\t\t<td   class=\"elementor-repeater-item-f20e0b5\" >1<\/td><td   class=\"elementor-repeater-item-027625a\" >Ocena stanu noworodka ,  \n\nz uwzgl\u0119dnieniem odr\u0119bno\u015bci ,  \n\nanatomicznych i fizjologicznych uk\u0142adu ,  \n\nkr\u0105\u017cenia i oddychania noworodka <\/td><td   class=\"elementor-repeater-item-4c03128\" >8<\/td><td   class=\"elementor-repeater-item-c9b336b\" >-<\/td><td   class=\"elementor-repeater-item-835f940\" >8<\/td><\/tr><tr><td   class=\"elementor-repeater-item-f205f37\" >2<\/td><td   class=\"elementor-repeater-item-b8a66b9\" >Resuscytacja oddechowo- kr\u0105\u017ceniowa ,  \n\nnoworodka ,   <\/td><td   class=\"elementor-repeater-item-f02ed77\" >19<\/td><td   class=\"elementor-repeater-item-ec963b4\" >30<\/td><td   class=\"elementor-repeater-item-544b3a9\" >49<\/td><\/tr><tr><td   class=\"elementor-repeater-item-02ab297\" >3<\/td><td   class=\"elementor-repeater-item-324454c\" >\u0141\u0105cznie<\/td><td   class=\"elementor-repeater-item-0aff467\" >27<\/td><td   class=\"elementor-repeater-item-93ff915\" >30<\/td><td   class=\"elementor-repeater-item-8f31342\" >57*<\/td>\t\t\t\t<\/tr>\r\n\t\t\t<\/tbody>\r\n\t\t<\/table>\r\n\r\n\t\t<script type=\"text\/javascript\">\r\n\t\t\tjQuery(document).ready(function () {\r\n\t\t\t\tjQuery('#datatable-4846653').DataTable({\r\n\t\t\t\t\t\"searching\": false,\r\n\t\t\t\t\t\"paging\":   false,\r\n\t\t\t        \"ordering\": false,\r\n\t\t\t        \"info\":     false,\t\t\t      \r\n\t\t\t\t});\r\n\t\t\t\tjQuery('.dataTables_length').addClass('rsdatatable-select');\r\n\r\n\t\t\t});\r\n\r\n\r\n\t\t<\/script>\r\n\t\t\r\n\t\t\t\t\t\t<\/div>\n\t\t\t\t<\/div>\n\t\t\t\t\t<\/div>\n\t\t<\/div>\n\t\t\t\t\t<\/div>\n\t\t<\/section>\n\t\t\t\t<section class=\"elementor-section elementor-top-section elementor-element elementor-element-9a0aa75 elementor-section-boxed elementor-section-height-default elementor-section-height-default\" data-id=\"9a0aa75\" data-element_type=\"section\" data-e-type=\"section\">\n\t\t\t\t\t\t<div class=\"elementor-container elementor-column-gap-default\">\n\t\t\t\t\t<div class=\"elementor-column elementor-col-50 elementor-top-column elementor-element elementor-element-1c325d2\" data-id=\"1c325d2\" data-element_type=\"column\" data-e-type=\"column\">\n\t\t\t<div class=\"elementor-widget-wrap elementor-element-populated\">\n\t\t\t\t\t\t<div class=\"elementor-element elementor-element-6109057 elementor-align-left elementor-widget elementor-widget-button\" data-id=\"6109057\" data-element_type=\"widget\" data-e-type=\"widget\" data-widget_type=\"button.default\">\n\t\t\t\t<div class=\"elementor-widget-container\">\n\t\t\t\t\t\t\t\t\t<div class=\"elementor-button-wrapper\">\n\t\t\t\t\t<a class=\"elementor-button elementor-button-link elementor-size-lg\" href=\"https:\/\/akademia-zdrowia.pl\/kielce\/wp-content\/uploads\/2022\/11\/Resuscytacja-oddechowo-krazeniowa-noworodka.pdf\">\n\t\t\t\t\t\t<span class=\"elementor-button-content-wrapper\">\n\t\t\t\t\t\t\t\t\t<span class=\"elementor-button-text\">PROGRAM<\/span>\n\t\t\t\t\t<\/span>\n\t\t\t\t\t<\/a>\n\t\t\t\t<\/div>\n\t\t\t\t\t\t\t\t<\/div>\n\t\t\t\t<\/div>\n\t\t\t\t\t<\/div>\n\t\t<\/div>\n\t\t\t\t<div class=\"elementor-column elementor-col-50 elementor-top-column elementor-element elementor-element-4a45290\" data-id=\"4a45290\" data-element_type=\"column\" data-e-type=\"column\">\n\t\t\t<div class=\"elementor-widget-wrap elementor-element-populated\">\n\t\t\t\t\t\t<div class=\"elementor-element elementor-element-e27340f elementor-align-right elementor-widget elementor-widget-button\" data-id=\"e27340f\" data-element_type=\"widget\" data-e-type=\"widget\" data-widget_type=\"button.default\">\n\t\t\t\t<div class=\"elementor-widget-container\">\n\t\t\t\t\t\t\t\t\t<div class=\"elementor-button-wrapper\">\n\t\t\t\t\t<a class=\"elementor-button elementor-button-link elementor-size-lg\" href=\"https:\/\/smk.ezdrowie.gov.pl\/login.jsp\">\n\t\t\t\t\t\t<span class=\"elementor-button-content-wrapper\">\n\t\t\t\t\t\t\t\t\t<span class=\"elementor-button-text\">ZAPISZ SI\u0118!<\/span>\n\t\t\t\t\t<\/span>\n\t\t\t\t\t<\/a>\n\t\t\t\t<\/div>\n\t\t\t\t\t\t\t\t<\/div>\n\t\t\t\t<\/div>\n\t\t\t\t\t<\/div>\n\t\t<\/div>\n\t\t\t\t\t<\/div>\n\t\t<\/section>\n\t\t\t\t<\/div>\n\t\t","protected":false},"excerpt":{"rendered":"<p>RESUSCYTACJA KR\u0104ZENIOWO- ODDECHOWA NOWORODKA RESUSCYTACJA KR\u0104ZENIOWO- ODDECHOWA NOWORODKA dla piel\u0119gniarek i po\u0142o\u017cnych Kurs specjalistyczny\u202f\u00a0 &#8211; rodzaj kszta\u0142cenia, kt\u00f3ry zgodnie z art.72 ust. 1 ustawy z dnia 15 lipca 2011r. o zawodach piel\u0119gniarki i po\u0142o\u017cnej (Dz. U. z 2021 r. poz. 479 i 1559) ma na celu uzyskanie przez piel\u0119gniark\u0119 lub po\u0142o\u017cn\u0105 wiedzy i umiej\u0119tno\u015bci do&#8230;<\/p>\n","protected":false},"author":1,"featured_media":0,"parent":397,"menu_order":0,"comment_status":"closed","ping_status":"closed","template":"","meta":{"footnotes":""},"class_list":["post-463","page","type-page","status-publish","hentry"],"yoast_head":"<!-- This site is optimized with the Yoast SEO plugin v26.9 - https:\/\/yoast.com\/product\/yoast-seo-wordpress\/ -->\n<title>Resuscytacja oddechowo - kr\u0105\u017ceniowa noworodka - Akademia Zdrowia Kielce<\/title>\n<meta name=\"robots\" content=\"index, follow, max-snippet:-1, max-image-preview:large, max-video-preview:-1\" \/>\n<link rel=\"canonical\" href=\"https:\/\/akademia-zdrowia.pl\/kielce\/oferta-szkoleniowa\/ksztalcenie-pielegniarek-i-poloznych\/kursy-specjalistyczne\/resuscytacja-oddechowo-krazeniowa-noworodka\/\" \/>\n<meta property=\"og:locale\" content=\"pl_PL\" \/>\n<meta property=\"og:type\" content=\"article\" \/>\n<meta property=\"og:title\" content=\"Resuscytacja oddechowo - kr\u0105\u017ceniowa noworodka - Akademia Zdrowia Kielce\" \/>\n<meta property=\"og:description\" content=\"RESUSCYTACJA KR\u0104ZENIOWO- ODDECHOWA NOWORODKA RESUSCYTACJA KR\u0104ZENIOWO- ODDECHOWA NOWORODKA dla piel\u0119gniarek i po\u0142o\u017cnych Kurs specjalistyczny\u202f\u00a0 &#8211; rodzaj kszta\u0142cenia, kt\u00f3ry zgodnie z art.72 ust. 1 ustawy z dnia 15 lipca 2011r. o zawodach piel\u0119gniarki i po\u0142o\u017cnej (Dz. U. z 2021 r. poz. 479 i 1559) ma na celu uzyskanie przez piel\u0119gniark\u0119 lub po\u0142o\u017cn\u0105 wiedzy i umiej\u0119tno\u015bci do...\" \/>\n<meta property=\"og:url\" content=\"https:\/\/akademia-zdrowia.pl\/kielce\/oferta-szkoleniowa\/ksztalcenie-pielegniarek-i-poloznych\/kursy-specjalistyczne\/resuscytacja-oddechowo-krazeniowa-noworodka\/\" \/>\n<meta property=\"og:site_name\" content=\"Akademia Zdrowia Kielce\" \/>\n<meta property=\"article:modified_time\" content=\"2022-11-25T10:17:45+00:00\" \/>\n<meta name=\"twitter:card\" content=\"summary_large_image\" \/>\n<meta name=\"twitter:label1\" content=\"Szacowany czas czytania\" \/>\n\t<meta name=\"twitter:data1\" content=\"2 minuty\" \/>\n<script type=\"application\/ld+json\" class=\"yoast-schema-graph\">{\"@context\":\"https:\/\/schema.org\",\"@graph\":[{\"@type\":\"WebPage\",\"@id\":\"https:\/\/akademia-zdrowia.pl\/kielce\/oferta-szkoleniowa\/ksztalcenie-pielegniarek-i-poloznych\/kursy-specjalistyczne\/resuscytacja-oddechowo-krazeniowa-noworodka\/\",\"url\":\"https:\/\/akademia-zdrowia.pl\/kielce\/oferta-szkoleniowa\/ksztalcenie-pielegniarek-i-poloznych\/kursy-specjalistyczne\/resuscytacja-oddechowo-krazeniowa-noworodka\/\",\"name\":\"Resuscytacja oddechowo - kr\u0105\u017ceniowa noworodka - Akademia Zdrowia Kielce\",\"isPartOf\":{\"@id\":\"https:\/\/akademia-zdrowia.pl\/kielce\/#website\"},\"datePublished\":\"2018-01-10T11:06:30+00:00\",\"dateModified\":\"2022-11-25T10:17:45+00:00\",\"breadcrumb\":{\"@id\":\"https:\/\/akademia-zdrowia.pl\/kielce\/oferta-szkoleniowa\/ksztalcenie-pielegniarek-i-poloznych\/kursy-specjalistyczne\/resuscytacja-oddechowo-krazeniowa-noworodka\/#breadcrumb\"},\"inLanguage\":\"pl-PL\",\"potentialAction\":[{\"@type\":\"ReadAction\",\"target\":[\"https:\/\/akademia-zdrowia.pl\/kielce\/oferta-szkoleniowa\/ksztalcenie-pielegniarek-i-poloznych\/kursy-specjalistyczne\/resuscytacja-oddechowo-krazeniowa-noworodka\/\"]}]},{\"@type\":\"BreadcrumbList\",\"@id\":\"https:\/\/akademia-zdrowia.pl\/kielce\/oferta-szkoleniowa\/ksztalcenie-pielegniarek-i-poloznych\/kursy-specjalistyczne\/resuscytacja-oddechowo-krazeniowa-noworodka\/#breadcrumb\",\"itemListElement\":[{\"@type\":\"ListItem\",\"position\":1,\"name\":\"Strona g\u0142\u00f3wna\",\"item\":\"https:\/\/akademia-zdrowia.pl\/kielce\/\"},{\"@type\":\"ListItem\",\"position\":2,\"name\":\"Oferta szkoleniowa\",\"item\":\"https:\/\/akademia-zdrowia.pl\/kielce\/oferta-szkoleniowa\/\"},{\"@type\":\"ListItem\",\"position\":3,\"name\":\"Kszta\u0142cenie piel\u0119gniarek i po\u0142o\u017cnych\",\"item\":\"https:\/\/akademia-zdrowia.pl\/kielce\/oferta-szkoleniowa\/ksztalcenie-pielegniarek-i-poloznych\/\"},{\"@type\":\"ListItem\",\"position\":4,\"name\":\"Kursy specjalistyczne\",\"item\":\"https:\/\/akademia-zdrowia.pl\/kielce\/oferta-szkoleniowa\/ksztalcenie-pielegniarek-i-poloznych\/kursy-specjalistyczne\/\"},{\"@type\":\"ListItem\",\"position\":5,\"name\":\"Resuscytacja oddechowo &#8211; kr\u0105\u017ceniowa noworodka\"}]},{\"@type\":\"WebSite\",\"@id\":\"https:\/\/akademia-zdrowia.pl\/kielce\/#website\",\"url\":\"https:\/\/akademia-zdrowia.pl\/kielce\/\",\"name\":\"Akademia Zdrowia Kielce\",\"description\":\"Kolejna witryna oparta na WordPressie\",\"potentialAction\":[{\"@type\":\"SearchAction\",\"target\":{\"@type\":\"EntryPoint\",\"urlTemplate\":\"https:\/\/akademia-zdrowia.pl\/kielce\/?s={search_term_string}\"},\"query-input\":{\"@type\":\"PropertyValueSpecification\",\"valueRequired\":true,\"valueName\":\"search_term_string\"}}],\"inLanguage\":\"pl-PL\"}]}<\/script>\n<!-- \/ Yoast SEO plugin. -->","yoast_head_json":{"title":"Resuscytacja oddechowo - kr\u0105\u017ceniowa noworodka - Akademia Zdrowia Kielce","robots":{"index":"index","follow":"follow","max-snippet":"max-snippet:-1","max-image-preview":"max-image-preview:large","max-video-preview":"max-video-preview:-1"},"canonical":"https:\/\/akademia-zdrowia.pl\/kielce\/oferta-szkoleniowa\/ksztalcenie-pielegniarek-i-poloznych\/kursy-specjalistyczne\/resuscytacja-oddechowo-krazeniowa-noworodka\/","og_locale":"pl_PL","og_type":"article","og_title":"Resuscytacja oddechowo - kr\u0105\u017ceniowa noworodka - Akademia Zdrowia Kielce","og_description":"RESUSCYTACJA KR\u0104ZENIOWO- ODDECHOWA NOWORODKA RESUSCYTACJA KR\u0104ZENIOWO- ODDECHOWA NOWORODKA dla piel\u0119gniarek i po\u0142o\u017cnych Kurs specjalistyczny\u202f\u00a0 &#8211; rodzaj kszta\u0142cenia, kt\u00f3ry zgodnie z art.72 ust. 1 ustawy z dnia 15 lipca 2011r. o zawodach piel\u0119gniarki i po\u0142o\u017cnej (Dz. U. z 2021 r. poz. 479 i 1559) ma na celu uzyskanie przez piel\u0119gniark\u0119 lub po\u0142o\u017cn\u0105 wiedzy i umiej\u0119tno\u015bci do...","og_url":"https:\/\/akademia-zdrowia.pl\/kielce\/oferta-szkoleniowa\/ksztalcenie-pielegniarek-i-poloznych\/kursy-specjalistyczne\/resuscytacja-oddechowo-krazeniowa-noworodka\/","og_site_name":"Akademia Zdrowia Kielce","article_modified_time":"2022-11-25T10:17:45+00:00","twitter_card":"summary_large_image","twitter_misc":{"Szacowany czas czytania":"2 minuty"},"schema":{"@context":"https:\/\/schema.org","@graph":[{"@type":"WebPage","@id":"https:\/\/akademia-zdrowia.pl\/kielce\/oferta-szkoleniowa\/ksztalcenie-pielegniarek-i-poloznych\/kursy-specjalistyczne\/resuscytacja-oddechowo-krazeniowa-noworodka\/","url":"https:\/\/akademia-zdrowia.pl\/kielce\/oferta-szkoleniowa\/ksztalcenie-pielegniarek-i-poloznych\/kursy-specjalistyczne\/resuscytacja-oddechowo-krazeniowa-noworodka\/","name":"Resuscytacja oddechowo - kr\u0105\u017ceniowa noworodka - Akademia Zdrowia Kielce","isPartOf":{"@id":"https:\/\/akademia-zdrowia.pl\/kielce\/#website"},"datePublished":"2018-01-10T11:06:30+00:00","dateModified":"2022-11-25T10:17:45+00:00","breadcrumb":{"@id":"https:\/\/akademia-zdrowia.pl\/kielce\/oferta-szkoleniowa\/ksztalcenie-pielegniarek-i-poloznych\/kursy-specjalistyczne\/resuscytacja-oddechowo-krazeniowa-noworodka\/#breadcrumb"},"inLanguage":"pl-PL","potentialAction":[{"@type":"ReadAction","target":["https:\/\/akademia-zdrowia.pl\/kielce\/oferta-szkoleniowa\/ksztalcenie-pielegniarek-i-poloznych\/kursy-specjalistyczne\/resuscytacja-oddechowo-krazeniowa-noworodka\/"]}]},{"@type":"BreadcrumbList","@id":"https:\/\/akademia-zdrowia.pl\/kielce\/oferta-szkoleniowa\/ksztalcenie-pielegniarek-i-poloznych\/kursy-specjalistyczne\/resuscytacja-oddechowo-krazeniowa-noworodka\/#breadcrumb","itemListElement":[{"@type":"ListItem","position":1,"name":"Strona g\u0142\u00f3wna","item":"https:\/\/akademia-zdrowia.pl\/kielce\/"},{"@type":"ListItem","position":2,"name":"Oferta szkoleniowa","item":"https:\/\/akademia-zdrowia.pl\/kielce\/oferta-szkoleniowa\/"},{"@type":"ListItem","position":3,"name":"Kszta\u0142cenie piel\u0119gniarek i po\u0142o\u017cnych","item":"https:\/\/akademia-zdrowia.pl\/kielce\/oferta-szkoleniowa\/ksztalcenie-pielegniarek-i-poloznych\/"},{"@type":"ListItem","position":4,"name":"Kursy specjalistyczne","item":"https:\/\/akademia-zdrowia.pl\/kielce\/oferta-szkoleniowa\/ksztalcenie-pielegniarek-i-poloznych\/kursy-specjalistyczne\/"},{"@type":"ListItem","position":5,"name":"Resuscytacja oddechowo &#8211; kr\u0105\u017ceniowa noworodka"}]},{"@type":"WebSite","@id":"https:\/\/akademia-zdrowia.pl\/kielce\/#website","url":"https:\/\/akademia-zdrowia.pl\/kielce\/","name":"Akademia Zdrowia Kielce","description":"Kolejna witryna oparta na WordPressie","potentialAction":[{"@type":"SearchAction","target":{"@type":"EntryPoint","urlTemplate":"https:\/\/akademia-zdrowia.pl\/kielce\/?s={search_term_string}"},"query-input":{"@type":"PropertyValueSpecification","valueRequired":true,"valueName":"search_term_string"}}],"inLanguage":"pl-PL"}]}},"_links":{"self":[{"href":"https:\/\/akademia-zdrowia.pl\/kielce\/wp-json\/wp\/v2\/pages\/463","targetHints":{"allow":["GET"]}}],"collection":[{"href":"https:\/\/akademia-zdrowia.pl\/kielce\/wp-json\/wp\/v2\/pages"}],"about":[{"href":"https:\/\/akademia-zdrowia.pl\/kielce\/wp-json\/wp\/v2\/types\/page"}],"author":[{"embeddable":true,"href":"https:\/\/akademia-zdrowia.pl\/kielce\/wp-json\/wp\/v2\/users\/1"}],"replies":[{"embeddable":true,"href":"https:\/\/akademia-zdrowia.pl\/kielce\/wp-json\/wp\/v2\/comments?post=463"}],"version-history":[{"count":15,"href":"https:\/\/akademia-zdrowia.pl\/kielce\/wp-json\/wp\/v2\/pages\/463\/revisions"}],"predecessor-version":[{"id":5632,"href":"https:\/\/akademia-zdrowia.pl\/kielce\/wp-json\/wp\/v2\/pages\/463\/revisions\/5632"}],"up":[{"embeddable":true,"href":"https:\/\/akademia-zdrowia.pl\/kielce\/wp-json\/wp\/v2\/pages\/397"}],"wp:attachment":[{"href":"https:\/\/akademia-zdrowia.pl\/kielce\/wp-json\/wp\/v2\/media?parent=463"}],"curies":[{"name":"wp","href":"https:\/\/api.w.org\/{rel}","templated":true}]}}