{"id":537,"date":"2018-01-10T13:09:43","date_gmt":"2018-01-10T12:09:43","guid":{"rendered":"http:\/\/www.akademia-zdrowia.pl\/lodz\/?page_id=537"},"modified":"2022-11-25T13:48:38","modified_gmt":"2022-11-25T12:48:38","slug":"pielegniarstwo-onkologiczne","status":"publish","type":"page","link":"https:\/\/akademia-zdrowia.pl\/kielce\/oferta-szkoleniowa\/ksztalcenie-pielegniarek-i-poloznych\/specjalizacje\/pielegniarstwo-onkologiczne\/","title":{"rendered":"Piel\u0119gniarstwo onkologiczne"},"content":{"rendered":"\t\t<div data-elementor-type=\"wp-page\" data-elementor-id=\"537\" class=\"elementor elementor-537\" data-elementor-post-type=\"page\">\n\t\t\t\t\t\t<section class=\"elementor-section elementor-top-section elementor-element elementor-element-624f1e5 elementor-section-boxed elementor-section-height-default elementor-section-height-default\" data-id=\"624f1e5\" data-element_type=\"section\" data-e-type=\"section\">\n\t\t\t\t\t\t<div class=\"elementor-container elementor-column-gap-default\">\n\t\t\t\t\t<div class=\"elementor-column elementor-col-100 elementor-top-column elementor-element elementor-element-45fa90b\" data-id=\"45fa90b\" data-element_type=\"column\" data-e-type=\"column\">\n\t\t\t<div class=\"elementor-widget-wrap\">\n\t\t\t\t\t\t\t<\/div>\n\t\t<\/div>\n\t\t\t\t\t<\/div>\n\t\t<\/section>\n\t\t\t\t<section class=\"elementor-section elementor-top-section elementor-element elementor-element-f4b099f elementor-section-boxed elementor-section-height-default elementor-section-height-default\" data-id=\"f4b099f\" data-element_type=\"section\" data-e-type=\"section\">\n\t\t\t\t\t\t<div class=\"elementor-container elementor-column-gap-default\">\n\t\t\t\t\t<div class=\"elementor-column elementor-col-100 elementor-top-column elementor-element elementor-element-e22fdc3\" data-id=\"e22fdc3\" data-element_type=\"column\" data-e-type=\"column\">\n\t\t\t<div class=\"elementor-widget-wrap elementor-element-populated\">\n\t\t\t\t\t\t<div class=\"elementor-element elementor-element-de07396 elementor-widget elementor-widget-text-editor\" data-id=\"de07396\" data-element_type=\"widget\" data-e-type=\"widget\" data-widget_type=\"text-editor.default\">\n\t\t\t\t<div class=\"elementor-widget-container\">\n\t\t\t\t\t\t\t\t\t<p><strong>Rodzaj kszta\u0142cenia<\/strong><\/p><p>Szkolenie specjalizacyjne jest to\u00a0\u00a0 rodzaj\u00a0\u00a0 kszta\u0142cenia, kt\u00f3ry zgodnie\u00a0\u00a0 z\u00a0\u00a0 ustaw\u0105 z\u00a0\u00a0 dnia 15 lipca 2011 r. <em>o zawodach piel\u0119gniarki i po\u0142o\u017cnej <\/em>(Dz. U. z 2016 r., poz. 1251) ma na celu uzyskanie przez piel\u0119gniark\u0119 lub po\u0142o\u017cn\u0105 specjalistycznej wiedzy i umiej\u0119tno\u015bci w okre\u015blonej dziedzinie piel\u0119gniarstwa lub dziedzinie maj\u0105cej zastosowanie w ochronie zdrowia oraz tytu\u0142u specjalisty w tej dziedzinie.<\/p><p>\u00a0<\/p><p><strong>Cel kszta\u0142cenia<\/strong><\/p><p>Celem kszta\u0142cenia jest nabycie specjalistycznej wiedzy, umiej\u0119tno\u015bci, kompetencji spo\u0142ecznych do opieki piel\u0119gniarskiej nad pacjentem z chorob\u0105 nowotworow\u0105 i jego rodzin\u0105, w r\u00f3\u017cnym wieku i na r\u00f3\u017cnym etapie rozwoju choroby nowotworowej.<\/p>\t\t\t\t\t\t\t\t<\/div>\n\t\t\t\t<\/div>\n\t\t\t\t\t<\/div>\n\t\t<\/div>\n\t\t\t\t\t<\/div>\n\t\t<\/section>\n\t\t\t\t<section class=\"elementor-section elementor-top-section elementor-element elementor-element-d43b96e elementor-section-boxed elementor-section-height-default elementor-section-height-default\" data-id=\"d43b96e\" data-element_type=\"section\" data-e-type=\"section\">\n\t\t\t\t\t\t<div class=\"elementor-container elementor-column-gap-default\">\n\t\t\t\t\t<div class=\"elementor-column elementor-col-100 elementor-top-column elementor-element elementor-element-e71503a\" data-id=\"e71503a\" data-element_type=\"column\" data-e-type=\"column\">\n\t\t\t<div class=\"elementor-widget-wrap elementor-element-populated\">\n\t\t\t\t\t\t<div class=\"elementor-element elementor-element-986879c elementor-widget elementor-widget-toggle\" data-id=\"986879c\" data-element_type=\"widget\" data-e-type=\"widget\" data-widget_type=\"toggle.default\">\n\t\t\t\t<div class=\"elementor-widget-container\">\n\t\t\t\t\t\t\t<div class=\"elementor-toggle\">\n\t\t\t\t\t\t\t<div class=\"elementor-toggle-item\">\n\t\t\t\t\t<div id=\"elementor-tab-title-1591\" class=\"elementor-tab-title\" data-tab=\"1\" role=\"button\" aria-controls=\"elementor-tab-content-1591\" aria-expanded=\"false\">\n\t\t\t\t\t\t\t\t\t\t\t\t<span class=\"elementor-toggle-icon elementor-toggle-icon-left\" aria-hidden=\"true\">\n\t\t\t\t\t\t\t\t\t\t\t\t\t\t\t<span class=\"elementor-toggle-icon-closed\"><i class=\"fas fa-caret-right\"><\/i><\/span>\n\t\t\t\t\t\t\t\t<span class=\"elementor-toggle-icon-opened\"><i class=\"elementor-toggle-icon-opened fas fa-caret-up\"><\/i><\/span>\n\t\t\t\t\t\t\t\t\t\t\t\t\t<\/span>\n\t\t\t\t\t\t\t\t\t\t\t\t<a class=\"elementor-toggle-title\" tabindex=\"0\">CZAS TRWANIA<\/a>\n\t\t\t\t\t<\/div>\n\n\t\t\t\t\t<div id=\"elementor-tab-content-1591\" class=\"elementor-tab-content elementor-clearfix\" data-tab=\"1\" role=\"region\" aria-labelledby=\"elementor-tab-title-1591\"><p>\u0141\u0105czna liczba godzin przeznaczonych na realizacj\u0119 programu szkolenia specjalizacyjnego w kontakcie z wyk\u0142adowc\u0105\/opiekunem sta\u017cu wynosi <strong>800 <\/strong>godzin dydaktycznych:<\/p><ul><li>zaj\u0119cia teoretyczne \u2013 <strong>485 <\/strong>godzin,<\/li><li>zaj\u0119cia praktyczne \u2013 <strong>315 <\/strong>godzin.<\/li><\/ul><p><em>Organizator kszta\u0142cenia w porozumieniu z kierownikiem specjalizacji, ma prawo dokona\u0107 modyfikacji czasu trwania zaj\u0119\u0107 teoretycznych. Oznacza to, \u017ce 80% \u0142\u0105cznej liczby godzin przeznaczonych na realizacj\u0119 programu nie podlega zmianie. Wskazane 20%, <strong>co stanowi nie wi\u0119cej ni\u017c 160 godzin, mo\u017ce by\u0107 wykorzystane na samokszta\u0142cenie.<\/strong><\/em><\/p><\/div>\n\t\t\t\t<\/div>\n\t\t\t\t\t\t\t<div class=\"elementor-toggle-item\">\n\t\t\t\t\t<div id=\"elementor-tab-title-1592\" class=\"elementor-tab-title\" data-tab=\"2\" role=\"button\" aria-controls=\"elementor-tab-content-1592\" aria-expanded=\"false\">\n\t\t\t\t\t\t\t\t\t\t\t\t<span class=\"elementor-toggle-icon elementor-toggle-icon-left\" aria-hidden=\"true\">\n\t\t\t\t\t\t\t\t\t\t\t\t\t\t\t<span class=\"elementor-toggle-icon-closed\"><i class=\"fas fa-caret-right\"><\/i><\/span>\n\t\t\t\t\t\t\t\t<span class=\"elementor-toggle-icon-opened\"><i class=\"elementor-toggle-icon-opened fas fa-caret-up\"><\/i><\/span>\n\t\t\t\t\t\t\t\t\t\t\t\t\t<\/span>\n\t\t\t\t\t\t\t\t\t\t\t\t<a class=\"elementor-toggle-title\" tabindex=\"0\">PLAN NAUCZANIA<\/a>\n\t\t\t\t\t<\/div>\n\n\t\t\t\t\t<div id=\"elementor-tab-content-1592\" class=\"elementor-tab-content elementor-clearfix\" data-tab=\"2\" role=\"region\" aria-labelledby=\"elementor-tab-title-1592\"><table><tbody><tr><td width=\"39\"><p><strong>\u00a0<\/strong><\/p><p><strong>Lp.<\/strong><\/p><\/td><td width=\"164\"><p><strong>\u00a0<\/strong><\/p><p><strong>Nazwa modu\u0142u<\/strong><\/p><\/td><td width=\"55\"><p><strong>Liczba godzin teorii<\/strong><\/p><\/td><td width=\"198\"><p><strong>\u00a0<\/strong><\/p><p><strong>Miejsce realizacji sta\u017cu<\/strong><\/p><\/td><td width=\"53\"><p><strong>Liczba godzin sta\u017cu<\/strong><\/p><\/td><td width=\"104\"><p><strong>\u0141\u0105czna liczba godzin kontaktowych<\/strong><\/p><\/td><\/tr><tr><td width=\"39\"><p><strong>I<\/strong><\/p><\/td><td width=\"164\"><p>Humanistyczno-spo\u0142eczne podstawy specjalizacji<\/p><\/td><td width=\"55\"><p>110<\/p><\/td><td width=\"198\"><p>\u2013<\/p><\/td><td width=\"53\"><p>\u2013<\/p><\/td><td width=\"104\"><p><strong>110<\/strong><\/p><\/td><\/tr><tr><td width=\"39\"><p><strong>\u00a0<\/strong><\/p><p><strong>II<\/strong><\/p><\/td><td width=\"164\"><p>Wprowadzenie do piel\u0119gniarstwa onkologicznego<\/p><\/td><td width=\"55\"><p><strong>\u00a0<\/strong><\/p><p>85<\/p><\/td><td width=\"198\"><p><strong>\u00a0<\/strong><\/p><p>_<\/p><\/td><td width=\"53\"><p><strong>\u00a0<\/strong><\/p><p>\u2013<\/p><\/td><td width=\"104\"><p><strong>\u00a0<\/strong><\/p><p><strong>85<\/strong><\/p><\/td><\/tr><tr><td width=\"39\"><p><strong>\u00a0<\/strong><\/p><p><strong>III<\/strong><\/p><\/td><td width=\"164\"><p>Profilaktyka<\/p><p>i diagnostyka chor\u00f3b nowotworowych<\/p><\/td><td width=\"55\"><p><strong>\u00a0<\/strong><\/p><p>30<\/p><\/td><td width=\"198\"><p><strong>\u00a0<\/strong><\/p><p>\u2013<\/p><\/td><td width=\"53\"><p><strong>\u00a0<\/strong><\/p><p>\u2013<\/p><\/td><td width=\"104\"><p><strong>\u00a0<\/strong><\/p><p><strong>30<\/strong><\/p><\/td><\/tr><tr><td rowspan=\"6\" width=\"39\"><p><strong>\u00a0<\/strong><\/p><p><strong>\u00a0<\/strong><\/p><p><strong>\u00a0<\/strong><\/p><p><strong>\u00a0<\/strong><\/p><p><strong>\u00a0<\/strong><\/p><p><strong>IV<\/strong><\/p><\/td><td rowspan=\"6\" width=\"164\"><p><strong>\u00a0<\/strong><\/p><p><strong>\u00a0<\/strong><\/p><p><strong>\u00a0<\/strong><\/p><p><strong>\u00a0<\/strong><\/p><p><strong>\u00a0<\/strong><\/p><p>Piel\u0119gnowanie doros\u0142ego z chorob\u0105 nowotworow\u0105<\/p><\/td><td rowspan=\"6\" width=\"55\"><p><strong>\u00a0<\/strong><\/p><p><strong>\u00a0<\/strong><\/p><p><strong>\u00a0<\/strong><\/p><p><strong>\u00a0<\/strong><\/p><p><strong>\u00a0<\/strong><\/p><p>150<\/p><\/td><td width=\"198\"><p>Oddzia\u0142 chemioterapii stacjonarnej<\/p><\/td><td width=\"53\"><p>42<\/p><\/td><td rowspan=\"6\" width=\"104\"><p><strong>\u00a0<\/strong><\/p><p><strong>\u00a0<\/strong><\/p><p><strong>\u00a0<\/strong><\/p><p><strong>\u00a0<\/strong><\/p><p><strong>\u00a0<\/strong><\/p><p><strong>360<\/strong><\/p><\/td><\/tr><tr><td width=\"198\"><p>Oddzia\u0142 chemioterapii dziennej<\/p><\/td><td width=\"53\"><p>28<\/p><\/td><\/tr><tr><td width=\"198\"><p>Oddzia\u0142 radioterapii<\/p><\/td><td width=\"53\"><p>35<\/p><\/td><\/tr><tr><td width=\"198\"><p>Pracownia lub zak\u0142ad teleradioterapii<\/p><\/td><td width=\"53\"><p>14<\/p><\/td><\/tr><tr><td width=\"198\"><p>Pracownia lub zak\u0142ad brachyterapii<\/p><\/td><td width=\"53\"><p>21<\/p><\/td><\/tr><tr><td width=\"198\"><p>Oddzia\u0142 chirurgii onkologicznej<\/p><\/td><td width=\"53\"><p>70<\/p><\/td><\/tr><tr><td width=\"39\"><p><strong>V<\/strong><\/p><\/td><td width=\"164\"><p>Piel\u0119gnowanie dziecka<\/p><p>z chorob\u0105 nowotworow\u0105<\/p><\/td><td width=\"55\"><p>35<\/p><\/td><td width=\"198\"><p>Oddzia\u0142 onkologii i hematologii dzieci\u0119cej<\/p><\/td><td width=\"53\"><p>35<\/p><\/td><td width=\"104\"><p><strong>70<\/strong><\/p><\/td><\/tr><tr><td width=\"39\"><p><strong>VI<\/strong><\/p><\/td><td width=\"164\"><p>Leczenie wspomagaj\u0105ce w onkologii<\/p><\/td><td width=\"55\"><p>35<\/p><\/td><td width=\"198\"><p>\u2013<\/p><\/td><td width=\"53\"><p>\u2013<\/p><\/td><td width=\"104\"><p><strong>35<\/strong><\/p><\/td><\/tr><tr><td rowspan=\"2\" width=\"39\"><p><strong>\u00a0<\/strong><\/p><p><strong>VII<\/strong><\/p><\/td><td rowspan=\"2\" width=\"164\"><p><strong>\u00a0<\/strong><\/p><p>Opieka paliatywna<\/p><\/td><td rowspan=\"2\" width=\"55\"><p><strong>\u00a0<\/strong><\/p><p>40<\/p><\/td><td width=\"198\"><p>Hospicjum stacjonarne<\/p><\/td><td width=\"53\"><p>35<\/p><\/td><td rowspan=\"2\" width=\"104\"><p><strong>\u00a0<\/strong><\/p><p><strong>110<\/strong><\/p><\/td><\/tr><tr><td width=\"198\"><p>Hospicjum domowe<\/p><\/td><td width=\"53\"><p>35<\/p><\/td><\/tr><tr><td colspan=\"2\" width=\"202\"><p><strong>\u0141\u0105cznie<\/strong><\/p><\/td><td width=\"55\"><p><strong>485<\/strong><\/p><\/td><td width=\"198\"><p>\u00a0<\/p><\/td><td width=\"53\"><p><strong>315<\/strong><\/p><\/td><td width=\"104\"><p><strong>800*<\/strong><\/p><\/td><\/tr><\/tbody><\/table><\/div>\n\t\t\t\t<\/div>\n\t\t\t\t\t\t\t\t<\/div>\n\t\t\t\t\t\t<\/div>\n\t\t\t\t<\/div>\n\t\t\t\t\t<\/div>\n\t\t<\/div>\n\t\t\t\t\t<\/div>\n\t\t<\/section>\n\t\t\t\t<section class=\"elementor-section elementor-top-section elementor-element elementor-element-732d920 elementor-section-boxed elementor-section-height-default elementor-section-height-default\" data-id=\"732d920\" data-element_type=\"section\" data-e-type=\"section\">\n\t\t\t\t\t\t<div class=\"elementor-container elementor-column-gap-default\">\n\t\t\t\t\t<div class=\"elementor-column elementor-col-100 elementor-top-column elementor-element elementor-element-df9f0c9\" data-id=\"df9f0c9\" data-element_type=\"column\" data-e-type=\"column\">\n\t\t\t<div class=\"elementor-widget-wrap elementor-element-populated\">\n\t\t\t\t\t\t<div class=\"elementor-element elementor-element-b9358a5 elementor-alert-danger elementor-widget elementor-widget-alert\" data-id=\"b9358a5\" data-element_type=\"widget\" data-e-type=\"widget\" data-widget_type=\"alert.default\">\n\t\t\t\t<div class=\"elementor-widget-container\">\n\t\t\t\t\t\t\t<div class=\"elementor-alert\" role=\"alert\">\n\n\t\t\t\t\t\t<span class=\"elementor-alert-title\">UWAGA !  <\/span>\n\t\t\t\n\t\t\t\n\t\t\t\t\t\t<button type=\"button\" class=\"elementor-alert-dismiss\" aria-label=\"Odrzu\u0107 ten alert.\">\n\t\t\t\t\t\t\t\t\t<span aria-hidden=\"true\">&times;<\/span>\n\t\t\t\t\t\t\t<\/button>\n\t\t\t\n\t\t<\/div>\n\t\t\t\t\t\t<\/div>\n\t\t\t\t<\/div>\n\t\t\t\t\t<\/div>\n\t\t<\/div>\n\t\t\t\t\t<\/div>\n\t\t<\/section>\n\t\t\t\t<section class=\"elementor-section elementor-top-section elementor-element elementor-element-53ff473 elementor-section-boxed elementor-section-height-default elementor-section-height-default\" data-id=\"53ff473\" data-element_type=\"section\" data-e-type=\"section\">\n\t\t\t\t\t\t<div class=\"elementor-container elementor-column-gap-default\">\n\t\t\t\t\t<div class=\"elementor-column elementor-col-100 elementor-top-column elementor-element elementor-element-dfb1aa6\" data-id=\"dfb1aa6\" data-element_type=\"column\" data-e-type=\"column\">\n\t\t\t<div class=\"elementor-widget-wrap elementor-element-populated\">\n\t\t\t\t\t\t<div class=\"elementor-element elementor-element-aa55b62 elementor-widget elementor-widget-text-editor\" data-id=\"aa55b62\" data-element_type=\"widget\" data-e-type=\"widget\" data-widget_type=\"text-editor.default\">\n\t\t\t\t<div class=\"elementor-widget-container\">\n\t\t\t\t\t\t\t\t\t<p><strong>Aby wniosek o zakwalifikowanie na specjalizacj\u0119 zosta\u0142 przyj\u0119ty, nale\u017cy za\u0142\u0105czy\u0107 w systemie SMK potwierdzenie sta\u017cu pracy min. 2 lata (w przeci\u0105gu ostatnich \u00a0pi\u0119ciu \u00a0lat). Niestety, wnioski bez tego dokumentu b\u0119d\u0105 odrzucane.<\/strong><\/p><p><strong>UWAGA !!<\/strong><br \/><strong>Akademia Zdrowia przypomina o obowi\u0105zku posiadania uko\u0144czonego kursu Wywiad i badania fizykalne przed zako\u0144czeniem specjalizacji. Powy\u017cszy\u00a0kurs\u00a0mog\u0105\u00a0Pa\u0144stwo\u00a0zrealizowa\u0107\u00a0w\u00a0trakcie\u00a0specjalizacji.<\/strong><br \/><strong>Osoby posiadaj\u0105ce ju\u017c tytu\u0142 specjalisty po 2001 r. lub po uko\u0144czeniu studi\u00f3w licencjackich z piel\u0119gniarstwa od naboru akademickiego 2012\/2013 \u2013 s\u0105 zwolnione z odbywania kurs.<\/strong><br \/><strong>W celu uzyskania szczeg\u00f3\u0142owych informacji, skontaktuj si\u0119 z naszym oddzia\u0142em w Kielcach \u00a0-sekretariat \u2013 tel. 41 368 00 66<\/strong><\/p>\t\t\t\t\t\t\t\t<\/div>\n\t\t\t\t<\/div>\n\t\t\t\t\t<\/div>\n\t\t<\/div>\n\t\t\t\t\t<\/div>\n\t\t<\/section>\n\t\t\t\t<section class=\"elementor-section elementor-top-section elementor-element elementor-element-0f557be elementor-section-boxed elementor-section-height-default elementor-section-height-default\" data-id=\"0f557be\" data-element_type=\"section\" data-e-type=\"section\">\n\t\t\t\t\t\t<div class=\"elementor-container elementor-column-gap-default\">\n\t\t\t\t\t<div class=\"elementor-column elementor-col-50 elementor-top-column elementor-element elementor-element-06ac8b4\" data-id=\"06ac8b4\" data-element_type=\"column\" data-e-type=\"column\">\n\t\t\t<div class=\"elementor-widget-wrap\">\n\t\t\t\t\t\t\t<\/div>\n\t\t<\/div>\n\t\t\t\t<div class=\"elementor-column elementor-col-50 elementor-top-column elementor-element elementor-element-26d2e76\" data-id=\"26d2e76\" data-element_type=\"column\" data-e-type=\"column\">\n\t\t\t<div class=\"elementor-widget-wrap\">\n\t\t\t\t\t\t\t<\/div>\n\t\t<\/div>\n\t\t\t\t\t<\/div>\n\t\t<\/section>\n\t\t\t\t<\/div>\n\t\t","protected":false},"excerpt":{"rendered":"<p>Piel\u0119gniarstwo Onkologiczne Piel\u0119gniarstwo Onkologiczne Rodzaj kszta\u0142cenia Szkolenie specjalizacyjne jest to\u00a0\u00a0 rodzaj\u00a0\u00a0 kszta\u0142cenia, kt\u00f3ry zgodnie\u00a0\u00a0 z\u00a0\u00a0 ustaw\u0105 z\u00a0\u00a0 dnia 15 lipca 2011 r. o zawodach piel\u0119gniarki i po\u0142o\u017cnej (Dz. U. z 2016 r., poz. 1251) ma na celu uzyskanie przez piel\u0119gniark\u0119 lub po\u0142o\u017cn\u0105 specjalistycznej wiedzy i umiej\u0119tno\u015bci w okre\u015blonej dziedzinie piel\u0119gniarstwa lub dziedzinie maj\u0105cej zastosowanie w&#8230;<\/p>\n","protected":false},"author":1,"featured_media":0,"parent":401,"menu_order":0,"comment_status":"closed","ping_status":"closed","template":"","meta":{"footnotes":""},"class_list":["post-537","page","type-page","status-publish","hentry"],"yoast_head":"<!-- This site is optimized with the Yoast SEO plugin v26.9 - https:\/\/yoast.com\/product\/yoast-seo-wordpress\/ -->\n<title>Piel\u0119gniarstwo onkologiczne - Akademia Zdrowia Kielce<\/title>\n<meta name=\"robots\" content=\"index, follow, max-snippet:-1, max-image-preview:large, max-video-preview:-1\" \/>\n<link rel=\"canonical\" href=\"https:\/\/akademia-zdrowia.pl\/kielce\/oferta-szkoleniowa\/ksztalcenie-pielegniarek-i-poloznych\/specjalizacje\/pielegniarstwo-onkologiczne\/\" \/>\n<meta property=\"og:locale\" content=\"pl_PL\" \/>\n<meta property=\"og:type\" content=\"article\" \/>\n<meta property=\"og:title\" content=\"Piel\u0119gniarstwo onkologiczne - Akademia Zdrowia Kielce\" \/>\n<meta property=\"og:description\" content=\"Piel\u0119gniarstwo Onkologiczne Piel\u0119gniarstwo Onkologiczne Rodzaj kszta\u0142cenia Szkolenie specjalizacyjne jest to\u00a0\u00a0 rodzaj\u00a0\u00a0 kszta\u0142cenia, kt\u00f3ry zgodnie\u00a0\u00a0 z\u00a0\u00a0 ustaw\u0105 z\u00a0\u00a0 dnia 15 lipca 2011 r. o zawodach piel\u0119gniarki i po\u0142o\u017cnej (Dz. U. z 2016 r., poz. 1251) ma na celu uzyskanie przez piel\u0119gniark\u0119 lub po\u0142o\u017cn\u0105 specjalistycznej wiedzy i umiej\u0119tno\u015bci w okre\u015blonej dziedzinie piel\u0119gniarstwa lub dziedzinie maj\u0105cej zastosowanie w...\" \/>\n<meta property=\"og:url\" content=\"https:\/\/akademia-zdrowia.pl\/kielce\/oferta-szkoleniowa\/ksztalcenie-pielegniarek-i-poloznych\/specjalizacje\/pielegniarstwo-onkologiczne\/\" \/>\n<meta property=\"og:site_name\" content=\"Akademia Zdrowia Kielce\" \/>\n<meta property=\"article:modified_time\" content=\"2022-11-25T12:48:38+00:00\" \/>\n<meta name=\"twitter:card\" content=\"summary_large_image\" \/>\n<meta name=\"twitter:label1\" content=\"Szacowany czas czytania\" \/>\n\t<meta name=\"twitter:data1\" content=\"3 minuty\" \/>\n<script type=\"application\/ld+json\" class=\"yoast-schema-graph\">{\"@context\":\"https:\/\/schema.org\",\"@graph\":[{\"@type\":\"WebPage\",\"@id\":\"https:\/\/akademia-zdrowia.pl\/kielce\/oferta-szkoleniowa\/ksztalcenie-pielegniarek-i-poloznych\/specjalizacje\/pielegniarstwo-onkologiczne\/\",\"url\":\"https:\/\/akademia-zdrowia.pl\/kielce\/oferta-szkoleniowa\/ksztalcenie-pielegniarek-i-poloznych\/specjalizacje\/pielegniarstwo-onkologiczne\/\",\"name\":\"Piel\u0119gniarstwo onkologiczne - Akademia Zdrowia Kielce\",\"isPartOf\":{\"@id\":\"https:\/\/akademia-zdrowia.pl\/kielce\/#website\"},\"datePublished\":\"2018-01-10T12:09:43+00:00\",\"dateModified\":\"2022-11-25T12:48:38+00:00\",\"breadcrumb\":{\"@id\":\"https:\/\/akademia-zdrowia.pl\/kielce\/oferta-szkoleniowa\/ksztalcenie-pielegniarek-i-poloznych\/specjalizacje\/pielegniarstwo-onkologiczne\/#breadcrumb\"},\"inLanguage\":\"pl-PL\",\"potentialAction\":[{\"@type\":\"ReadAction\",\"target\":[\"https:\/\/akademia-zdrowia.pl\/kielce\/oferta-szkoleniowa\/ksztalcenie-pielegniarek-i-poloznych\/specjalizacje\/pielegniarstwo-onkologiczne\/\"]}]},{\"@type\":\"BreadcrumbList\",\"@id\":\"https:\/\/akademia-zdrowia.pl\/kielce\/oferta-szkoleniowa\/ksztalcenie-pielegniarek-i-poloznych\/specjalizacje\/pielegniarstwo-onkologiczne\/#breadcrumb\",\"itemListElement\":[{\"@type\":\"ListItem\",\"position\":1,\"name\":\"Strona g\u0142\u00f3wna\",\"item\":\"https:\/\/akademia-zdrowia.pl\/kielce\/\"},{\"@type\":\"ListItem\",\"position\":2,\"name\":\"Oferta szkoleniowa\",\"item\":\"https:\/\/akademia-zdrowia.pl\/kielce\/oferta-szkoleniowa\/\"},{\"@type\":\"ListItem\",\"position\":3,\"name\":\"Kszta\u0142cenie piel\u0119gniarek i po\u0142o\u017cnych\",\"item\":\"https:\/\/akademia-zdrowia.pl\/kielce\/oferta-szkoleniowa\/ksztalcenie-pielegniarek-i-poloznych\/\"},{\"@type\":\"ListItem\",\"position\":4,\"name\":\"Specjalizacje\",\"item\":\"https:\/\/akademia-zdrowia.pl\/kielce\/oferta-szkoleniowa\/ksztalcenie-pielegniarek-i-poloznych\/specjalizacje\/\"},{\"@type\":\"ListItem\",\"position\":5,\"name\":\"Piel\u0119gniarstwo onkologiczne\"}]},{\"@type\":\"WebSite\",\"@id\":\"https:\/\/akademia-zdrowia.pl\/kielce\/#website\",\"url\":\"https:\/\/akademia-zdrowia.pl\/kielce\/\",\"name\":\"Akademia Zdrowia Kielce\",\"description\":\"Kolejna witryna oparta na WordPressie\",\"potentialAction\":[{\"@type\":\"SearchAction\",\"target\":{\"@type\":\"EntryPoint\",\"urlTemplate\":\"https:\/\/akademia-zdrowia.pl\/kielce\/?s={search_term_string}\"},\"query-input\":{\"@type\":\"PropertyValueSpecification\",\"valueRequired\":true,\"valueName\":\"search_term_string\"}}],\"inLanguage\":\"pl-PL\"}]}<\/script>\n<!-- \/ Yoast SEO plugin. -->","yoast_head_json":{"title":"Piel\u0119gniarstwo onkologiczne - Akademia Zdrowia Kielce","robots":{"index":"index","follow":"follow","max-snippet":"max-snippet:-1","max-image-preview":"max-image-preview:large","max-video-preview":"max-video-preview:-1"},"canonical":"https:\/\/akademia-zdrowia.pl\/kielce\/oferta-szkoleniowa\/ksztalcenie-pielegniarek-i-poloznych\/specjalizacje\/pielegniarstwo-onkologiczne\/","og_locale":"pl_PL","og_type":"article","og_title":"Piel\u0119gniarstwo onkologiczne - Akademia Zdrowia Kielce","og_description":"Piel\u0119gniarstwo Onkologiczne Piel\u0119gniarstwo Onkologiczne Rodzaj kszta\u0142cenia Szkolenie specjalizacyjne jest to\u00a0\u00a0 rodzaj\u00a0\u00a0 kszta\u0142cenia, kt\u00f3ry zgodnie\u00a0\u00a0 z\u00a0\u00a0 ustaw\u0105 z\u00a0\u00a0 dnia 15 lipca 2011 r. o zawodach piel\u0119gniarki i po\u0142o\u017cnej (Dz. U. z 2016 r., poz. 1251) ma na celu uzyskanie przez piel\u0119gniark\u0119 lub po\u0142o\u017cn\u0105 specjalistycznej wiedzy i umiej\u0119tno\u015bci w okre\u015blonej dziedzinie piel\u0119gniarstwa lub dziedzinie maj\u0105cej zastosowanie w...","og_url":"https:\/\/akademia-zdrowia.pl\/kielce\/oferta-szkoleniowa\/ksztalcenie-pielegniarek-i-poloznych\/specjalizacje\/pielegniarstwo-onkologiczne\/","og_site_name":"Akademia Zdrowia Kielce","article_modified_time":"2022-11-25T12:48:38+00:00","twitter_card":"summary_large_image","twitter_misc":{"Szacowany czas czytania":"3 minuty"},"schema":{"@context":"https:\/\/schema.org","@graph":[{"@type":"WebPage","@id":"https:\/\/akademia-zdrowia.pl\/kielce\/oferta-szkoleniowa\/ksztalcenie-pielegniarek-i-poloznych\/specjalizacje\/pielegniarstwo-onkologiczne\/","url":"https:\/\/akademia-zdrowia.pl\/kielce\/oferta-szkoleniowa\/ksztalcenie-pielegniarek-i-poloznych\/specjalizacje\/pielegniarstwo-onkologiczne\/","name":"Piel\u0119gniarstwo onkologiczne - Akademia Zdrowia Kielce","isPartOf":{"@id":"https:\/\/akademia-zdrowia.pl\/kielce\/#website"},"datePublished":"2018-01-10T12:09:43+00:00","dateModified":"2022-11-25T12:48:38+00:00","breadcrumb":{"@id":"https:\/\/akademia-zdrowia.pl\/kielce\/oferta-szkoleniowa\/ksztalcenie-pielegniarek-i-poloznych\/specjalizacje\/pielegniarstwo-onkologiczne\/#breadcrumb"},"inLanguage":"pl-PL","potentialAction":[{"@type":"ReadAction","target":["https:\/\/akademia-zdrowia.pl\/kielce\/oferta-szkoleniowa\/ksztalcenie-pielegniarek-i-poloznych\/specjalizacje\/pielegniarstwo-onkologiczne\/"]}]},{"@type":"BreadcrumbList","@id":"https:\/\/akademia-zdrowia.pl\/kielce\/oferta-szkoleniowa\/ksztalcenie-pielegniarek-i-poloznych\/specjalizacje\/pielegniarstwo-onkologiczne\/#breadcrumb","itemListElement":[{"@type":"ListItem","position":1,"name":"Strona g\u0142\u00f3wna","item":"https:\/\/akademia-zdrowia.pl\/kielce\/"},{"@type":"ListItem","position":2,"name":"Oferta szkoleniowa","item":"https:\/\/akademia-zdrowia.pl\/kielce\/oferta-szkoleniowa\/"},{"@type":"ListItem","position":3,"name":"Kszta\u0142cenie piel\u0119gniarek i po\u0142o\u017cnych","item":"https:\/\/akademia-zdrowia.pl\/kielce\/oferta-szkoleniowa\/ksztalcenie-pielegniarek-i-poloznych\/"},{"@type":"ListItem","position":4,"name":"Specjalizacje","item":"https:\/\/akademia-zdrowia.pl\/kielce\/oferta-szkoleniowa\/ksztalcenie-pielegniarek-i-poloznych\/specjalizacje\/"},{"@type":"ListItem","position":5,"name":"Piel\u0119gniarstwo onkologiczne"}]},{"@type":"WebSite","@id":"https:\/\/akademia-zdrowia.pl\/kielce\/#website","url":"https:\/\/akademia-zdrowia.pl\/kielce\/","name":"Akademia Zdrowia Kielce","description":"Kolejna witryna oparta na WordPressie","potentialAction":[{"@type":"SearchAction","target":{"@type":"EntryPoint","urlTemplate":"https:\/\/akademia-zdrowia.pl\/kielce\/?s={search_term_string}"},"query-input":{"@type":"PropertyValueSpecification","valueRequired":true,"valueName":"search_term_string"}}],"inLanguage":"pl-PL"}]}},"_links":{"self":[{"href":"https:\/\/akademia-zdrowia.pl\/kielce\/wp-json\/wp\/v2\/pages\/537","targetHints":{"allow":["GET"]}}],"collection":[{"href":"https:\/\/akademia-zdrowia.pl\/kielce\/wp-json\/wp\/v2\/pages"}],"about":[{"href":"https:\/\/akademia-zdrowia.pl\/kielce\/wp-json\/wp\/v2\/types\/page"}],"author":[{"embeddable":true,"href":"https:\/\/akademia-zdrowia.pl\/kielce\/wp-json\/wp\/v2\/users\/1"}],"replies":[{"embeddable":true,"href":"https:\/\/akademia-zdrowia.pl\/kielce\/wp-json\/wp\/v2\/comments?post=537"}],"version-history":[{"count":3,"href":"https:\/\/akademia-zdrowia.pl\/kielce\/wp-json\/wp\/v2\/pages\/537\/revisions"}],"predecessor-version":[{"id":5717,"href":"https:\/\/akademia-zdrowia.pl\/kielce\/wp-json\/wp\/v2\/pages\/537\/revisions\/5717"}],"up":[{"embeddable":true,"href":"https:\/\/akademia-zdrowia.pl\/kielce\/wp-json\/wp\/v2\/pages\/401"}],"wp:attachment":[{"href":"https:\/\/akademia-zdrowia.pl\/kielce\/wp-json\/wp\/v2\/media?parent=537"}],"curies":[{"name":"wp","href":"https:\/\/api.w.org\/{rel}","templated":true}]}}