{"id":16739,"date":"2025-04-24T09:51:29","date_gmt":"2025-04-24T07:51:29","guid":{"rendered":"https:\/\/akademia-zdrowia.pl\/lodz\/?page_id=16739"},"modified":"2025-09-04T15:39:25","modified_gmt":"2025-09-04T13:39:25","slug":"szansa-dla-lodzkiego","status":"publish","type":"page","link":"https:\/\/akademia-zdrowia.pl\/lodz\/oferta-szkoleniowa\/projekty-unijne\/szansa-dla-lodzkiego\/","title":{"rendered":"Szansa dla \u0142\u00f3dzkiego"},"content":{"rendered":"\t\t<div data-elementor-type=\"wp-page\" data-elementor-id=\"16739\" class=\"elementor elementor-16739\" data-elementor-post-type=\"page\">\n\t\t\t\t\t\t<section class=\"elementor-section elementor-top-section elementor-element elementor-element-d1ba2dc elementor-section-boxed elementor-section-height-default elementor-section-height-default\" data-id=\"d1ba2dc\" data-element_type=\"section\" data-e-type=\"section\">\n\t\t\t\t\t\t<div class=\"elementor-container elementor-column-gap-default\">\n\t\t\t\t\t<div class=\"elementor-column elementor-col-100 elementor-top-column elementor-element elementor-element-1b75a92\" data-id=\"1b75a92\" data-element_type=\"column\" data-e-type=\"column\">\n\t\t\t<div class=\"elementor-widget-wrap elementor-element-populated\">\n\t\t\t\t\t\t<div class=\"elementor-element elementor-element-204ad1d elementor-widget elementor-widget-rs-heading\" data-id=\"204ad1d\" data-element_type=\"widget\" data-e-type=\"widget\" data-widget_type=\"rs-heading.default\">\n\t\t\t\t<div class=\"elementor-widget-container\">\n\t\t\t\t\t        <div class=\"rs-heading default \">\r\n        \t<div class=\"title-inner\">\r\n        \t\t      \t\t\r\n\t            <span class=\"sub-text \">AKADEMIA ZDROWIA PROJEKTY UNIJNE<\/span><h1 class=\"title\"><span class=\"watermark\"><\/span>Szansa dla \u0142\u00f3dzkiego<\/h1>\t        <\/div>\r\n\t                <\/div>\r\n        \t\t\t\t<\/div>\n\t\t\t\t<\/div>\n\t\t\t\t\t<\/div>\n\t\t<\/div>\n\t\t\t\t\t<\/div>\n\t\t<\/section>\n\t\t\t\t<section class=\"elementor-section elementor-top-section elementor-element elementor-element-84a410e elementor-section-stretched elementor-section-boxed elementor-section-height-default elementor-section-height-default\" data-id=\"84a410e\" data-element_type=\"section\" data-e-type=\"section\" data-settings=\"{&quot;stretch_section&quot;:&quot;section-stretched&quot;}\">\n\t\t\t\t\t\t<div class=\"elementor-container elementor-column-gap-default\">\n\t\t\t\t\t<div class=\"elementor-column elementor-col-100 elementor-top-column elementor-element elementor-element-9ec7659\" data-id=\"9ec7659\" data-element_type=\"column\" data-e-type=\"column\">\n\t\t\t<div class=\"elementor-widget-wrap elementor-element-populated\">\n\t\t\t\t\t\t<div class=\"elementor-element elementor-element-05eb283 elementor-tabs-view-horizontal elementor-widget elementor-widget-tabs\" data-id=\"05eb283\" data-element_type=\"widget\" data-e-type=\"widget\" data-widget_type=\"tabs.default\">\n\t\t\t\t<div class=\"elementor-widget-container\">\n\t\t\t\t\t\t\t<div class=\"elementor-tabs\">\n\t\t\t<div class=\"elementor-tabs-wrapper\" role=\"tablist\" >\n\t\t\t\t\t\t\t\t\t<div id=\"elementor-tab-title-6201\" class=\"elementor-tab-title elementor-tab-desktop-title\" aria-selected=\"true\" data-tab=\"1\" role=\"tab\" tabindex=\"0\" aria-controls=\"elementor-tab-content-6201\" aria-expanded=\"false\">Projekt<\/div>\n\t\t\t\t\t\t\t\t\t<div id=\"elementor-tab-title-6202\" class=\"elementor-tab-title elementor-tab-desktop-title\" aria-selected=\"false\" data-tab=\"2\" role=\"tab\" tabindex=\"-1\" aria-controls=\"elementor-tab-content-6202\" aria-expanded=\"false\">Zapytania ofertowe<\/div>\n\t\t\t\t\t\t\t\t\t<div id=\"elementor-tab-title-6203\" class=\"elementor-tab-title elementor-tab-desktop-title\" aria-selected=\"false\" data-tab=\"3\" role=\"tab\" tabindex=\"-1\" aria-controls=\"elementor-tab-content-6203\" aria-expanded=\"false\">Harmonogram<\/div>\n\t\t\t\t\t\t\t<\/div>\n\t\t\t<div class=\"elementor-tabs-content-wrapper\" role=\"tablist\" aria-orientation=\"vertical\">\n\t\t\t\t\t\t\t\t\t<div class=\"elementor-tab-title elementor-tab-mobile-title\" aria-selected=\"true\" data-tab=\"1\" role=\"tab\" tabindex=\"0\" aria-controls=\"elementor-tab-content-6201\" aria-expanded=\"false\">Projekt<\/div>\n\t\t\t\t\t<div id=\"elementor-tab-content-6201\" class=\"elementor-tab-content elementor-clearfix\" data-tab=\"1\" role=\"tabpanel\" aria-labelledby=\"elementor-tab-title-6201\" tabindex=\"0\" hidden=\"false\"><p><img fetchpriority=\"high\" decoding=\"async\" class=\"alignnone wp-image-16953 size-full\" src=\"https:\/\/akademia-zdrowia.pl\/lodz\/wp-content\/uploads\/2025\/05\/zestawienie-znakow-kolor-scaled.jpg\" alt=\"\" width=\"2560\" height=\"257\" srcset=\"https:\/\/akademia-zdrowia.pl\/lodz\/wp-content\/uploads\/2025\/05\/zestawienie-znakow-kolor-scaled.jpg 2560w, https:\/\/akademia-zdrowia.pl\/lodz\/wp-content\/uploads\/2025\/05\/zestawienie-znakow-kolor-300x30.jpg 300w, https:\/\/akademia-zdrowia.pl\/lodz\/wp-content\/uploads\/2025\/05\/zestawienie-znakow-kolor-1024x103.jpg 1024w, https:\/\/akademia-zdrowia.pl\/lodz\/wp-content\/uploads\/2025\/05\/zestawienie-znakow-kolor-768x77.jpg 768w, https:\/\/akademia-zdrowia.pl\/lodz\/wp-content\/uploads\/2025\/05\/zestawienie-znakow-kolor-1536x154.jpg 1536w, https:\/\/akademia-zdrowia.pl\/lodz\/wp-content\/uploads\/2025\/05\/zestawienie-znakow-kolor-2048x206.jpg 2048w, https:\/\/akademia-zdrowia.pl\/lodz\/wp-content\/uploads\/2025\/05\/zestawienie-znakow-kolor-500x50.jpg 500w\" sizes=\"(max-width: 2560px) 100vw, 2560px\" \/><\/p><p><strong>\u201eSzansa dla \u0142\u00f3dzkiego\u201d<\/strong><\/p><p>Projekt jest wsp\u00f3\u0142finansowany ze \u015brodk\u00f3w Europejskiego Funduszu Spo\u0142ecznego Plus w ramach Programu Regionalnego Fundusze Europejskie dla \u0141\u00f3dzkiego 2021-2027<\/p><p>Zadania:<\/p><ul><li>Okre\u015blenie \u015bcie\u017cki reintegracji spo\u0142eczno-zawodowej<\/li><li>indywidualne poradnictwo psychologiczne i specjalistyczne<\/li><li>warsztaty reintegracji spo\u0142eczno-zawodowej<\/li><li>kursy komputerowe<\/li><li>wysokiej jako\u015bci szkolenia zawodowe<\/li><li>wysokiej jako\u015bci sta\u017ce zawodowe<\/li><li>po\u015brednictwo pracy<\/li><\/ul><p>Projekt skierowany jest do 46 os\u00f3b w wieku aktywno\u015bci zawodowej 18 lat i wi\u0119cej zamieszka\u0142ych na terenie wojew\u00f3dztwa \u0142\u00f3dzkiego: powiat tomaszowski, radomszcza\u0144ski i piotrkowski zagro\u017conych ub\u00f3stwem lub wykluczeniem spo\u0142ecznym, pozostaj\u0105cych bez zatrudnienia.<\/p><p>Celem projektu jest podniesienie kompetencji spo\u0142eczno- zawodowych 46 (28K\/18M) os\u00f3b pozostaj\u0105cych bez zatrudnienia w wieku 18 lat i wi\u0119cej zagro\u017conych ub\u00f3stwem lub wykluczeniem spo\u0142ecznym ,w tym os\u00f3b bezrobotnych, kt\u00f3re w pierwszej kolejno\u015bci wymagaj\u0105 aktywizacji spo\u0142ecznej zamieszka\u0142ych na terenie wojew\u00f3dztwa \u0142\u00f3dzkiego powiat\u00f3w: tomaszowskiego (PT), radomszcza\u0144skiego (PR) lub piotrkowskiego(PP) poprzez udzia\u0142 w kompleksowym i zindywidualizowanym wsparciu zawieraj\u0105cym instrumenty aktywizacji spo\u0142ecznej, edukacyjnej i zawodowej przeprowadzonym w okresie 01.01.2025-30.06.2026 r.<\/p><p>Projekt przyczyni si\u0119 do przywr\u00f3cenia zdolno\u015bci zatrudnienia os\u00f3b zagro\u017conych ub\u00f3stwem lub wykluczeniem spo\u0142ecznym dzi\u0119ki obj\u0119ciu 46 os\u00f3b niepracuj\u0105cych w wieku 18 lat i wi\u0119cej zagro\u017conych ub\u00f3stwem lub wykluczeniem spo\u0142ecznym z terenu wojew\u00f3dztwa \u0142\u00f3dzkiego instrumentami aktywizacja spo\u0142ecznej, edukacyjnej i zawodowej co wp\u0142ynie na popraw\u0119 ich sytuacji \u017cyciowo-zawodowej tj. prze\u0142amanie barier spo\u0142ecznych wzmocnienie poczucia w\u0142asnej warto\u015bci i motywacji do zmiany swojej sytuacji, zwi\u0119kszenie kompetencji kluczowych w<br \/>zakresie TIK, zmniejszenie dystansu do rynku pracy i zwi\u0119kszenie szans<br \/>na zatrudnienie.<\/p><p>warto\u015b\u0107 projektu (ca\u0142kowity koszt projektu), 771 206,50 z\u0142<br \/>wysoko\u015b\u0107 wk\u0142adu Funduszy Europejskich. 732 646,17 z\u0142<br \/>#FunduszeUE<br \/>#FunduszeEuropejskie<\/p><\/div>\n\t\t\t\t\t\t\t\t\t<div class=\"elementor-tab-title elementor-tab-mobile-title\" aria-selected=\"false\" data-tab=\"2\" role=\"tab\" tabindex=\"-1\" aria-controls=\"elementor-tab-content-6202\" aria-expanded=\"false\">Zapytania ofertowe<\/div>\n\t\t\t\t\t<div id=\"elementor-tab-content-6202\" class=\"elementor-tab-content elementor-clearfix\" data-tab=\"2\" role=\"tabpanel\" aria-labelledby=\"elementor-tab-title-6202\" tabindex=\"0\" hidden=\"hidden\"><p><img fetchpriority=\"high\" decoding=\"async\" class=\"alignnone wp-image-16953 size-full\" src=\"https:\/\/akademia-zdrowia.pl\/lodz\/wp-content\/uploads\/2025\/05\/zestawienie-znakow-kolor-scaled.jpg\" alt=\"\" width=\"2560\" height=\"257\" srcset=\"https:\/\/akademia-zdrowia.pl\/lodz\/wp-content\/uploads\/2025\/05\/zestawienie-znakow-kolor-scaled.jpg 2560w, https:\/\/akademia-zdrowia.pl\/lodz\/wp-content\/uploads\/2025\/05\/zestawienie-znakow-kolor-300x30.jpg 300w, https:\/\/akademia-zdrowia.pl\/lodz\/wp-content\/uploads\/2025\/05\/zestawienie-znakow-kolor-1024x103.jpg 1024w, https:\/\/akademia-zdrowia.pl\/lodz\/wp-content\/uploads\/2025\/05\/zestawienie-znakow-kolor-768x77.jpg 768w, https:\/\/akademia-zdrowia.pl\/lodz\/wp-content\/uploads\/2025\/05\/zestawienie-znakow-kolor-1536x154.jpg 1536w, https:\/\/akademia-zdrowia.pl\/lodz\/wp-content\/uploads\/2025\/05\/zestawienie-znakow-kolor-2048x206.jpg 2048w, https:\/\/akademia-zdrowia.pl\/lodz\/wp-content\/uploads\/2025\/05\/zestawienie-znakow-kolor-500x50.jpg 500w\" sizes=\"(max-width: 2560px) 100vw, 2560px\" \/><\/p><\/div>\n\t\t\t\t\t\t\t\t\t<div class=\"elementor-tab-title elementor-tab-mobile-title\" aria-selected=\"false\" data-tab=\"3\" role=\"tab\" tabindex=\"-1\" aria-controls=\"elementor-tab-content-6203\" aria-expanded=\"false\">Harmonogram<\/div>\n\t\t\t\t\t<div id=\"elementor-tab-content-6203\" class=\"elementor-tab-content elementor-clearfix\" data-tab=\"3\" role=\"tabpanel\" aria-labelledby=\"elementor-tab-title-6203\" tabindex=\"0\" hidden=\"hidden\"><p><img fetchpriority=\"high\" decoding=\"async\" class=\"alignnone wp-image-16953 size-full\" src=\"https:\/\/akademia-zdrowia.pl\/lodz\/wp-content\/uploads\/2025\/05\/zestawienie-znakow-kolor-scaled.jpg\" alt=\"\" width=\"2560\" height=\"257\" srcset=\"https:\/\/akademia-zdrowia.pl\/lodz\/wp-content\/uploads\/2025\/05\/zestawienie-znakow-kolor-scaled.jpg 2560w, https:\/\/akademia-zdrowia.pl\/lodz\/wp-content\/uploads\/2025\/05\/zestawienie-znakow-kolor-300x30.jpg 300w, https:\/\/akademia-zdrowia.pl\/lodz\/wp-content\/uploads\/2025\/05\/zestawienie-znakow-kolor-1024x103.jpg 1024w, https:\/\/akademia-zdrowia.pl\/lodz\/wp-content\/uploads\/2025\/05\/zestawienie-znakow-kolor-768x77.jpg 768w, https:\/\/akademia-zdrowia.pl\/lodz\/wp-content\/uploads\/2025\/05\/zestawienie-znakow-kolor-1536x154.jpg 1536w, https:\/\/akademia-zdrowia.pl\/lodz\/wp-content\/uploads\/2025\/05\/zestawienie-znakow-kolor-2048x206.jpg 2048w, https:\/\/akademia-zdrowia.pl\/lodz\/wp-content\/uploads\/2025\/05\/zestawienie-znakow-kolor-500x50.jpg 500w\" sizes=\"(max-width: 2560px) 100vw, 2560px\" \/><\/p><p><a href=\"https:\/\/akademia-zdrowia.pl\/lodz\/wp-content\/uploads\/2025\/09\/Harmonogram-dzialan-Szansa-dla-lodzkiego-20.08.2025.pdf\">Harmonogram dzia\u0142a\u0144 &#8211; Szansa dla \u0142\u00f3dzkiego 20.08.2025<\/a><br \/><a href=\"https:\/\/akademia-zdrowia.pl\/lodz\/wp-content\/uploads\/2025\/07\/Harmonogram-dzialan-Szansa-dla-lodzkiego.pdf\">Harmonogram dzia\u0142a\u0144 &#8211; Szansa dla \u0142\u00f3dzkiego<\/a><\/p><\/div>\n\t\t\t\t\t\t\t<\/div>\n\t\t<\/div>\n\t\t\t\t\t\t<\/div>\n\t\t\t\t<\/div>\n\t\t\t\t\t<\/div>\n\t\t<\/div>\n\t\t\t\t\t<\/div>\n\t\t<\/section>\n\t\t\t\t<\/div>\n\t\t","protected":false},"excerpt":{"rendered":"<p>AKADEMIA ZDROWIA PROJEKTY UNIJNE Szansa dla \u0142\u00f3dzkiego Projekt Zapytania ofertowe Harmonogram Projekt \u201eSzansa dla \u0142\u00f3dzkiego\u201d Projekt jest wsp\u00f3\u0142finansowany ze \u015brodk\u00f3w Europejskiego Funduszu Spo\u0142ecznego Plus w ramach Programu Regionalnego Fundusze Europejskie dla \u0141\u00f3dzkiego 2021-2027 Zadania: Okre\u015blenie \u015bcie\u017cki reintegracji spo\u0142eczno-zawodowej indywidualne poradnictwo psychologiczne i specjalistyczne warsztaty reintegracji spo\u0142eczno-zawodowej kursy komputerowe wysokiej jako\u015bci szkolenia zawodowe wysokiej jako\u015bci sta\u017ce&#8230;<\/p>\n","protected":false},"author":3,"featured_media":0,"parent":55,"menu_order":0,"comment_status":"closed","ping_status":"closed","template":"","meta":{"footnotes":""},"class_list":["post-16739","page","type-page","status-publish","hentry"],"yoast_head":"<!-- This site is optimized with the Yoast SEO Premium plugin v18.9 (Yoast SEO v27.2) - https:\/\/yoast.com\/product\/yoast-seo-premium-wordpress\/ -->\n<title>Szansa dla \u0142\u00f3dzkiego - Akademia Zdrowia \u0141\u00f3d\u017a - Kursy zawodowe, szko\u0142y policealne, szko\u0142y dla doros\u0142ych<\/title>\n<meta name=\"description\" content=\"AKADEMIA ZDROWIA PROJEKTY UNIJNESzansa dla \u0142\u00f3dzkiego Projekt Zapytania ofertowe Harmonogram Projekt \u201eSzansa dla \u0142\u00f3dzkiego\u201dProjekt jest wsp\u00f3\u0142finansowany ze\" \/>\n<meta name=\"robots\" content=\"index, follow, max-snippet:-1, max-image-preview:large, max-video-preview:-1\" \/>\n<link rel=\"canonical\" href=\"https:\/\/akademia-zdrowia.pl\/lodz\/oferta-szkoleniowa\/projekty-unijne\/szansa-dla-lodzkiego\/\" \/>\n<meta property=\"og:locale\" content=\"pl_PL\" \/>\n<meta property=\"og:type\" content=\"article\" \/>\n<meta property=\"og:title\" content=\"Szansa dla \u0142\u00f3dzkiego\" \/>\n<meta property=\"og:description\" content=\"AKADEMIA ZDROWIA PROJEKTY UNIJNESzansa dla \u0142\u00f3dzkiego Projekt Zapytania ofertowe Harmonogram Projekt \u201eSzansa dla \u0142\u00f3dzkiego\u201dProjekt jest wsp\u00f3\u0142finansowany ze\" \/>\n<meta property=\"og:url\" content=\"https:\/\/akademia-zdrowia.pl\/lodz\/oferta-szkoleniowa\/projekty-unijne\/szansa-dla-lodzkiego\/\" \/>\n<meta property=\"og:site_name\" content=\"Akademia Zdrowia \u0141\u00f3d\u017a\" \/>\n<meta property=\"article:modified_time\" content=\"2025-09-04T13:39:25+00:00\" \/>\n<meta property=\"og:image\" content=\"https:\/\/akademia-zdrowia.pl\/lodz\/wp-content\/uploads\/2025\/05\/zestawienie-znakow-kolor-scaled.jpg\" \/>\n\t<meta property=\"og:image:width\" content=\"2560\" \/>\n\t<meta property=\"og:image:height\" content=\"257\" \/>\n\t<meta property=\"og:image:type\" content=\"image\/jpeg\" \/>\n<meta name=\"twitter:card\" content=\"summary_large_image\" \/>\n<meta name=\"twitter:label1\" content=\"Szacowany czas czytania\" \/>\n\t<meta name=\"twitter:data1\" content=\"3 minuty\" \/>\n<script type=\"application\/ld+json\" class=\"yoast-schema-graph\">{\"@context\":\"https:\/\/schema.org\",\"@graph\":[{\"@type\":\"WebPage\",\"@id\":\"https:\/\/akademia-zdrowia.pl\/lodz\/oferta-szkoleniowa\/projekty-unijne\/szansa-dla-lodzkiego\/\",\"url\":\"https:\/\/akademia-zdrowia.pl\/lodz\/oferta-szkoleniowa\/projekty-unijne\/szansa-dla-lodzkiego\/\",\"name\":\"Szansa dla \u0142\u00f3dzkiego - Akademia Zdrowia \u0141\u00f3d\u017a - Kursy zawodowe, szko\u0142y policealne, szko\u0142y dla doros\u0142ych\",\"isPartOf\":{\"@id\":\"https:\/\/akademia-zdrowia.pl\/lodz\/#website\"},\"primaryImageOfPage\":{\"@id\":\"https:\/\/akademia-zdrowia.pl\/lodz\/oferta-szkoleniowa\/projekty-unijne\/szansa-dla-lodzkiego\/#primaryimage\"},\"image\":{\"@id\":\"https:\/\/akademia-zdrowia.pl\/lodz\/oferta-szkoleniowa\/projekty-unijne\/szansa-dla-lodzkiego\/#primaryimage\"},\"thumbnailUrl\":\"https:\/\/akademia-zdrowia.pl\/lodz\/wp-content\/uploads\/2025\/05\/zestawienie-znakow-kolor-scaled.jpg\",\"datePublished\":\"2025-04-24T07:51:29+00:00\",\"dateModified\":\"2025-09-04T13:39:25+00:00\",\"description\":\"AKADEMIA ZDROWIA PROJEKTY UNIJNESzansa dla \u0142\u00f3dzkiego Projekt Zapytania ofertowe Harmonogram Projekt \u201eSzansa dla \u0142\u00f3dzkiego\u201dProjekt jest wsp\u00f3\u0142finansowany ze\",\"breadcrumb\":{\"@id\":\"https:\/\/akademia-zdrowia.pl\/lodz\/oferta-szkoleniowa\/projekty-unijne\/szansa-dla-lodzkiego\/#breadcrumb\"},\"inLanguage\":\"pl-PL\",\"potentialAction\":[{\"@type\":\"ReadAction\",\"target\":[\"https:\/\/akademia-zdrowia.pl\/lodz\/oferta-szkoleniowa\/projekty-unijne\/szansa-dla-lodzkiego\/\"]}]},{\"@type\":\"ImageObject\",\"inLanguage\":\"pl-PL\",\"@id\":\"https:\/\/akademia-zdrowia.pl\/lodz\/oferta-szkoleniowa\/projekty-unijne\/szansa-dla-lodzkiego\/#primaryimage\",\"url\":\"https:\/\/akademia-zdrowia.pl\/lodz\/wp-content\/uploads\/2025\/05\/zestawienie-znakow-kolor-scaled.jpg\",\"contentUrl\":\"https:\/\/akademia-zdrowia.pl\/lodz\/wp-content\/uploads\/2025\/05\/zestawienie-znakow-kolor-scaled.jpg\",\"width\":2560,\"height\":257},{\"@type\":\"BreadcrumbList\",\"@id\":\"https:\/\/akademia-zdrowia.pl\/lodz\/oferta-szkoleniowa\/projekty-unijne\/szansa-dla-lodzkiego\/#breadcrumb\",\"itemListElement\":[{\"@type\":\"ListItem\",\"position\":1,\"name\":\"Strona g\u0142\u00f3wna\",\"item\":\"https:\/\/akademia-zdrowia.pl\/lodz\/\"},{\"@type\":\"ListItem\",\"position\":2,\"name\":\"Oferta szkoleniowa\",\"item\":\"https:\/\/akademia-zdrowia.pl\/lodz\/oferta-szkoleniowa\/\"},{\"@type\":\"ListItem\",\"position\":3,\"name\":\"Projekty unijne\",\"item\":\"https:\/\/akademia-zdrowia.pl\/lodz\/oferta-szkoleniowa\/projekty-unijne\/\"},{\"@type\":\"ListItem\",\"position\":4,\"name\":\"Szansa dla \u0142\u00f3dzkiego\"}]},{\"@type\":\"WebSite\",\"@id\":\"https:\/\/akademia-zdrowia.pl\/lodz\/#website\",\"url\":\"https:\/\/akademia-zdrowia.pl\/lodz\/\",\"name\":\"Akademia Zdrowia \u0141\u00f3d\u017a\",\"description\":\"\",\"potentialAction\":[{\"@type\":\"SearchAction\",\"target\":{\"@type\":\"EntryPoint\",\"urlTemplate\":\"https:\/\/akademia-zdrowia.pl\/lodz\/?s={search_term_string}\"},\"query-input\":{\"@type\":\"PropertyValueSpecification\",\"valueRequired\":true,\"valueName\":\"search_term_string\"}}],\"inLanguage\":\"pl-PL\"}]}<\/script>\n<!-- \/ Yoast SEO Premium plugin. -->","yoast_head_json":{"title":"Szansa dla \u0142\u00f3dzkiego - Akademia Zdrowia \u0141\u00f3d\u017a - Kursy zawodowe, szko\u0142y policealne, szko\u0142y dla doros\u0142ych","description":"AKADEMIA ZDROWIA PROJEKTY UNIJNESzansa dla \u0142\u00f3dzkiego Projekt Zapytania ofertowe Harmonogram Projekt \u201eSzansa dla \u0142\u00f3dzkiego\u201dProjekt jest wsp\u00f3\u0142finansowany ze","robots":{"index":"index","follow":"follow","max-snippet":"max-snippet:-1","max-image-preview":"max-image-preview:large","max-video-preview":"max-video-preview:-1"},"canonical":"https:\/\/akademia-zdrowia.pl\/lodz\/oferta-szkoleniowa\/projekty-unijne\/szansa-dla-lodzkiego\/","og_locale":"pl_PL","og_type":"article","og_title":"Szansa dla \u0142\u00f3dzkiego","og_description":"AKADEMIA ZDROWIA PROJEKTY UNIJNESzansa dla \u0142\u00f3dzkiego Projekt Zapytania ofertowe Harmonogram Projekt \u201eSzansa dla \u0142\u00f3dzkiego\u201dProjekt jest wsp\u00f3\u0142finansowany ze","og_url":"https:\/\/akademia-zdrowia.pl\/lodz\/oferta-szkoleniowa\/projekty-unijne\/szansa-dla-lodzkiego\/","og_site_name":"Akademia Zdrowia \u0141\u00f3d\u017a","article_modified_time":"2025-09-04T13:39:25+00:00","og_image":[{"width":2560,"height":257,"url":"https:\/\/akademia-zdrowia.pl\/lodz\/wp-content\/uploads\/2025\/05\/zestawienie-znakow-kolor-scaled.jpg","type":"image\/jpeg"}],"twitter_card":"summary_large_image","twitter_misc":{"Szacowany czas czytania":"3 minuty"},"schema":{"@context":"https:\/\/schema.org","@graph":[{"@type":"WebPage","@id":"https:\/\/akademia-zdrowia.pl\/lodz\/oferta-szkoleniowa\/projekty-unijne\/szansa-dla-lodzkiego\/","url":"https:\/\/akademia-zdrowia.pl\/lodz\/oferta-szkoleniowa\/projekty-unijne\/szansa-dla-lodzkiego\/","name":"Szansa dla \u0142\u00f3dzkiego - Akademia Zdrowia \u0141\u00f3d\u017a - Kursy zawodowe, szko\u0142y policealne, szko\u0142y dla doros\u0142ych","isPartOf":{"@id":"https:\/\/akademia-zdrowia.pl\/lodz\/#website"},"primaryImageOfPage":{"@id":"https:\/\/akademia-zdrowia.pl\/lodz\/oferta-szkoleniowa\/projekty-unijne\/szansa-dla-lodzkiego\/#primaryimage"},"image":{"@id":"https:\/\/akademia-zdrowia.pl\/lodz\/oferta-szkoleniowa\/projekty-unijne\/szansa-dla-lodzkiego\/#primaryimage"},"thumbnailUrl":"https:\/\/akademia-zdrowia.pl\/lodz\/wp-content\/uploads\/2025\/05\/zestawienie-znakow-kolor-scaled.jpg","datePublished":"2025-04-24T07:51:29+00:00","dateModified":"2025-09-04T13:39:25+00:00","description":"AKADEMIA ZDROWIA PROJEKTY UNIJNESzansa dla \u0142\u00f3dzkiego Projekt Zapytania ofertowe Harmonogram Projekt \u201eSzansa dla \u0142\u00f3dzkiego\u201dProjekt jest wsp\u00f3\u0142finansowany ze","breadcrumb":{"@id":"https:\/\/akademia-zdrowia.pl\/lodz\/oferta-szkoleniowa\/projekty-unijne\/szansa-dla-lodzkiego\/#breadcrumb"},"inLanguage":"pl-PL","potentialAction":[{"@type":"ReadAction","target":["https:\/\/akademia-zdrowia.pl\/lodz\/oferta-szkoleniowa\/projekty-unijne\/szansa-dla-lodzkiego\/"]}]},{"@type":"ImageObject","inLanguage":"pl-PL","@id":"https:\/\/akademia-zdrowia.pl\/lodz\/oferta-szkoleniowa\/projekty-unijne\/szansa-dla-lodzkiego\/#primaryimage","url":"https:\/\/akademia-zdrowia.pl\/lodz\/wp-content\/uploads\/2025\/05\/zestawienie-znakow-kolor-scaled.jpg","contentUrl":"https:\/\/akademia-zdrowia.pl\/lodz\/wp-content\/uploads\/2025\/05\/zestawienie-znakow-kolor-scaled.jpg","width":2560,"height":257},{"@type":"BreadcrumbList","@id":"https:\/\/akademia-zdrowia.pl\/lodz\/oferta-szkoleniowa\/projekty-unijne\/szansa-dla-lodzkiego\/#breadcrumb","itemListElement":[{"@type":"ListItem","position":1,"name":"Strona g\u0142\u00f3wna","item":"https:\/\/akademia-zdrowia.pl\/lodz\/"},{"@type":"ListItem","position":2,"name":"Oferta szkoleniowa","item":"https:\/\/akademia-zdrowia.pl\/lodz\/oferta-szkoleniowa\/"},{"@type":"ListItem","position":3,"name":"Projekty unijne","item":"https:\/\/akademia-zdrowia.pl\/lodz\/oferta-szkoleniowa\/projekty-unijne\/"},{"@type":"ListItem","position":4,"name":"Szansa dla \u0142\u00f3dzkiego"}]},{"@type":"WebSite","@id":"https:\/\/akademia-zdrowia.pl\/lodz\/#website","url":"https:\/\/akademia-zdrowia.pl\/lodz\/","name":"Akademia Zdrowia \u0141\u00f3d\u017a","description":"","potentialAction":[{"@type":"SearchAction","target":{"@type":"EntryPoint","urlTemplate":"https:\/\/akademia-zdrowia.pl\/lodz\/?s={search_term_string}"},"query-input":{"@type":"PropertyValueSpecification","valueRequired":true,"valueName":"search_term_string"}}],"inLanguage":"pl-PL"}]}},"_links":{"self":[{"href":"https:\/\/akademia-zdrowia.pl\/lodz\/wp-json\/wp\/v2\/pages\/16739","targetHints":{"allow":["GET"]}}],"collection":[{"href":"https:\/\/akademia-zdrowia.pl\/lodz\/wp-json\/wp\/v2\/pages"}],"about":[{"href":"https:\/\/akademia-zdrowia.pl\/lodz\/wp-json\/wp\/v2\/types\/page"}],"author":[{"embeddable":true,"href":"https:\/\/akademia-zdrowia.pl\/lodz\/wp-json\/wp\/v2\/users\/3"}],"replies":[{"embeddable":true,"href":"https:\/\/akademia-zdrowia.pl\/lodz\/wp-json\/wp\/v2\/comments?post=16739"}],"version-history":[{"count":22,"href":"https:\/\/akademia-zdrowia.pl\/lodz\/wp-json\/wp\/v2\/pages\/16739\/revisions"}],"predecessor-version":[{"id":17231,"href":"https:\/\/akademia-zdrowia.pl\/lodz\/wp-json\/wp\/v2\/pages\/16739\/revisions\/17231"}],"up":[{"embeddable":true,"href":"https:\/\/akademia-zdrowia.pl\/lodz\/wp-json\/wp\/v2\/pages\/55"}],"wp:attachment":[{"href":"https:\/\/akademia-zdrowia.pl\/lodz\/wp-json\/wp\/v2\/media?parent=16739"}],"curies":[{"name":"wp","href":"https:\/\/api.w.org\/{rel}","templated":true}]}}