{"id":309,"date":"2018-01-10T09:11:34","date_gmt":"2018-01-10T08:11:34","guid":{"rendered":"https:\/\/akademia-zdrowia.pl\/lodz\/?page_id=309"},"modified":"2022-02-13T21:03:12","modified_gmt":"2022-02-13T20:03:12","slug":"opiekun-medyczny","status":"publish","type":"page","link":"https:\/\/akademia-zdrowia.pl\/lodz\/oferta-szkoleniowa\/szkoly-policealne\/opiekun-medyczny\/","title":{"rendered":"Opiekun medyczny"},"content":{"rendered":"\t\t<div data-elementor-type=\"wp-page\" data-elementor-id=\"309\" class=\"elementor elementor-309\" data-elementor-post-type=\"page\">\n\t\t\t\t\t\t<section class=\"elementor-section elementor-top-section elementor-element elementor-element-44d185c7 elementor-section-boxed elementor-section-height-default elementor-section-height-default\" data-id=\"44d185c7\" data-element_type=\"section\" data-e-type=\"section\">\n\t\t\t\t\t\t<div class=\"elementor-container elementor-column-gap-default\">\n\t\t\t\t\t<div class=\"elementor-column elementor-col-66 elementor-top-column elementor-element elementor-element-6dce9f35\" data-id=\"6dce9f35\" data-element_type=\"column\" data-e-type=\"column\">\n\t\t\t<div class=\"elementor-widget-wrap elementor-element-populated\">\n\t\t\t\t\t\t<div class=\"elementor-element elementor-element-3f67832 elementor-widget elementor-widget-text-editor\" data-id=\"3f67832\" data-element_type=\"widget\" data-e-type=\"widget\" data-widget_type=\"text-editor.default\">\n\t\t\t\t<div class=\"elementor-widget-container\">\n\t\t\t\t\t\t\t\t\t<p align=\"left\">Nauka w szkole trwa 1,5 roku.<\/p>\n<p align=\"left\">Zaj\u0119cia realizowane s\u0105 pi\u0105tek, sobot\u0119 i niedziel\u0119 &#8211; co tydzie\u0144. Kierunek kierowany jest do os\u00f3b posiadaj\u0105cych wykszta\u0142cenie \u015brednie.<\/p>\n<p align=\"left\">W ramach nauki s\u0142uchacze przyst\u0119puj\u0105 do <strong>egzaminu Pa\u0144stwowego<\/strong> w celu potwierdzenia zdobycia kwalifikacji zawodowych.<\/p>\n<p align=\"left\"><strong>W zawodzie opiekun medyczny wyodr\u0119bniona jest kwalifikacja zawodowa:<\/strong><\/p>\n<p align=\"left\"><b>MED. 14.&nbsp;<\/b>\u015awiadczenie us\u0142ug piel\u0119gnacyjno-medycznych osobie chorej i niesamodzielnej.<\/p>\n<p align=\"left\"><strong>W okresie nauki s\u0142uchacze odbywaj\u0105 praktyki zawodowe w potencjalnym miejscu zatrudnienia:<\/strong><\/p>\n<p align=\"left\">w stacjonarnych zak\u0142adach opieki zdrowotnej, w Zak\u0142adach Opieku\u0144czo-Leczniczych, plac\u00f3wkach pomocy spo\u0142ecznej.<\/p>\n<p align=\"left\"><strong>Absolwent szko\u0142y otrzymuje:<\/strong><\/p>\n<ul>\n<li>\u015bwiadectwo uko\u0144czenia Policealnej Szko\u0142y Zawodowej.<\/li>\n<li>\u015bwiadectwo zdobytych kwalifikacji zawodowych wydane na druku Pa\u0144stwowym,<\/li>\n<li>dyplom Pa\u0144stwowy wraz z suplementami do dyplomu w j\u0119zyku polskim i angielskim.<\/li>\n<\/ul>\n<p align=\"left\"><strong>Dokumenty rekrutacyjne:<\/strong><\/p>\n<p align=\"left\">W celu zapisu na wybrany kierunek nale\u017cy z\u0142o\u017cy\u0107 nast\u0119puj\u0105ce dokumenty:<\/p>\n<ul>\n<li>\u015bwiadectwo uko\u0144czenia szko\u0142y \u015bredniej,<\/li>\n<li>za\u015bwiadczenie od lekarza medycyny pracy potwierdzaj\u0105ce brak przeciwwskaza\u0144 zdrowotnych do nauki&nbsp; w wybranym zawodzie,<\/li>\n<li>kserokopia dowodu osobistego,<\/li>\n<li>zdj\u0119cie legitymacyjne.<\/li>\n<\/ul>\n<p align=\"left\"><strong>Przed z\u0142o\u017ceniem dokument\u00f3w rekrutacyjnych nale\u017cy uda\u0107 si\u0119 do sekretariatu szko\u0142y w celu pobrania formularzy zg\u0142oszeniowych oraz skierowania do lekarza medycyny pracy.<\/strong><\/p>\n<p><img fetchpriority=\"high\" decoding=\"async\" class=\"aligncenter wp-image-1519 size-large\" src=\"https:\/\/akademia-zdrowia.pl\/lodz\/wp-content\/uploads\/2018\/08\/65562027_s-1024x342.jpg\" alt=\"\" width=\"1024\" height=\"342\" srcset=\"https:\/\/akademia-zdrowia.pl\/lodz\/wp-content\/uploads\/2018\/08\/65562027_s-1024x342.jpg 1024w, https:\/\/akademia-zdrowia.pl\/lodz\/wp-content\/uploads\/2018\/08\/65562027_s-300x100.jpg 300w, https:\/\/akademia-zdrowia.pl\/lodz\/wp-content\/uploads\/2018\/08\/65562027_s-768x256.jpg 768w, https:\/\/akademia-zdrowia.pl\/lodz\/wp-content\/uploads\/2018\/08\/65562027_s.jpg 1199w\" sizes=\"(max-width: 1024px) 100vw, 1024px\" \/><\/p>\n<p align=\"left\">\n<\/p>\t\t\t\t\t\t\t\t<\/div>\n\t\t\t\t<\/div>\n\t\t\t\t\t<\/div>\n\t\t<\/div>\n\t\t\t\t<div class=\"elementor-column elementor-col-33 elementor-top-column elementor-element elementor-element-648f003d\" data-id=\"648f003d\" data-element_type=\"column\" data-e-type=\"column\">\n\t\t\t<div class=\"elementor-widget-wrap elementor-element-populated\">\n\t\t\t\t\t\t<div class=\"elementor-element elementor-element-362f63d9 elementor-widget elementor-widget-rs-image\" data-id=\"362f63d9\" data-element_type=\"widget\" data-e-type=\"widget\" data-widget_type=\"rs-image.default\">\n\t\t\t\t<div class=\"elementor-widget-container\">\n\t\t\t\t\t\n        <div class=\"rs-image \">\n                            <img decoding=\"async\" class=\"rs-multi-image \" src=\"https:\/\/akademia-zdrowia.pl\/lodz\/wp-content\/uploads\/2022\/01\/IMG_0795-2-scaled.jpg\" alt=\"image\"\/>\n                    <\/div>\n\n              \n    \t\t\t\t<\/div>\n\t\t\t\t<\/div>\n\t\t\t\t<div class=\"elementor-element elementor-element-1d6857b4 elementor-widget elementor-widget-text-editor\" data-id=\"1d6857b4\" data-element_type=\"widget\" data-e-type=\"widget\" data-widget_type=\"text-editor.default\">\n\t\t\t\t<div class=\"elementor-widget-container\">\n\t\t\t\t\t\t\t\t\t<div class=\"adres\"><div class=\"adres\"><p style=\"text-align: center;\">ul. Jana Kili\u0144skiego 21<br \/><span style=\"color: var( --e-global-color-text ); font-family: var( --e-global-typography-text-font-family ), Sans-serif; font-weight: var( --e-global-typography-text-font-weight );\">90-205 \u0141\u00f3d\u017a<br \/><\/span><img decoding=\"async\" style=\"color: var( --e-global-color-text ); font-family: var( --e-global-typography-text-font-family ), Sans-serif; font-weight: var( --e-global-typography-text-font-weight );\" src=\"https:\/\/akademia-zdrowia.pl\/lodz\/wp-content\/themes\/akademia-podstrona\/img\/phone-ico_red.png\" alt=\"marker\" \/><span style=\"color: var( --e-global-color-text ); font-family: var( --e-global-typography-text-font-family ), Sans-serif; font-weight: var( --e-global-typography-text-font-weight );\">\u00a0\u00a0<\/span><span style=\"color: var( --e-global-color-text ); font-family: var( --e-global-typography-text-font-family ), Sans-serif; font-weight: var( --e-global-typography-text-font-weight );\">tel.\u00a0<\/span><a style=\"font-family: var( --e-global-typography-text-font-family ), Sans-serif; font-weight: var( --e-global-typography-text-font-weight ); background-color: #ffffff;\" href=\"tel:42 255 77 00\">42 255 77 00<\/a><span style=\"color: var( --e-global-color-text ); font-family: var( --e-global-typography-text-font-family ), Sans-serif; font-weight: var( --e-global-typography-text-font-weight );\">\u00a0\u00a0<\/span><span style=\"color: var( --e-global-color-text ); font-family: var( --e-global-typography-text-font-family ), Sans-serif; font-weight: var( --e-global-typography-text-font-weight );\">tel.\/fax\u00a0<\/span><a style=\"font-family: var( --e-global-typography-text-font-family ), Sans-serif; font-weight: var( --e-global-typography-text-font-weight ); background-color: #ffffff;\" href=\"tel:42 255 77 01\">42 255 77 01<\/a><\/p><\/div><div class=\"dodatkowe\"><p style=\"text-align: center;\">Sekretariat czynny od poniedzia\u0142ku do pi\u0105tku w godzinach 9.00-16.00<\/p><p style=\"text-align: center;\"><span style=\"color: #000080; font-family: var( --e-global-typography-text-font-family ), Sans-serif;\"><b>Zarezerwuj miejsce ju\u017c dzi\u015b!<\/b><\/span><\/p><\/div><\/div>\t\t\t\t\t\t\t\t<\/div>\n\t\t\t\t<\/div>\n\t\t\t\t\t<\/div>\n\t\t<\/div>\n\t\t\t\t\t<\/div>\n\t\t<\/section>\n\t\t\t\t<\/div>\n\t\t","protected":false},"excerpt":{"rendered":"<p>Nauka w szkole trwa 1,5 roku. Zaj\u0119cia realizowane s\u0105 pi\u0105tek, sobot\u0119 i niedziel\u0119 &#8211; co tydzie\u0144. Kierunek kierowany jest do os\u00f3b posiadaj\u0105cych wykszta\u0142cenie \u015brednie. W ramach nauki s\u0142uchacze przyst\u0119puj\u0105 do egzaminu Pa\u0144stwowego w celu potwierdzenia zdobycia kwalifikacji zawodowych. W zawodzie opiekun medyczny wyodr\u0119bniona jest kwalifikacja zawodowa: MED. 14.&nbsp;\u015awiadczenie us\u0142ug piel\u0119gnacyjno-medycznych osobie chorej i niesamodzielnej. W&#8230;<\/p>\n","protected":false},"author":1,"featured_media":0,"parent":47,"menu_order":0,"comment_status":"closed","ping_status":"closed","template":"","meta":{"footnotes":""},"class_list":["post-309","page","type-page","status-publish","hentry"],"yoast_head":"<!-- This site is optimized with the Yoast SEO Premium plugin v18.9 (Yoast SEO v27.2) - https:\/\/yoast.com\/product\/yoast-seo-premium-wordpress\/ -->\n<title>Opiekun medyczny - Akademia Zdrowia \u0141\u00f3d\u017a - Kursy zawodowe, szko\u0142y policealne, szko\u0142y dla doros\u0142ych<\/title>\n<meta name=\"description\" content=\"Nauka w szkole trwa 1,5 roku. Zaj\u0119cia realizowane s\u0105 pi\u0105tek, sobot\u0119 i niedziel\u0119 - co tydzie\u0144. Kierunek kierowany jest do os\u00f3b posiadaj\u0105cych wykszta\u0142cenie\" \/>\n<meta name=\"robots\" content=\"index, follow, max-snippet:-1, max-image-preview:large, max-video-preview:-1\" \/>\n<link rel=\"canonical\" href=\"https:\/\/akademia-zdrowia.pl\/lodz\/oferta-szkoleniowa\/szkoly-policealne\/opiekun-medyczny\/\" \/>\n<meta property=\"og:locale\" content=\"pl_PL\" \/>\n<meta property=\"og:type\" content=\"article\" \/>\n<meta property=\"og:title\" content=\"Opiekun medyczny\" \/>\n<meta property=\"og:description\" content=\"Nauka w szkole trwa 1,5 roku. Zaj\u0119cia realizowane s\u0105 pi\u0105tek, sobot\u0119 i niedziel\u0119 - co tydzie\u0144. Kierunek kierowany jest do os\u00f3b posiadaj\u0105cych wykszta\u0142cenie\" \/>\n<meta property=\"og:url\" content=\"https:\/\/akademia-zdrowia.pl\/lodz\/oferta-szkoleniowa\/szkoly-policealne\/opiekun-medyczny\/\" \/>\n<meta property=\"og:site_name\" content=\"Akademia Zdrowia \u0141\u00f3d\u017a\" \/>\n<meta property=\"article:modified_time\" content=\"2022-02-13T20:03:12+00:00\" \/>\n<meta property=\"og:image\" content=\"https:\/\/akademia-zdrowia.pl\/lodz\/wp-content\/uploads\/2018\/08\/65562027_s-1024x342.jpg\" \/>\n<meta name=\"twitter:card\" content=\"summary_large_image\" \/>\n<meta name=\"twitter:label1\" content=\"Szacowany czas czytania\" \/>\n\t<meta name=\"twitter:data1\" content=\"2 minuty\" \/>\n<script type=\"application\/ld+json\" class=\"yoast-schema-graph\">{\"@context\":\"https:\/\/schema.org\",\"@graph\":[{\"@type\":\"WebPage\",\"@id\":\"https:\/\/akademia-zdrowia.pl\/lodz\/oferta-szkoleniowa\/szkoly-policealne\/opiekun-medyczny\/\",\"url\":\"https:\/\/akademia-zdrowia.pl\/lodz\/oferta-szkoleniowa\/szkoly-policealne\/opiekun-medyczny\/\",\"name\":\"Opiekun medyczny - Akademia Zdrowia \u0141\u00f3d\u017a - Kursy zawodowe, szko\u0142y policealne, szko\u0142y dla doros\u0142ych\",\"isPartOf\":{\"@id\":\"https:\/\/akademia-zdrowia.pl\/lodz\/#website\"},\"primaryImageOfPage\":{\"@id\":\"https:\/\/akademia-zdrowia.pl\/lodz\/oferta-szkoleniowa\/szkoly-policealne\/opiekun-medyczny\/#primaryimage\"},\"image\":{\"@id\":\"https:\/\/akademia-zdrowia.pl\/lodz\/oferta-szkoleniowa\/szkoly-policealne\/opiekun-medyczny\/#primaryimage\"},\"thumbnailUrl\":\"https:\/\/akademia-zdrowia.pl\/lodz\/wp-content\/uploads\/2018\/08\/65562027_s-1024x342.jpg\",\"datePublished\":\"2018-01-10T08:11:34+00:00\",\"dateModified\":\"2022-02-13T20:03:12+00:00\",\"description\":\"Nauka w szkole trwa 1,5 roku. Zaj\u0119cia realizowane s\u0105 pi\u0105tek, sobot\u0119 i niedziel\u0119 - co tydzie\u0144. Kierunek kierowany jest do os\u00f3b posiadaj\u0105cych wykszta\u0142cenie\",\"breadcrumb\":{\"@id\":\"https:\/\/akademia-zdrowia.pl\/lodz\/oferta-szkoleniowa\/szkoly-policealne\/opiekun-medyczny\/#breadcrumb\"},\"inLanguage\":\"pl-PL\",\"potentialAction\":[{\"@type\":\"ReadAction\",\"target\":[\"https:\/\/akademia-zdrowia.pl\/lodz\/oferta-szkoleniowa\/szkoly-policealne\/opiekun-medyczny\/\"]}]},{\"@type\":\"ImageObject\",\"inLanguage\":\"pl-PL\",\"@id\":\"https:\/\/akademia-zdrowia.pl\/lodz\/oferta-szkoleniowa\/szkoly-policealne\/opiekun-medyczny\/#primaryimage\",\"url\":\"https:\/\/akademia-zdrowia.pl\/lodz\/wp-content\/uploads\/2018\/08\/65562027_s.jpg\",\"contentUrl\":\"https:\/\/akademia-zdrowia.pl\/lodz\/wp-content\/uploads\/2018\/08\/65562027_s.jpg\",\"width\":1199,\"height\":400,\"caption\":\"65562027 - senior woman and professional carer sitting together on a sofa, two medics in the background, panorama\"},{\"@type\":\"BreadcrumbList\",\"@id\":\"https:\/\/akademia-zdrowia.pl\/lodz\/oferta-szkoleniowa\/szkoly-policealne\/opiekun-medyczny\/#breadcrumb\",\"itemListElement\":[{\"@type\":\"ListItem\",\"position\":1,\"name\":\"Strona g\u0142\u00f3wna\",\"item\":\"https:\/\/akademia-zdrowia.pl\/lodz\/\"},{\"@type\":\"ListItem\",\"position\":2,\"name\":\"Oferta szkoleniowa\",\"item\":\"https:\/\/akademia-zdrowia.pl\/lodz\/oferta-szkoleniowa\/\"},{\"@type\":\"ListItem\",\"position\":3,\"name\":\"Szko\u0142y policealne\",\"item\":\"https:\/\/akademia-zdrowia.pl\/lodz\/oferta-szkoleniowa\/szkoly-policealne\/\"},{\"@type\":\"ListItem\",\"position\":4,\"name\":\"Opiekun medyczny\"}]},{\"@type\":\"WebSite\",\"@id\":\"https:\/\/akademia-zdrowia.pl\/lodz\/#website\",\"url\":\"https:\/\/akademia-zdrowia.pl\/lodz\/\",\"name\":\"Akademia Zdrowia \u0141\u00f3d\u017a\",\"description\":\"\",\"potentialAction\":[{\"@type\":\"SearchAction\",\"target\":{\"@type\":\"EntryPoint\",\"urlTemplate\":\"https:\/\/akademia-zdrowia.pl\/lodz\/?s={search_term_string}\"},\"query-input\":{\"@type\":\"PropertyValueSpecification\",\"valueRequired\":true,\"valueName\":\"search_term_string\"}}],\"inLanguage\":\"pl-PL\"}]}<\/script>\n<!-- \/ Yoast SEO Premium plugin. -->","yoast_head_json":{"title":"Opiekun medyczny - Akademia Zdrowia \u0141\u00f3d\u017a - Kursy zawodowe, szko\u0142y policealne, szko\u0142y dla doros\u0142ych","description":"Nauka w szkole trwa 1,5 roku. Zaj\u0119cia realizowane s\u0105 pi\u0105tek, sobot\u0119 i niedziel\u0119 - co tydzie\u0144. Kierunek kierowany jest do os\u00f3b posiadaj\u0105cych wykszta\u0142cenie","robots":{"index":"index","follow":"follow","max-snippet":"max-snippet:-1","max-image-preview":"max-image-preview:large","max-video-preview":"max-video-preview:-1"},"canonical":"https:\/\/akademia-zdrowia.pl\/lodz\/oferta-szkoleniowa\/szkoly-policealne\/opiekun-medyczny\/","og_locale":"pl_PL","og_type":"article","og_title":"Opiekun medyczny","og_description":"Nauka w szkole trwa 1,5 roku. Zaj\u0119cia realizowane s\u0105 pi\u0105tek, sobot\u0119 i niedziel\u0119 - co tydzie\u0144. Kierunek kierowany jest do os\u00f3b posiadaj\u0105cych wykszta\u0142cenie","og_url":"https:\/\/akademia-zdrowia.pl\/lodz\/oferta-szkoleniowa\/szkoly-policealne\/opiekun-medyczny\/","og_site_name":"Akademia Zdrowia \u0141\u00f3d\u017a","article_modified_time":"2022-02-13T20:03:12+00:00","og_image":[{"url":"https:\/\/akademia-zdrowia.pl\/lodz\/wp-content\/uploads\/2018\/08\/65562027_s-1024x342.jpg","type":"","width":"","height":""}],"twitter_card":"summary_large_image","twitter_misc":{"Szacowany czas czytania":"2 minuty"},"schema":{"@context":"https:\/\/schema.org","@graph":[{"@type":"WebPage","@id":"https:\/\/akademia-zdrowia.pl\/lodz\/oferta-szkoleniowa\/szkoly-policealne\/opiekun-medyczny\/","url":"https:\/\/akademia-zdrowia.pl\/lodz\/oferta-szkoleniowa\/szkoly-policealne\/opiekun-medyczny\/","name":"Opiekun medyczny - Akademia Zdrowia \u0141\u00f3d\u017a - Kursy zawodowe, szko\u0142y policealne, szko\u0142y dla doros\u0142ych","isPartOf":{"@id":"https:\/\/akademia-zdrowia.pl\/lodz\/#website"},"primaryImageOfPage":{"@id":"https:\/\/akademia-zdrowia.pl\/lodz\/oferta-szkoleniowa\/szkoly-policealne\/opiekun-medyczny\/#primaryimage"},"image":{"@id":"https:\/\/akademia-zdrowia.pl\/lodz\/oferta-szkoleniowa\/szkoly-policealne\/opiekun-medyczny\/#primaryimage"},"thumbnailUrl":"https:\/\/akademia-zdrowia.pl\/lodz\/wp-content\/uploads\/2018\/08\/65562027_s-1024x342.jpg","datePublished":"2018-01-10T08:11:34+00:00","dateModified":"2022-02-13T20:03:12+00:00","description":"Nauka w szkole trwa 1,5 roku. Zaj\u0119cia realizowane s\u0105 pi\u0105tek, sobot\u0119 i niedziel\u0119 - co tydzie\u0144. Kierunek kierowany jest do os\u00f3b posiadaj\u0105cych wykszta\u0142cenie","breadcrumb":{"@id":"https:\/\/akademia-zdrowia.pl\/lodz\/oferta-szkoleniowa\/szkoly-policealne\/opiekun-medyczny\/#breadcrumb"},"inLanguage":"pl-PL","potentialAction":[{"@type":"ReadAction","target":["https:\/\/akademia-zdrowia.pl\/lodz\/oferta-szkoleniowa\/szkoly-policealne\/opiekun-medyczny\/"]}]},{"@type":"ImageObject","inLanguage":"pl-PL","@id":"https:\/\/akademia-zdrowia.pl\/lodz\/oferta-szkoleniowa\/szkoly-policealne\/opiekun-medyczny\/#primaryimage","url":"https:\/\/akademia-zdrowia.pl\/lodz\/wp-content\/uploads\/2018\/08\/65562027_s.jpg","contentUrl":"https:\/\/akademia-zdrowia.pl\/lodz\/wp-content\/uploads\/2018\/08\/65562027_s.jpg","width":1199,"height":400,"caption":"65562027 - senior woman and professional carer sitting together on a sofa, two medics in the background, panorama"},{"@type":"BreadcrumbList","@id":"https:\/\/akademia-zdrowia.pl\/lodz\/oferta-szkoleniowa\/szkoly-policealne\/opiekun-medyczny\/#breadcrumb","itemListElement":[{"@type":"ListItem","position":1,"name":"Strona g\u0142\u00f3wna","item":"https:\/\/akademia-zdrowia.pl\/lodz\/"},{"@type":"ListItem","position":2,"name":"Oferta szkoleniowa","item":"https:\/\/akademia-zdrowia.pl\/lodz\/oferta-szkoleniowa\/"},{"@type":"ListItem","position":3,"name":"Szko\u0142y policealne","item":"https:\/\/akademia-zdrowia.pl\/lodz\/oferta-szkoleniowa\/szkoly-policealne\/"},{"@type":"ListItem","position":4,"name":"Opiekun medyczny"}]},{"@type":"WebSite","@id":"https:\/\/akademia-zdrowia.pl\/lodz\/#website","url":"https:\/\/akademia-zdrowia.pl\/lodz\/","name":"Akademia Zdrowia \u0141\u00f3d\u017a","description":"","potentialAction":[{"@type":"SearchAction","target":{"@type":"EntryPoint","urlTemplate":"https:\/\/akademia-zdrowia.pl\/lodz\/?s={search_term_string}"},"query-input":{"@type":"PropertyValueSpecification","valueRequired":true,"valueName":"search_term_string"}}],"inLanguage":"pl-PL"}]}},"_links":{"self":[{"href":"https:\/\/akademia-zdrowia.pl\/lodz\/wp-json\/wp\/v2\/pages\/309","targetHints":{"allow":["GET"]}}],"collection":[{"href":"https:\/\/akademia-zdrowia.pl\/lodz\/wp-json\/wp\/v2\/pages"}],"about":[{"href":"https:\/\/akademia-zdrowia.pl\/lodz\/wp-json\/wp\/v2\/types\/page"}],"author":[{"embeddable":true,"href":"https:\/\/akademia-zdrowia.pl\/lodz\/wp-json\/wp\/v2\/users\/1"}],"replies":[{"embeddable":true,"href":"https:\/\/akademia-zdrowia.pl\/lodz\/wp-json\/wp\/v2\/comments?post=309"}],"version-history":[{"count":21,"href":"https:\/\/akademia-zdrowia.pl\/lodz\/wp-json\/wp\/v2\/pages\/309\/revisions"}],"predecessor-version":[{"id":8254,"href":"https:\/\/akademia-zdrowia.pl\/lodz\/wp-json\/wp\/v2\/pages\/309\/revisions\/8254"}],"up":[{"embeddable":true,"href":"https:\/\/akademia-zdrowia.pl\/lodz\/wp-json\/wp\/v2\/pages\/47"}],"wp:attachment":[{"href":"https:\/\/akademia-zdrowia.pl\/lodz\/wp-json\/wp\/v2\/media?parent=309"}],"curies":[{"name":"wp","href":"https:\/\/api.w.org\/{rel}","templated":true}]}}