{"id":324,"date":"2018-01-10T09:37:47","date_gmt":"2018-01-10T08:37:47","guid":{"rendered":"https:\/\/akademia-zdrowia.pl\/lodz\/?page_id=324"},"modified":"2021-11-26T18:11:31","modified_gmt":"2021-11-26T17:11:31","slug":"kosmetyka-z-elementami-wizazu","status":"publish","type":"page","link":"https:\/\/akademia-zdrowia.pl\/lodz\/oferta-szkoleniowa\/kursy-i-szkolenia\/kursy-kosmetyczno-fryzjerskie\/kosmetyka-z-elementami-wizazu\/","title":{"rendered":"Kosmetyka z elementami wiza\u017cu tel. 698 592 960; 662 486 675"},"content":{"rendered":"\t\t<div data-elementor-type=\"wp-page\" data-elementor-id=\"324\" class=\"elementor elementor-324\" data-elementor-post-type=\"page\">\n\t\t\t\t\t\t<section class=\"elementor-section elementor-top-section elementor-element elementor-element-8549229 elementor-section-boxed elementor-section-height-default elementor-section-height-default\" data-id=\"8549229\" data-element_type=\"section\" data-e-type=\"section\">\n\t\t\t\t\t\t<div class=\"elementor-container elementor-column-gap-default\">\n\t\t\t\t\t<div class=\"elementor-column elementor-col-66 elementor-top-column elementor-element elementor-element-9d3fb99\" data-id=\"9d3fb99\" data-element_type=\"column\" data-e-type=\"column\">\n\t\t\t<div class=\"elementor-widget-wrap elementor-element-populated\">\n\t\t\t\t\t\t<div class=\"elementor-element elementor-element-677276f elementor-widget elementor-widget-text-editor\" data-id=\"677276f\" data-element_type=\"widget\" data-e-type=\"widget\" data-widget_type=\"text-editor.default\">\n\t\t\t\t<div class=\"elementor-widget-container\">\n\t\t\t\t\t\t\t\t\t<p align=\"left\"><strong>KURS STYLIZACJI PAZNOKCI<\/strong><\/p><p align=\"left\"><strong>Zapraszamy na kompleksowy kurs stylizacji paznokci. Zapisz si\u0119 \u2013\u00a0tel. 698 592 960; 662 486 675.<\/strong><\/p><p align=\"left\"><a href=\"\/lodz\/zapisz-sie-na-kurs\/\">ZAPISZ SI\u0118!<\/a><\/p><p align=\"left\"><strong>PRAKTYKA TO DLA NAS PODSTAWA!!!<\/strong><\/p><p align=\"left\">Kurs zaplanowany jest na 8 godzin dydaktycznych (1h \u2013 45 min)<\/p><p align=\"left\">Po kr\u00f3tkim wst\u0119pie teoretycznym przechodzimy do\u00a0<strong>praktyki!<br \/><\/strong><\/p><p align=\"left\">Zaj\u0119cia odbywaj\u0105 si\u0119 w systemie weekendowym.<\/p><p align=\"left\"><strong>Po zako\u0144czeniu kursu uczestnicy otrzymaj\u0105:<\/strong><\/p><p align=\"left\">Certyfikat uko\u0144czenia kursu stylizacji paznokci (w j. polskim oraz j. angielskim),<\/p><p align=\"left\">Za\u015bwiadczenie na druku MEN.<\/p><p align=\"left\"><strong>Dzie\u0144 1.<\/strong><\/p><p align=\"left\">Zasady dezynfekcji i przepisy sanitarne w gabinecie kosmetycznym<\/p><p align=\"left\">Opis materia\u0142\u00f3w i technik wykonywania manicure<\/p><p align=\"left\">Budowa p\u0142ytki paznokci<\/p><p align=\"left\">Defekty p\u0142ytki paznokciowej<\/p><p align=\"left\">Manicure tradycyjny, praca z pilnikami, polerkami, c\u0105\u017ckami<\/p><p align=\"left\">Lakierowanie<\/p><p align=\"left\"><strong>Dzie\u0144 2.<\/strong><\/p><p align=\"left\">Opracowanie p\u0142ytki paznokciowej i przygotowanie do po\u0142o\u017cenia bazy<\/p><p align=\"left\">Manicure hybrydowy krok po kroku \u2013 kolor<\/p><p align=\"left\">Prawid\u0142owa aplikacja lakieru hybrydowego<\/p><p align=\"left\">Bezpieczne usuwanie stylizacji manicure hybrydowy<\/p><p align=\"left\">Praca z frezark\u0105<\/p><p align=\"left\"><strong>Dzie\u0144 3.<\/strong><\/p><p align=\"left\">Opracowanie p\u0142ytki paznokci w celu realizacji stylizacji<\/p><p align=\"left\">Praca frezark\u0105 oraz wycinanie sk\u00f3rek przy pomocy c\u0105\u017cek<\/p><p align=\"left\">Prawid\u0142owa aplikacja lakieru hybrydowego a\u017c pod sk\u00f3rki<\/p><p align=\"left\">Bezpieczne usuwanie stylizacji<\/p><p align=\"left\"><strong>Dzie\u0144 4.<\/strong><\/p><p align=\"left\">Budowa i sk\u0142ad p\u0142ytki paznokciowej<\/p><p align=\"left\">Defekty i choroby p\u0142ytki paznokcia<\/p><p align=\"left\">Wskazania i przeciwwskazania do wykonania stylizacji<\/p><p align=\"left\">Zasady higieny, dezynfekcji i sterylizacji podczas wykonywania stylizacji metod\u0105 \u017celow\u0105<\/p><p align=\"left\">Podzia\u0142 i zastosowanie \u017celi<\/p><p align=\"left\">Dob\u00f3r kszta\u0142tu paznokcia do d\u0142oni klientki<\/p><p align=\"left\">Charakterystyka i dopasowanie produkt\u00f3w do rodzaju p\u0142ytki paznokcia<\/p><p align=\"left\">Om\u00f3wienie przyrz\u0105d\u00f3w i narz\u0119dzi potrzebnych do wykonania stylizacji<\/p><p align=\"left\">P\u0142yny i preparaty wspomagaj\u0105ce przyczepno\u015b\u0107 \u017celi do naturalnej p\u0142ytki paznokcia<\/p><p align=\"left\"><strong>Dzie\u0144 5.<\/strong><\/p><p align=\"left\">Budowa i sk\u0142ad p\u0142ytki paznokciowej<\/p><p align=\"left\">Defekty i choroby p\u0142ytki paznokcia<\/p><p align=\"left\">Wskazania i przeciwwskazania do wykonania stylizacji<\/p><p align=\"left\">Zasady higieny, dezynfekcji i sterylizacji podczas wykonywania stylizacji metod\u0105 \u017celow\u0105<\/p><p align=\"left\">Podzia\u0142 i zastosowanie pudru akrylowego Duo Acrylgel<\/p><p align=\"left\">Dob\u00f3r kszta\u0142tu paznokcia do d\u0142oni Klientki<\/p><p align=\"left\">Manicure klasyczny z u\u017cyciem frezarki<\/p><p align=\"left\">Charakterystyka i dopasowanie produkt\u00f3w do rodzaju p\u0142ytki paznokcia<\/p><p align=\"left\">Om\u00f3wienie przyrz\u0105d\u00f3w i narz\u0119dzi potrzebnych do wykonania stylizacji<\/p><p align=\"left\">P\u0142yny i preparaty wspomagaj\u0105ce przyczepno\u015b\u0107 \u017celi do naturalnej p\u0142ytki paznokcia.<\/p><p align=\"left\"><strong>Podczas szkolenia konieczna jest obecno\u015b\u0107 modelki.<\/strong><\/p><p align=\"left\"><strong>Zapewniamy wszystkie niezb\u0119dne urz\u0105dzenia, materia\u0142y oraz inne niezb\u0119dne<\/strong><br \/><strong>produkty do pracy tw\u00f3rczej podczas szkolenia.<\/strong><\/p><p align=\"left\"><strong>Gwarantujemy profesjonalne materia\u0142y szkoleniowe utrwalaj\u0105ce wiedz\u0119.<\/strong><\/p><p><img fetchpriority=\"high\" decoding=\"async\" class=\"aligncenter wp-image-2080 size-full\" src=\"https:\/\/akademia-zdrowia.pl\/lodz\/wp-content\/uploads\/2019\/09\/zdjecia-na-www8.png\" alt=\"\" width=\"750\" height=\"420\" srcset=\"https:\/\/akademia-zdrowia.pl\/lodz\/wp-content\/uploads\/2019\/09\/zdjecia-na-www8.png 750w, https:\/\/akademia-zdrowia.pl\/lodz\/wp-content\/uploads\/2019\/09\/zdjecia-na-www8-300x168.png 300w\" sizes=\"(max-width: 750px) 100vw, 750px\" \/><\/p>\t\t\t\t\t\t\t\t<\/div>\n\t\t\t\t<\/div>\n\t\t\t\t\t<\/div>\n\t\t<\/div>\n\t\t\t\t<div class=\"elementor-column elementor-col-33 elementor-top-column elementor-element elementor-element-3ac0458\" data-id=\"3ac0458\" data-element_type=\"column\" data-e-type=\"column\">\n\t\t\t<div class=\"elementor-widget-wrap elementor-element-populated\">\n\t\t\t\t\t\t<div class=\"elementor-element elementor-element-df1fa90 elementor-widget elementor-widget-rs-image\" data-id=\"df1fa90\" data-element_type=\"widget\" data-e-type=\"widget\" data-widget_type=\"rs-image.default\">\n\t\t\t\t<div class=\"elementor-widget-container\">\n\t\t\t\t\t\n        <div class=\"rs-image \">\n                            <img decoding=\"async\" class=\"rs-multi-image \" src=\"https:\/\/akademia-zdrowia.pl\/lodz\/wp-content\/uploads\/2021\/10\/lodz.png\" alt=\"image\"\/>\n                    <\/div>\n\n              \n    \t\t\t\t<\/div>\n\t\t\t\t<\/div>\n\t\t\t\t<div class=\"elementor-element elementor-element-6c27ff1 elementor-widget elementor-widget-text-editor\" data-id=\"6c27ff1\" data-element_type=\"widget\" data-e-type=\"widget\" data-widget_type=\"text-editor.default\">\n\t\t\t\t<div class=\"elementor-widget-container\">\n\t\t\t\t\t\t\t\t\t<div class=\"adres\"><div class=\"adres\"><p style=\"text-align: center;\">ul. Jana Kili\u0144skiego 21<br \/><span style=\"color: var( --e-global-color-text ); font-family: var( --e-global-typography-text-font-family ), Sans-serif; font-weight: var( --e-global-typography-text-font-weight );\">90-205 \u0141\u00f3d\u017a<br \/><\/span><img decoding=\"async\" style=\"color: var( --e-global-color-text ); font-family: var( --e-global-typography-text-font-family ), Sans-serif; font-weight: var( --e-global-typography-text-font-weight );\" src=\"https:\/\/akademia-zdrowia.pl\/lodz\/wp-content\/themes\/akademia-podstrona\/img\/phone-ico_red.png\" alt=\"marker\" \/><span style=\"color: var( --e-global-color-text ); font-family: var( --e-global-typography-text-font-family ), Sans-serif; font-weight: var( --e-global-typography-text-font-weight );\">\u00a0\u00a0<\/span><span style=\"color: var( --e-global-color-text ); font-family: var( --e-global-typography-text-font-family ), Sans-serif; font-weight: var( --e-global-typography-text-font-weight );\">tel.\u00a0<\/span><a style=\"font-family: var( --e-global-typography-text-font-family ), Sans-serif; font-weight: var( --e-global-typography-text-font-weight ); background-color: #ffffff;\" href=\"tel:42 255 77 00\">42 255 77 00<\/a><span style=\"color: var( --e-global-color-text ); font-family: var( --e-global-typography-text-font-family ), Sans-serif; font-weight: var( --e-global-typography-text-font-weight );\">\u00a0\u00a0<\/span><span style=\"color: var( --e-global-color-text ); font-family: var( --e-global-typography-text-font-family ), Sans-serif; font-weight: var( --e-global-typography-text-font-weight );\">tel.\/fax\u00a0<\/span><a style=\"font-family: var( --e-global-typography-text-font-family ), Sans-serif; font-weight: var( --e-global-typography-text-font-weight ); background-color: #ffffff;\" href=\"tel:42 255 77 01\">42 255 77 01<\/a><\/p><\/div><div class=\"dodatkowe\"><p style=\"text-align: center;\">Sekretariat czynny od poniedzia\u0142ku do pi\u0105tku w godzinach 9.00-16.00<\/p><p style=\"text-align: center;\"><span style=\"color: #000080; font-family: var( --e-global-typography-text-font-family ), Sans-serif;\"><b>Zarezerwuj miejsce ju\u017c dzi\u015b!<\/b><\/span><\/p><\/div><\/div>\t\t\t\t\t\t\t\t<\/div>\n\t\t\t\t<\/div>\n\t\t\t\t\t<\/div>\n\t\t<\/div>\n\t\t\t\t\t<\/div>\n\t\t<\/section>\n\t\t\t\t<\/div>\n\t\t","protected":false},"excerpt":{"rendered":"<p>KURS STYLIZACJI PAZNOKCI Zapraszamy na kompleksowy kurs stylizacji paznokci. Zapisz si\u0119 \u2013\u00a0tel. 698 592 960; 662 486 675. ZAPISZ SI\u0118! PRAKTYKA TO DLA NAS PODSTAWA!!! Kurs zaplanowany jest na 8 godzin dydaktycznych (1h \u2013 45 min) Po kr\u00f3tkim wst\u0119pie teoretycznym przechodzimy do\u00a0praktyki! Zaj\u0119cia odbywaj\u0105 si\u0119 w systemie weekendowym. Po zako\u0144czeniu kursu uczestnicy otrzymaj\u0105: Certyfikat uko\u0144czenia&#8230;<\/p>\n","protected":false},"author":1,"featured_media":0,"parent":320,"menu_order":0,"comment_status":"closed","ping_status":"closed","template":"","meta":{"footnotes":""},"class_list":["post-324","page","type-page","status-publish","hentry"],"yoast_head":"<!-- This site is optimized with the Yoast SEO Premium plugin v18.9 (Yoast SEO v27.2) - https:\/\/yoast.com\/product\/yoast-seo-premium-wordpress\/ -->\n<title>Kosmetyka z elementami wiza\u017cu tel. 698 592 960; 662 486 675 - Akademia Zdrowia \u0141\u00f3d\u017a - Kursy zawodowe, szko\u0142y policealne, szko\u0142y dla doros\u0142ych<\/title>\n<meta name=\"description\" content=\"KURS STYLIZACJI PAZNOKCIZapraszamy na kompleksowy kurs stylizacji paznokci. Zapisz si\u0119 \u2013\u00a0tel. 698 592 960; 662 486 675.ZAPISZ SI\u0118!PRAKTYKA TO DLA NAS\" \/>\n<meta name=\"robots\" content=\"index, follow, max-snippet:-1, max-image-preview:large, max-video-preview:-1\" \/>\n<link rel=\"canonical\" href=\"https:\/\/akademia-zdrowia.pl\/lodz\/oferta-szkoleniowa\/kursy-i-szkolenia\/kursy-kosmetyczno-fryzjerskie\/kosmetyka-z-elementami-wizazu\/\" \/>\n<meta property=\"og:locale\" content=\"pl_PL\" \/>\n<meta property=\"og:type\" content=\"article\" \/>\n<meta property=\"og:title\" content=\"Kosmetyka z elementami wiza\u017cu tel. 698 592 960; 662 486 675\" \/>\n<meta property=\"og:description\" content=\"KURS STYLIZACJI PAZNOKCIZapraszamy na kompleksowy kurs stylizacji paznokci. Zapisz si\u0119 \u2013\u00a0tel. 698 592 960; 662 486 675.ZAPISZ SI\u0118!PRAKTYKA TO DLA NAS\" \/>\n<meta property=\"og:url\" content=\"https:\/\/akademia-zdrowia.pl\/lodz\/oferta-szkoleniowa\/kursy-i-szkolenia\/kursy-kosmetyczno-fryzjerskie\/kosmetyka-z-elementami-wizazu\/\" \/>\n<meta property=\"og:site_name\" content=\"Akademia Zdrowia \u0141\u00f3d\u017a\" \/>\n<meta property=\"article:modified_time\" content=\"2021-11-26T17:11:31+00:00\" \/>\n<meta property=\"og:image\" content=\"https:\/\/akademia-zdrowia.pl\/lodz\/wp-content\/uploads\/2019\/09\/zdjecia-na-www8.png\" \/>\n<meta name=\"twitter:card\" content=\"summary_large_image\" \/>\n<meta name=\"twitter:label1\" content=\"Szacowany czas czytania\" \/>\n\t<meta name=\"twitter:data1\" content=\"2 minuty\" \/>\n<script type=\"application\/ld+json\" class=\"yoast-schema-graph\">{\"@context\":\"https:\/\/schema.org\",\"@graph\":[{\"@type\":\"WebPage\",\"@id\":\"https:\/\/akademia-zdrowia.pl\/lodz\/oferta-szkoleniowa\/kursy-i-szkolenia\/kursy-kosmetyczno-fryzjerskie\/kosmetyka-z-elementami-wizazu\/\",\"url\":\"https:\/\/akademia-zdrowia.pl\/lodz\/oferta-szkoleniowa\/kursy-i-szkolenia\/kursy-kosmetyczno-fryzjerskie\/kosmetyka-z-elementami-wizazu\/\",\"name\":\"Kosmetyka z elementami wiza\u017cu tel. 698 592 960; 662 486 675 - Akademia Zdrowia \u0141\u00f3d\u017a - Kursy zawodowe, szko\u0142y policealne, szko\u0142y dla doros\u0142ych\",\"isPartOf\":{\"@id\":\"https:\/\/akademia-zdrowia.pl\/lodz\/#website\"},\"primaryImageOfPage\":{\"@id\":\"https:\/\/akademia-zdrowia.pl\/lodz\/oferta-szkoleniowa\/kursy-i-szkolenia\/kursy-kosmetyczno-fryzjerskie\/kosmetyka-z-elementami-wizazu\/#primaryimage\"},\"image\":{\"@id\":\"https:\/\/akademia-zdrowia.pl\/lodz\/oferta-szkoleniowa\/kursy-i-szkolenia\/kursy-kosmetyczno-fryzjerskie\/kosmetyka-z-elementami-wizazu\/#primaryimage\"},\"thumbnailUrl\":\"https:\/\/akademia-zdrowia.pl\/lodz\/wp-content\/uploads\/2019\/09\/zdjecia-na-www8.png\",\"datePublished\":\"2018-01-10T08:37:47+00:00\",\"dateModified\":\"2021-11-26T17:11:31+00:00\",\"description\":\"KURS STYLIZACJI PAZNOKCIZapraszamy na kompleksowy kurs stylizacji paznokci. Zapisz si\u0119 \u2013\u00a0tel. 698 592 960; 662 486 675.ZAPISZ SI\u0118!PRAKTYKA TO DLA NAS\",\"breadcrumb\":{\"@id\":\"https:\/\/akademia-zdrowia.pl\/lodz\/oferta-szkoleniowa\/kursy-i-szkolenia\/kursy-kosmetyczno-fryzjerskie\/kosmetyka-z-elementami-wizazu\/#breadcrumb\"},\"inLanguage\":\"pl-PL\",\"potentialAction\":[{\"@type\":\"ReadAction\",\"target\":[\"https:\/\/akademia-zdrowia.pl\/lodz\/oferta-szkoleniowa\/kursy-i-szkolenia\/kursy-kosmetyczno-fryzjerskie\/kosmetyka-z-elementami-wizazu\/\"]}]},{\"@type\":\"ImageObject\",\"inLanguage\":\"pl-PL\",\"@id\":\"https:\/\/akademia-zdrowia.pl\/lodz\/oferta-szkoleniowa\/kursy-i-szkolenia\/kursy-kosmetyczno-fryzjerskie\/kosmetyka-z-elementami-wizazu\/#primaryimage\",\"url\":\"https:\/\/akademia-zdrowia.pl\/lodz\/wp-content\/uploads\/2019\/09\/zdjecia-na-www8.png\",\"contentUrl\":\"https:\/\/akademia-zdrowia.pl\/lodz\/wp-content\/uploads\/2019\/09\/zdjecia-na-www8.png\",\"width\":750,\"height\":420},{\"@type\":\"BreadcrumbList\",\"@id\":\"https:\/\/akademia-zdrowia.pl\/lodz\/oferta-szkoleniowa\/kursy-i-szkolenia\/kursy-kosmetyczno-fryzjerskie\/kosmetyka-z-elementami-wizazu\/#breadcrumb\",\"itemListElement\":[{\"@type\":\"ListItem\",\"position\":1,\"name\":\"Strona g\u0142\u00f3wna\",\"item\":\"https:\/\/akademia-zdrowia.pl\/lodz\/\"},{\"@type\":\"ListItem\",\"position\":2,\"name\":\"Oferta szkoleniowa\",\"item\":\"https:\/\/akademia-zdrowia.pl\/lodz\/oferta-szkoleniowa\/\"},{\"@type\":\"ListItem\",\"position\":3,\"name\":\"Kursy i szkolenia\",\"item\":\"https:\/\/akademia-zdrowia.pl\/lodz\/oferta-szkoleniowa\/kursy-i-szkolenia\/\"},{\"@type\":\"ListItem\",\"position\":4,\"name\":\"Kursy kosmetyczno-fryzjerskie\",\"item\":\"https:\/\/akademia-zdrowia.pl\/lodz\/oferta-szkoleniowa\/kursy-i-szkolenia\/kursy-kosmetyczno-fryzjerskie\/\"},{\"@type\":\"ListItem\",\"position\":5,\"name\":\"Kosmetyka z elementami wiza\u017cu tel. 698 592 960; 662 486 675\"}]},{\"@type\":\"WebSite\",\"@id\":\"https:\/\/akademia-zdrowia.pl\/lodz\/#website\",\"url\":\"https:\/\/akademia-zdrowia.pl\/lodz\/\",\"name\":\"Akademia Zdrowia \u0141\u00f3d\u017a\",\"description\":\"\",\"potentialAction\":[{\"@type\":\"SearchAction\",\"target\":{\"@type\":\"EntryPoint\",\"urlTemplate\":\"https:\/\/akademia-zdrowia.pl\/lodz\/?s={search_term_string}\"},\"query-input\":{\"@type\":\"PropertyValueSpecification\",\"valueRequired\":true,\"valueName\":\"search_term_string\"}}],\"inLanguage\":\"pl-PL\"}]}<\/script>\n<!-- \/ Yoast SEO Premium plugin. -->","yoast_head_json":{"title":"Kosmetyka z elementami wiza\u017cu tel. 698 592 960; 662 486 675 - Akademia Zdrowia \u0141\u00f3d\u017a - Kursy zawodowe, szko\u0142y policealne, szko\u0142y dla doros\u0142ych","description":"KURS STYLIZACJI PAZNOKCIZapraszamy na kompleksowy kurs stylizacji paznokci. Zapisz si\u0119 \u2013\u00a0tel. 698 592 960; 662 486 675.ZAPISZ SI\u0118!PRAKTYKA TO DLA NAS","robots":{"index":"index","follow":"follow","max-snippet":"max-snippet:-1","max-image-preview":"max-image-preview:large","max-video-preview":"max-video-preview:-1"},"canonical":"https:\/\/akademia-zdrowia.pl\/lodz\/oferta-szkoleniowa\/kursy-i-szkolenia\/kursy-kosmetyczno-fryzjerskie\/kosmetyka-z-elementami-wizazu\/","og_locale":"pl_PL","og_type":"article","og_title":"Kosmetyka z elementami wiza\u017cu tel. 698 592 960; 662 486 675","og_description":"KURS STYLIZACJI PAZNOKCIZapraszamy na kompleksowy kurs stylizacji paznokci. Zapisz si\u0119 \u2013\u00a0tel. 698 592 960; 662 486 675.ZAPISZ SI\u0118!PRAKTYKA TO DLA NAS","og_url":"https:\/\/akademia-zdrowia.pl\/lodz\/oferta-szkoleniowa\/kursy-i-szkolenia\/kursy-kosmetyczno-fryzjerskie\/kosmetyka-z-elementami-wizazu\/","og_site_name":"Akademia Zdrowia \u0141\u00f3d\u017a","article_modified_time":"2021-11-26T17:11:31+00:00","og_image":[{"url":"https:\/\/akademia-zdrowia.pl\/lodz\/wp-content\/uploads\/2019\/09\/zdjecia-na-www8.png","type":"","width":"","height":""}],"twitter_card":"summary_large_image","twitter_misc":{"Szacowany czas czytania":"2 minuty"},"schema":{"@context":"https:\/\/schema.org","@graph":[{"@type":"WebPage","@id":"https:\/\/akademia-zdrowia.pl\/lodz\/oferta-szkoleniowa\/kursy-i-szkolenia\/kursy-kosmetyczno-fryzjerskie\/kosmetyka-z-elementami-wizazu\/","url":"https:\/\/akademia-zdrowia.pl\/lodz\/oferta-szkoleniowa\/kursy-i-szkolenia\/kursy-kosmetyczno-fryzjerskie\/kosmetyka-z-elementami-wizazu\/","name":"Kosmetyka z elementami wiza\u017cu tel. 698 592 960; 662 486 675 - Akademia Zdrowia \u0141\u00f3d\u017a - Kursy zawodowe, szko\u0142y policealne, szko\u0142y dla doros\u0142ych","isPartOf":{"@id":"https:\/\/akademia-zdrowia.pl\/lodz\/#website"},"primaryImageOfPage":{"@id":"https:\/\/akademia-zdrowia.pl\/lodz\/oferta-szkoleniowa\/kursy-i-szkolenia\/kursy-kosmetyczno-fryzjerskie\/kosmetyka-z-elementami-wizazu\/#primaryimage"},"image":{"@id":"https:\/\/akademia-zdrowia.pl\/lodz\/oferta-szkoleniowa\/kursy-i-szkolenia\/kursy-kosmetyczno-fryzjerskie\/kosmetyka-z-elementami-wizazu\/#primaryimage"},"thumbnailUrl":"https:\/\/akademia-zdrowia.pl\/lodz\/wp-content\/uploads\/2019\/09\/zdjecia-na-www8.png","datePublished":"2018-01-10T08:37:47+00:00","dateModified":"2021-11-26T17:11:31+00:00","description":"KURS STYLIZACJI PAZNOKCIZapraszamy na kompleksowy kurs stylizacji paznokci. Zapisz si\u0119 \u2013\u00a0tel. 698 592 960; 662 486 675.ZAPISZ SI\u0118!PRAKTYKA TO DLA NAS","breadcrumb":{"@id":"https:\/\/akademia-zdrowia.pl\/lodz\/oferta-szkoleniowa\/kursy-i-szkolenia\/kursy-kosmetyczno-fryzjerskie\/kosmetyka-z-elementami-wizazu\/#breadcrumb"},"inLanguage":"pl-PL","potentialAction":[{"@type":"ReadAction","target":["https:\/\/akademia-zdrowia.pl\/lodz\/oferta-szkoleniowa\/kursy-i-szkolenia\/kursy-kosmetyczno-fryzjerskie\/kosmetyka-z-elementami-wizazu\/"]}]},{"@type":"ImageObject","inLanguage":"pl-PL","@id":"https:\/\/akademia-zdrowia.pl\/lodz\/oferta-szkoleniowa\/kursy-i-szkolenia\/kursy-kosmetyczno-fryzjerskie\/kosmetyka-z-elementami-wizazu\/#primaryimage","url":"https:\/\/akademia-zdrowia.pl\/lodz\/wp-content\/uploads\/2019\/09\/zdjecia-na-www8.png","contentUrl":"https:\/\/akademia-zdrowia.pl\/lodz\/wp-content\/uploads\/2019\/09\/zdjecia-na-www8.png","width":750,"height":420},{"@type":"BreadcrumbList","@id":"https:\/\/akademia-zdrowia.pl\/lodz\/oferta-szkoleniowa\/kursy-i-szkolenia\/kursy-kosmetyczno-fryzjerskie\/kosmetyka-z-elementami-wizazu\/#breadcrumb","itemListElement":[{"@type":"ListItem","position":1,"name":"Strona g\u0142\u00f3wna","item":"https:\/\/akademia-zdrowia.pl\/lodz\/"},{"@type":"ListItem","position":2,"name":"Oferta szkoleniowa","item":"https:\/\/akademia-zdrowia.pl\/lodz\/oferta-szkoleniowa\/"},{"@type":"ListItem","position":3,"name":"Kursy i szkolenia","item":"https:\/\/akademia-zdrowia.pl\/lodz\/oferta-szkoleniowa\/kursy-i-szkolenia\/"},{"@type":"ListItem","position":4,"name":"Kursy kosmetyczno-fryzjerskie","item":"https:\/\/akademia-zdrowia.pl\/lodz\/oferta-szkoleniowa\/kursy-i-szkolenia\/kursy-kosmetyczno-fryzjerskie\/"},{"@type":"ListItem","position":5,"name":"Kosmetyka z elementami wiza\u017cu tel. 698 592 960; 662 486 675"}]},{"@type":"WebSite","@id":"https:\/\/akademia-zdrowia.pl\/lodz\/#website","url":"https:\/\/akademia-zdrowia.pl\/lodz\/","name":"Akademia Zdrowia \u0141\u00f3d\u017a","description":"","potentialAction":[{"@type":"SearchAction","target":{"@type":"EntryPoint","urlTemplate":"https:\/\/akademia-zdrowia.pl\/lodz\/?s={search_term_string}"},"query-input":{"@type":"PropertyValueSpecification","valueRequired":true,"valueName":"search_term_string"}}],"inLanguage":"pl-PL"}]}},"_links":{"self":[{"href":"https:\/\/akademia-zdrowia.pl\/lodz\/wp-json\/wp\/v2\/pages\/324","targetHints":{"allow":["GET"]}}],"collection":[{"href":"https:\/\/akademia-zdrowia.pl\/lodz\/wp-json\/wp\/v2\/pages"}],"about":[{"href":"https:\/\/akademia-zdrowia.pl\/lodz\/wp-json\/wp\/v2\/types\/page"}],"author":[{"embeddable":true,"href":"https:\/\/akademia-zdrowia.pl\/lodz\/wp-json\/wp\/v2\/users\/1"}],"replies":[{"embeddable":true,"href":"https:\/\/akademia-zdrowia.pl\/lodz\/wp-json\/wp\/v2\/comments?post=324"}],"version-history":[{"count":9,"href":"https:\/\/akademia-zdrowia.pl\/lodz\/wp-json\/wp\/v2\/pages\/324\/revisions"}],"predecessor-version":[{"id":7124,"href":"https:\/\/akademia-zdrowia.pl\/lodz\/wp-json\/wp\/v2\/pages\/324\/revisions\/7124"}],"up":[{"embeddable":true,"href":"https:\/\/akademia-zdrowia.pl\/lodz\/wp-json\/wp\/v2\/pages\/320"}],"wp:attachment":[{"href":"https:\/\/akademia-zdrowia.pl\/lodz\/wp-json\/wp\/v2\/media?parent=324"}],"curies":[{"name":"wp","href":"https:\/\/api.w.org\/{rel}","templated":true}]}}