{"id":346,"date":"2018-01-10T09:51:09","date_gmt":"2018-01-10T08:51:09","guid":{"rendered":"https:\/\/akademia-zdrowia.pl\/lodz\/?page_id=346"},"modified":"2023-09-26T17:45:18","modified_gmt":"2023-09-26T15:45:18","slug":"ratownictwo-weterynaryjne","status":"publish","type":"page","link":"https:\/\/akademia-zdrowia.pl\/lodz\/oferta-szkoleniowa\/kursy-i-szkolenia\/kursy-weterynaryjne\/ratownictwo-weterynaryjne\/","title":{"rendered":"Ratownictwo weterynaryjne"},"content":{"rendered":"\t\t<div data-elementor-type=\"wp-page\" data-elementor-id=\"346\" class=\"elementor elementor-346\" data-elementor-post-type=\"page\">\n\t\t\t\t\t\t<section class=\"elementor-section elementor-top-section elementor-element elementor-element-5a1f3770 elementor-section-stretched elementor-section-boxed elementor-section-height-default elementor-section-height-default\" data-id=\"5a1f3770\" data-element_type=\"section\" data-e-type=\"section\" data-settings=\"{&quot;stretch_section&quot;:&quot;section-stretched&quot;}\">\n\t\t\t\t\t\t<div class=\"elementor-container elementor-column-gap-default\">\n\t\t\t\t\t<div class=\"elementor-column elementor-col-66 elementor-top-column elementor-element elementor-element-3ccbeb4e\" data-id=\"3ccbeb4e\" data-element_type=\"column\" data-e-type=\"column\">\n\t\t\t<div class=\"elementor-widget-wrap elementor-element-populated\">\n\t\t\t\t\t\t<div class=\"elementor-element elementor-element-a4538f1 elementor-widget elementor-widget-text-editor\" data-id=\"a4538f1\" data-element_type=\"widget\" data-e-type=\"widget\" data-widget_type=\"text-editor.default\">\n\t\t\t\t<div class=\"elementor-widget-container\">\n\t\t\t\t\t\t\t\t\t<h2>Ratownictwo weterynaryjne<\/h2><p>Kurs sk\u0142ada si\u0119 z 30 godzin dydaktycznych.<\/p><p align=\"left\"><strong>Monika \u2013\u00a0<img decoding=\"async\" class=\"alignnone wp-image-11688\" src=\"https:\/\/akademia-zdrowia.pl\/lodz\/wp-content\/uploads\/2023\/09\/whatsapp-logo-png-2288-120x120-1.png\" alt=\"\" width=\"32\" height=\"32\" \/> <a href=\"tel:+48694592960\">698 592 960<\/a>; Ma\u0142gorzata \u2013 <img decoding=\"async\" class=\"alignnone wp-image-11688\" src=\"https:\/\/akademia-zdrowia.pl\/lodz\/wp-content\/uploads\/2023\/09\/whatsapp-logo-png-2288-120x120-1.png\" alt=\"\" width=\"32\" height=\"32\" \/>\u00a0<a href=\"tel:+48662486675\">662 486 675<\/a>.<\/strong><\/p><p align=\"left\"><strong><a href=\"\/lodz\/zapisz-sie-na-kurs\/\">ZAPISZ SI\u0118!<\/a><\/strong><\/p><p><strong>Szkolenie trwa:<\/strong><\/p><p>w weekendy \u2013 4 dni, w godzinach 9:00 \u2013 15:00<\/p><p>Za\u015bwiadczenie na druku MEN<\/p><p class=\"v1MsoNormal\">Na kursie dowiemy si\u0119 jak post\u0105pi\u0107 w sytuacjach nag\u0142ych:<\/p><ul><li class=\"v1MsoNormal\">\u00a0zatrucia pokarmowe co zrobi\u0107?<\/li><li class=\"v1MsoNormal\">podstawowe badanie fizykalne oraz kliniczne ps\u00f3w (pomiar temperatury, t\u0119tna i liczby oddech\u00f3w, ocena b\u0142on \u015bluzowych). Om\u00f3wienie poszczeg\u00f3lnych wska\u017anik\u00f3w diagnostycznych. Oswojenie z anatomi\u0105 psa i kota.<\/li><li class=\"v1MsoNormal\">przedstawienie schematu resuscytacji kr\u0105\u017ceniowo-oddechowej u psa i kota<\/li><li class=\"v1MsoNormal\">post\u0119powanie w przypadku udaru cieplnego i wykorzystanie foli NCR (z\u0142oto srebrna). Om\u00f3wienie zasad prewencji weterynaryjnej w przypadku ps\u00f3w i kot\u00f3w przebywaj\u0105cych poza domem.<\/li><li class=\"v1MsoNormal\">epilepsja (padaczka) u psa i kota<\/li><li class=\"v1MsoNormal\">badanie fizykalne i transport psa i kota po wypadku komunikacyjnym<\/li><li class=\"v1MsoNormal\">jak rozpozna\u0107 z\u0142amanie? Sposoby unieruchamiania ko\u0144czyn psa oraz transport.<\/li><li class=\"v1MsoNormal\">ektopaso\u017cyty<\/li><li class=\"v1MsoNormal\">usuwanie kleszczy<\/li><li class=\"v1MsoNormal\">pierwsza pomoc przedweterynaryjna w razie odmro\u017ce\u0144 lub oparze\u0144.<\/li><li class=\"v1MsoNormal\">om\u00f3wienie wyposa\u017cenia apteczki pierwszej pomocy dla zwierz\u0105t,<\/li><li class=\"v1MsoNormal\">post\u0119powanie w przypadku b\u00f3lu zwierz\u0119cia. Przedstawienie mo\u017cliwo\u015bci zastosowania lek\u00f3w z apteczki domowej. Om\u00f3wienie lek\u00f3w o dzia\u0142aniu toksycznym, kt\u00f3rych podanie mo\u017ce grozi\u0107 \u015bmierci\u0105 zwierz\u0119cia.<\/li><\/ul><p><img fetchpriority=\"high\" decoding=\"async\" width=\"1024\" height=\"818\" class=\"aligncenter wp-image-1542 size-large\" title=\"ratownik zwierzat\" src=\"https:\/\/akademia-zdrowia.pl\/lodz\/wp-content\/uploads\/2018\/08\/10348900_m-1024x818.jpg\" srcset=\"https:\/\/akademia-zdrowia.pl\/lodz\/wp-content\/uploads\/2018\/08\/10348900_m-1024x818.jpg 1024w, https:\/\/akademia-zdrowia.pl\/lodz\/wp-content\/uploads\/2018\/08\/10348900_m-300x240.jpg 300w, https:\/\/akademia-zdrowia.pl\/lodz\/wp-content\/uploads\/2018\/08\/10348900_m-768x613.jpg 768w, https:\/\/akademia-zdrowia.pl\/lodz\/wp-content\/uploads\/2018\/08\/10348900_m-1536x1226.jpg 1536w, https:\/\/akademia-zdrowia.pl\/lodz\/wp-content\/uploads\/2018\/08\/10348900_m-2048x1635.jpg 2048w, https:\/\/akademia-zdrowia.pl\/lodz\/wp-content\/uploads\/2018\/08\/10348900_m-1568x1252.jpg 1568w\" sizes=\"(max-width: 1024px) 100vw, 1024px\" \/><\/p>\t\t\t\t\t\t\t\t<\/div>\n\t\t\t\t<\/div>\n\t\t\t\t\t<\/div>\n\t\t<\/div>\n\t\t\t\t<div class=\"elementor-column elementor-col-33 elementor-top-column elementor-element elementor-element-2ec093f1\" data-id=\"2ec093f1\" data-element_type=\"column\" data-e-type=\"column\">\n\t\t\t<div class=\"elementor-widget-wrap elementor-element-populated\">\n\t\t\t\t\t\t<div class=\"elementor-element elementor-element-a6eb95e elementor-widget elementor-widget-rs-image\" data-id=\"a6eb95e\" data-element_type=\"widget\" data-e-type=\"widget\" data-widget_type=\"rs-image.default\">\n\t\t\t\t<div class=\"elementor-widget-container\">\n\t\t\t\t\t\n        <div class=\"rs-image \">\n                            <img decoding=\"async\" class=\"rs-multi-image \" src=\"https:\/\/akademia-zdrowia.pl\/lodz\/wp-content\/uploads\/2022\/01\/IMG_0795-2-scaled.jpg\" alt=\"image\"\/>\n                    <\/div>\n\n              \n    \t\t\t\t<\/div>\n\t\t\t\t<\/div>\n\t\t\t\t<div class=\"elementor-element elementor-element-b7c557 elementor-widget elementor-widget-text-editor\" data-id=\"b7c557\" data-element_type=\"widget\" data-e-type=\"widget\" data-widget_type=\"text-editor.default\">\n\t\t\t\t<div class=\"elementor-widget-container\">\n\t\t\t\t\t\t\t\t\t<div class=\"adres\"><div class=\"adres\"><p style=\"text-align: center;\">ul. Jana Kili\u0144skiego 21<br \/><span style=\"color: var( --e-global-color-text ); font-family: var( --e-global-typography-text-font-family ), Sans-serif; font-weight: var( --e-global-typography-text-font-weight );\">90-205 \u0141\u00f3d\u017a<br \/><\/span><img decoding=\"async\" style=\"color: var( --e-global-color-text ); font-family: var( --e-global-typography-text-font-family ), Sans-serif; font-weight: var( --e-global-typography-text-font-weight );\" src=\"https:\/\/akademia-zdrowia.pl\/lodz\/wp-content\/themes\/akademia-podstrona\/img\/phone-ico_red.png\" alt=\"marker\" \/><span style=\"color: var( --e-global-color-text ); font-family: var( --e-global-typography-text-font-family ), Sans-serif; font-weight: var( --e-global-typography-text-font-weight );\">\u00a0\u00a0<\/span><span style=\"color: var( --e-global-color-text ); font-family: var( --e-global-typography-text-font-family ), Sans-serif; font-weight: var( --e-global-typography-text-font-weight );\">tel.\u00a0<\/span><a style=\"font-family: var( --e-global-typography-text-font-family ), Sans-serif; font-weight: var( --e-global-typography-text-font-weight ); background-color: #ffffff;\" href=\"tel:42 255 77 00\">42 255 77 00<\/a><span style=\"color: var( --e-global-color-text ); font-family: var( --e-global-typography-text-font-family ), Sans-serif; font-weight: var( --e-global-typography-text-font-weight );\">\u00a0\u00a0<\/span><span style=\"color: var( --e-global-color-text ); font-family: var( --e-global-typography-text-font-family ), Sans-serif; font-weight: var( --e-global-typography-text-font-weight );\">tel.\/fax\u00a0<\/span><a style=\"font-family: var( --e-global-typography-text-font-family ), Sans-serif; font-weight: var( --e-global-typography-text-font-weight ); background-color: #ffffff;\" href=\"tel:42 255 77 01\">42 255 77 01<\/a><\/p><p>Monika \u2013 <img decoding=\"async\" class=\"alignnone wp-image-11688\" src=\"https:\/\/akademia-zdrowia.pl\/lodz\/wp-content\/uploads\/2023\/09\/whatsapp-logo-png-2288-120x120-1.png\" alt=\"\" width=\"32\" height=\"32\" \/> <a href=\"tel:+48694592960\">698 592 960<\/a>;<\/p><p>Ma\u0142gorzata \u2013 <img decoding=\"async\" class=\"alignnone wp-image-11688\" src=\"https:\/\/akademia-zdrowia.pl\/lodz\/wp-content\/uploads\/2023\/09\/whatsapp-logo-png-2288-120x120-1.png\" alt=\"\" width=\"32\" height=\"32\" \/>\u00a0<a href=\"tel:+48662486675\">662 486 675<\/a>.<\/p><\/div><div class=\"dodatkowe\"><p style=\"text-align: center;\">Sekretariat czynny od poniedzia\u0142ku do pi\u0105tku w godzinach 9.00-16.00<\/p><p style=\"text-align: center;\"><span style=\"color: #000080; font-family: var( --e-global-typography-text-font-family ), Sans-serif;\"><b>Zarezerwuj miejsce ju\u017c dzi\u015b!<\/b><\/span><\/p><\/div><\/div>\t\t\t\t\t\t\t\t<\/div>\n\t\t\t\t<\/div>\n\t\t\t\t\t<\/div>\n\t\t<\/div>\n\t\t\t\t\t<\/div>\n\t\t<\/section>\n\t\t\t\t<\/div>\n\t\t","protected":false},"excerpt":{"rendered":"<p>Ratownictwo weterynaryjne Kurs sk\u0142ada si\u0119 z 30 godzin dydaktycznych. Monika \u2013\u00a0 698 592 960; Ma\u0142gorzata \u2013 \u00a0662 486 675. ZAPISZ SI\u0118! Szkolenie trwa: w weekendy \u2013 4 dni, w godzinach 9:00 \u2013 15:00 Za\u015bwiadczenie na druku MEN Na kursie dowiemy si\u0119 jak post\u0105pi\u0107 w sytuacjach nag\u0142ych: \u00a0zatrucia pokarmowe co zrobi\u0107? podstawowe badanie fizykalne oraz kliniczne&#8230;<\/p>\n","protected":false},"author":1,"featured_media":0,"parent":332,"menu_order":0,"comment_status":"closed","ping_status":"closed","template":"","meta":{"footnotes":""},"class_list":["post-346","page","type-page","status-publish","hentry"],"yoast_head":"<!-- This site is optimized with the Yoast SEO Premium plugin v18.9 (Yoast SEO v27.2) - https:\/\/yoast.com\/product\/yoast-seo-premium-wordpress\/ -->\n<title>Ratownictwo weterynaryjne - Akademia Zdrowia \u0141\u00f3d\u017a - Kursy zawodowe, szko\u0142y policealne, szko\u0142y dla doros\u0142ych<\/title>\n<meta name=\"description\" content=\"Ratownictwo weterynaryjneKurs sk\u0142ada si\u0119 z 30 godzin dydaktycznych.Monika \u2013\u00a0 698 592 960; Ma\u0142gorzata \u2013 \u00a0662 486 675.ZAPISZ SI\u0118!Szkolenie trwa:w weekendy \u2013\" \/>\n<meta name=\"robots\" content=\"index, follow, max-snippet:-1, max-image-preview:large, max-video-preview:-1\" \/>\n<link rel=\"canonical\" href=\"https:\/\/akademia-zdrowia.pl\/lodz\/oferta-szkoleniowa\/kursy-i-szkolenia\/kursy-weterynaryjne\/ratownictwo-weterynaryjne\/\" \/>\n<meta property=\"og:locale\" content=\"pl_PL\" \/>\n<meta property=\"og:type\" content=\"article\" \/>\n<meta property=\"og:title\" content=\"Ratownictwo weterynaryjne\" \/>\n<meta property=\"og:description\" content=\"Ratownictwo weterynaryjneKurs sk\u0142ada si\u0119 z 30 godzin dydaktycznych.Monika \u2013\u00a0 698 592 960; Ma\u0142gorzata \u2013 \u00a0662 486 675.ZAPISZ SI\u0118!Szkolenie trwa:w weekendy \u2013\" \/>\n<meta property=\"og:url\" content=\"https:\/\/akademia-zdrowia.pl\/lodz\/oferta-szkoleniowa\/kursy-i-szkolenia\/kursy-weterynaryjne\/ratownictwo-weterynaryjne\/\" \/>\n<meta property=\"og:site_name\" content=\"Akademia Zdrowia \u0141\u00f3d\u017a\" \/>\n<meta property=\"article:modified_time\" content=\"2023-09-26T15:45:18+00:00\" \/>\n<meta property=\"og:image\" content=\"https:\/\/akademia-zdrowia.pl\/lodz\/wp-content\/uploads\/2023\/09\/whatsapp-logo-png-2288-120x120-1.png\" \/>\n<meta name=\"twitter:card\" content=\"summary_large_image\" \/>\n<meta name=\"twitter:label1\" content=\"Szacowany czas czytania\" \/>\n\t<meta name=\"twitter:data1\" content=\"3 minuty\" \/>\n<script type=\"application\/ld+json\" class=\"yoast-schema-graph\">{\"@context\":\"https:\/\/schema.org\",\"@graph\":[{\"@type\":\"WebPage\",\"@id\":\"https:\/\/akademia-zdrowia.pl\/lodz\/oferta-szkoleniowa\/kursy-i-szkolenia\/kursy-weterynaryjne\/ratownictwo-weterynaryjne\/\",\"url\":\"https:\/\/akademia-zdrowia.pl\/lodz\/oferta-szkoleniowa\/kursy-i-szkolenia\/kursy-weterynaryjne\/ratownictwo-weterynaryjne\/\",\"name\":\"Ratownictwo weterynaryjne - Akademia Zdrowia \u0141\u00f3d\u017a - Kursy zawodowe, szko\u0142y policealne, szko\u0142y dla doros\u0142ych\",\"isPartOf\":{\"@id\":\"https:\/\/akademia-zdrowia.pl\/lodz\/#website\"},\"primaryImageOfPage\":{\"@id\":\"https:\/\/akademia-zdrowia.pl\/lodz\/oferta-szkoleniowa\/kursy-i-szkolenia\/kursy-weterynaryjne\/ratownictwo-weterynaryjne\/#primaryimage\"},\"image\":{\"@id\":\"https:\/\/akademia-zdrowia.pl\/lodz\/oferta-szkoleniowa\/kursy-i-szkolenia\/kursy-weterynaryjne\/ratownictwo-weterynaryjne\/#primaryimage\"},\"thumbnailUrl\":\"https:\/\/akademia-zdrowia.pl\/lodz\/wp-content\/uploads\/2023\/09\/whatsapp-logo-png-2288-120x120-1.png\",\"datePublished\":\"2018-01-10T08:51:09+00:00\",\"dateModified\":\"2023-09-26T15:45:18+00:00\",\"description\":\"Ratownictwo weterynaryjneKurs sk\u0142ada si\u0119 z 30 godzin dydaktycznych.Monika \u2013\u00a0 698 592 960; Ma\u0142gorzata \u2013 \u00a0662 486 675.ZAPISZ SI\u0118!Szkolenie trwa:w weekendy \u2013\",\"breadcrumb\":{\"@id\":\"https:\/\/akademia-zdrowia.pl\/lodz\/oferta-szkoleniowa\/kursy-i-szkolenia\/kursy-weterynaryjne\/ratownictwo-weterynaryjne\/#breadcrumb\"},\"inLanguage\":\"pl-PL\",\"potentialAction\":[{\"@type\":\"ReadAction\",\"target\":[\"https:\/\/akademia-zdrowia.pl\/lodz\/oferta-szkoleniowa\/kursy-i-szkolenia\/kursy-weterynaryjne\/ratownictwo-weterynaryjne\/\"]}]},{\"@type\":\"ImageObject\",\"inLanguage\":\"pl-PL\",\"@id\":\"https:\/\/akademia-zdrowia.pl\/lodz\/oferta-szkoleniowa\/kursy-i-szkolenia\/kursy-weterynaryjne\/ratownictwo-weterynaryjne\/#primaryimage\",\"url\":\"https:\/\/akademia-zdrowia.pl\/lodz\/wp-content\/uploads\/2023\/09\/whatsapp-logo-png-2288-120x120-1.png\",\"contentUrl\":\"https:\/\/akademia-zdrowia.pl\/lodz\/wp-content\/uploads\/2023\/09\/whatsapp-logo-png-2288-120x120-1.png\",\"width\":120,\"height\":120},{\"@type\":\"BreadcrumbList\",\"@id\":\"https:\/\/akademia-zdrowia.pl\/lodz\/oferta-szkoleniowa\/kursy-i-szkolenia\/kursy-weterynaryjne\/ratownictwo-weterynaryjne\/#breadcrumb\",\"itemListElement\":[{\"@type\":\"ListItem\",\"position\":1,\"name\":\"Strona g\u0142\u00f3wna\",\"item\":\"https:\/\/akademia-zdrowia.pl\/lodz\/\"},{\"@type\":\"ListItem\",\"position\":2,\"name\":\"Oferta szkoleniowa\",\"item\":\"https:\/\/akademia-zdrowia.pl\/lodz\/oferta-szkoleniowa\/\"},{\"@type\":\"ListItem\",\"position\":3,\"name\":\"Kursy i szkolenia\",\"item\":\"https:\/\/akademia-zdrowia.pl\/lodz\/oferta-szkoleniowa\/kursy-i-szkolenia\/\"},{\"@type\":\"ListItem\",\"position\":4,\"name\":\"Kursy weterynaryjne\",\"item\":\"https:\/\/akademia-zdrowia.pl\/lodz\/oferta-szkoleniowa\/kursy-i-szkolenia\/kursy-weterynaryjne\/\"},{\"@type\":\"ListItem\",\"position\":5,\"name\":\"Ratownictwo weterynaryjne\"}]},{\"@type\":\"WebSite\",\"@id\":\"https:\/\/akademia-zdrowia.pl\/lodz\/#website\",\"url\":\"https:\/\/akademia-zdrowia.pl\/lodz\/\",\"name\":\"Akademia Zdrowia \u0141\u00f3d\u017a\",\"description\":\"\",\"potentialAction\":[{\"@type\":\"SearchAction\",\"target\":{\"@type\":\"EntryPoint\",\"urlTemplate\":\"https:\/\/akademia-zdrowia.pl\/lodz\/?s={search_term_string}\"},\"query-input\":{\"@type\":\"PropertyValueSpecification\",\"valueRequired\":true,\"valueName\":\"search_term_string\"}}],\"inLanguage\":\"pl-PL\"}]}<\/script>\n<!-- \/ Yoast SEO Premium plugin. -->","yoast_head_json":{"title":"Ratownictwo weterynaryjne - Akademia Zdrowia \u0141\u00f3d\u017a - Kursy zawodowe, szko\u0142y policealne, szko\u0142y dla doros\u0142ych","description":"Ratownictwo weterynaryjneKurs sk\u0142ada si\u0119 z 30 godzin dydaktycznych.Monika \u2013\u00a0 698 592 960; Ma\u0142gorzata \u2013 \u00a0662 486 675.ZAPISZ SI\u0118!Szkolenie trwa:w weekendy \u2013","robots":{"index":"index","follow":"follow","max-snippet":"max-snippet:-1","max-image-preview":"max-image-preview:large","max-video-preview":"max-video-preview:-1"},"canonical":"https:\/\/akademia-zdrowia.pl\/lodz\/oferta-szkoleniowa\/kursy-i-szkolenia\/kursy-weterynaryjne\/ratownictwo-weterynaryjne\/","og_locale":"pl_PL","og_type":"article","og_title":"Ratownictwo weterynaryjne","og_description":"Ratownictwo weterynaryjneKurs sk\u0142ada si\u0119 z 30 godzin dydaktycznych.Monika \u2013\u00a0 698 592 960; Ma\u0142gorzata \u2013 \u00a0662 486 675.ZAPISZ SI\u0118!Szkolenie trwa:w weekendy \u2013","og_url":"https:\/\/akademia-zdrowia.pl\/lodz\/oferta-szkoleniowa\/kursy-i-szkolenia\/kursy-weterynaryjne\/ratownictwo-weterynaryjne\/","og_site_name":"Akademia Zdrowia \u0141\u00f3d\u017a","article_modified_time":"2023-09-26T15:45:18+00:00","og_image":[{"url":"https:\/\/akademia-zdrowia.pl\/lodz\/wp-content\/uploads\/2023\/09\/whatsapp-logo-png-2288-120x120-1.png","type":"","width":"","height":""}],"twitter_card":"summary_large_image","twitter_misc":{"Szacowany czas czytania":"3 minuty"},"schema":{"@context":"https:\/\/schema.org","@graph":[{"@type":"WebPage","@id":"https:\/\/akademia-zdrowia.pl\/lodz\/oferta-szkoleniowa\/kursy-i-szkolenia\/kursy-weterynaryjne\/ratownictwo-weterynaryjne\/","url":"https:\/\/akademia-zdrowia.pl\/lodz\/oferta-szkoleniowa\/kursy-i-szkolenia\/kursy-weterynaryjne\/ratownictwo-weterynaryjne\/","name":"Ratownictwo weterynaryjne - Akademia Zdrowia \u0141\u00f3d\u017a - Kursy zawodowe, szko\u0142y policealne, szko\u0142y dla doros\u0142ych","isPartOf":{"@id":"https:\/\/akademia-zdrowia.pl\/lodz\/#website"},"primaryImageOfPage":{"@id":"https:\/\/akademia-zdrowia.pl\/lodz\/oferta-szkoleniowa\/kursy-i-szkolenia\/kursy-weterynaryjne\/ratownictwo-weterynaryjne\/#primaryimage"},"image":{"@id":"https:\/\/akademia-zdrowia.pl\/lodz\/oferta-szkoleniowa\/kursy-i-szkolenia\/kursy-weterynaryjne\/ratownictwo-weterynaryjne\/#primaryimage"},"thumbnailUrl":"https:\/\/akademia-zdrowia.pl\/lodz\/wp-content\/uploads\/2023\/09\/whatsapp-logo-png-2288-120x120-1.png","datePublished":"2018-01-10T08:51:09+00:00","dateModified":"2023-09-26T15:45:18+00:00","description":"Ratownictwo weterynaryjneKurs sk\u0142ada si\u0119 z 30 godzin dydaktycznych.Monika \u2013\u00a0 698 592 960; Ma\u0142gorzata \u2013 \u00a0662 486 675.ZAPISZ SI\u0118!Szkolenie trwa:w weekendy \u2013","breadcrumb":{"@id":"https:\/\/akademia-zdrowia.pl\/lodz\/oferta-szkoleniowa\/kursy-i-szkolenia\/kursy-weterynaryjne\/ratownictwo-weterynaryjne\/#breadcrumb"},"inLanguage":"pl-PL","potentialAction":[{"@type":"ReadAction","target":["https:\/\/akademia-zdrowia.pl\/lodz\/oferta-szkoleniowa\/kursy-i-szkolenia\/kursy-weterynaryjne\/ratownictwo-weterynaryjne\/"]}]},{"@type":"ImageObject","inLanguage":"pl-PL","@id":"https:\/\/akademia-zdrowia.pl\/lodz\/oferta-szkoleniowa\/kursy-i-szkolenia\/kursy-weterynaryjne\/ratownictwo-weterynaryjne\/#primaryimage","url":"https:\/\/akademia-zdrowia.pl\/lodz\/wp-content\/uploads\/2023\/09\/whatsapp-logo-png-2288-120x120-1.png","contentUrl":"https:\/\/akademia-zdrowia.pl\/lodz\/wp-content\/uploads\/2023\/09\/whatsapp-logo-png-2288-120x120-1.png","width":120,"height":120},{"@type":"BreadcrumbList","@id":"https:\/\/akademia-zdrowia.pl\/lodz\/oferta-szkoleniowa\/kursy-i-szkolenia\/kursy-weterynaryjne\/ratownictwo-weterynaryjne\/#breadcrumb","itemListElement":[{"@type":"ListItem","position":1,"name":"Strona g\u0142\u00f3wna","item":"https:\/\/akademia-zdrowia.pl\/lodz\/"},{"@type":"ListItem","position":2,"name":"Oferta szkoleniowa","item":"https:\/\/akademia-zdrowia.pl\/lodz\/oferta-szkoleniowa\/"},{"@type":"ListItem","position":3,"name":"Kursy i szkolenia","item":"https:\/\/akademia-zdrowia.pl\/lodz\/oferta-szkoleniowa\/kursy-i-szkolenia\/"},{"@type":"ListItem","position":4,"name":"Kursy weterynaryjne","item":"https:\/\/akademia-zdrowia.pl\/lodz\/oferta-szkoleniowa\/kursy-i-szkolenia\/kursy-weterynaryjne\/"},{"@type":"ListItem","position":5,"name":"Ratownictwo weterynaryjne"}]},{"@type":"WebSite","@id":"https:\/\/akademia-zdrowia.pl\/lodz\/#website","url":"https:\/\/akademia-zdrowia.pl\/lodz\/","name":"Akademia Zdrowia \u0141\u00f3d\u017a","description":"","potentialAction":[{"@type":"SearchAction","target":{"@type":"EntryPoint","urlTemplate":"https:\/\/akademia-zdrowia.pl\/lodz\/?s={search_term_string}"},"query-input":{"@type":"PropertyValueSpecification","valueRequired":true,"valueName":"search_term_string"}}],"inLanguage":"pl-PL"}]}},"_links":{"self":[{"href":"https:\/\/akademia-zdrowia.pl\/lodz\/wp-json\/wp\/v2\/pages\/346","targetHints":{"allow":["GET"]}}],"collection":[{"href":"https:\/\/akademia-zdrowia.pl\/lodz\/wp-json\/wp\/v2\/pages"}],"about":[{"href":"https:\/\/akademia-zdrowia.pl\/lodz\/wp-json\/wp\/v2\/types\/page"}],"author":[{"embeddable":true,"href":"https:\/\/akademia-zdrowia.pl\/lodz\/wp-json\/wp\/v2\/users\/1"}],"replies":[{"embeddable":true,"href":"https:\/\/akademia-zdrowia.pl\/lodz\/wp-json\/wp\/v2\/comments?post=346"}],"version-history":[{"count":19,"href":"https:\/\/akademia-zdrowia.pl\/lodz\/wp-json\/wp\/v2\/pages\/346\/revisions"}],"predecessor-version":[{"id":11935,"href":"https:\/\/akademia-zdrowia.pl\/lodz\/wp-json\/wp\/v2\/pages\/346\/revisions\/11935"}],"up":[{"embeddable":true,"href":"https:\/\/akademia-zdrowia.pl\/lodz\/wp-json\/wp\/v2\/pages\/332"}],"wp:attachment":[{"href":"https:\/\/akademia-zdrowia.pl\/lodz\/wp-json\/wp\/v2\/media?parent=346"}],"curies":[{"name":"wp","href":"https:\/\/api.w.org\/{rel}","templated":true}]}}