{"id":1678,"date":"2020-05-03T16:57:59","date_gmt":"2020-05-03T14:57:59","guid":{"rendered":"https:\/\/akademia-zdrowia.pl\/rzeszow\/?page_id=1678"},"modified":"2022-02-13T20:21:25","modified_gmt":"2022-02-13T19:21:25","slug":"o-projekcie-spirala-do-sukcesu","status":"publish","type":"page","link":"https:\/\/akademia-zdrowia.pl\/rzeszow\/o-projekcie-spirala-do-sukcesu\/","title":{"rendered":"O projekcie Spirala do sukcesu"},"content":{"rendered":"\t\t<div data-elementor-type=\"wp-page\" data-elementor-id=\"1678\" class=\"elementor elementor-1678\" data-elementor-post-type=\"page\">\n\t\t\t\t\t\t<section class=\"elementor-section elementor-top-section elementor-element elementor-element-4f02434 elementor-section-boxed elementor-section-height-default elementor-section-height-default\" data-id=\"4f02434\" data-element_type=\"section\" data-e-type=\"section\">\n\t\t\t\t\t\t<div class=\"elementor-container elementor-column-gap-default\">\n\t\t\t\t\t<div class=\"elementor-column elementor-col-66 elementor-top-column elementor-element elementor-element-035447d\" data-id=\"035447d\" data-element_type=\"column\" data-e-type=\"column\">\n\t\t\t<div class=\"elementor-widget-wrap elementor-element-populated\">\n\t\t\t\t\t\t<div class=\"elementor-element elementor-element-2ae6cfeb elementor-widget elementor-widget-text-editor\" data-id=\"2ae6cfeb\" data-element_type=\"widget\" data-e-type=\"widget\" data-widget_type=\"text-editor.default\">\n\t\t\t\t<div class=\"elementor-widget-container\">\n\t\t\t\t\t\t\t\t\t<p style=\"text-align: center;\"><span style=\"font-size: 21px;\">Projekt <strong>&#8220;Spirala do sukces&#8221;\u00a0<\/strong><\/span><\/p><p style=\"text-align: center;\"><span style=\"font-size: 21px;\">realizowany jest przez Akademi\u0119 Zdrowia Izabela \u0141ajs<\/span><\/p><p><img fetchpriority=\"high\" decoding=\"async\" class=\"aligncenter wp-image-1679 size-large\" src=\"https:\/\/akademia-zdrowia.pl\/rzeszow\/wp-content\/uploads\/2020\/05\/FEWER-RP-UEEFS-1-1024x139.png\" alt=\"\" width=\"1024\" height=\"139\" \/><\/p><p>Projekt realizowany\u00a0jest przez Akademi\u0119 Zdrowia Izabela \u0141ajs w ramach Programu Operacyjnego Wiedza Edukacja Rozw\u00f3j wsp\u00f3\u0142finansowanego ze \u015brodk\u00f3w Europejskiego Funduszu Spo\u0142ecznego<\/p><p><strong>O\u015b priorytetowa I.<\/strong>\u00a0 Osoby m\u0142ode na rynku pracy\u00a0<\/p><p><strong>Dzia\u0142anie 1.2<\/strong> Wsparcie os\u00f3b m\u0142odych na regionalnym rynku pracy\u00a0 projekty konkursowe <strong>Poddzia\u0142anie 1.2.1<\/strong> Wsparcie udzielane z Europejskiego Funduszu Spo\u0142ecznego.<\/p><hr \/><p><strong>Grupa docelowa:<\/strong><\/p><p>Grup\u0119 docelow\u0105 projektu stanowi 64 osoby fizyczne (39K\/25M) w wieku 18-29 lat, posiadaj\u0105ce miejsce zamieszkania na obszarze wojew\u00f3dztwa podkarpackiego w rozumieniu przepis\u00f3w Kodeksu Cywilnego, kt\u00f3re nale\u017c\u0105 do nast\u0119puj\u0105cych grup:<\/p><ul style=\"list-style-type: circle;\"><li>\u00a0Osoby pozostaj\u0105ce bez pracy\/bierne zawodowo tzw. M\u0142odzie\u017c NEET, kt\u00f3re nie uczestnicz\u0105 w kszta\u0142ceniu i szkoleniach, niezarejestrowane w Urz\u0119dach Pracy.<\/li><li>Osoby ubodze pracuj\u0105ce, w tym osoby zatrudnione na umowach kr\u00f3tkoterminowych.<\/li><li>\u00a0Osoby niepe\u0142nosprawne.<\/li><li>\u00a0Osoby, kt\u00f3re nie stanowi\u0105 grupy docelowej poddzia\u0142ania POWER 1.3.1.<\/li><\/ul><p><strong>Cel projektu:<\/strong><\/p><p>Celem projektu jest zwi\u0119kszenie szans na podj\u0119cie zatrudnienia u minimum 80% spo\u015br\u00f3d 64 uczestnik\u00f3w projektu poprzez wzrost ich kwalifikacji zawodowych w wyniku kompleksowego wsparcia szkoleniowo-doradczego obejmuj\u0105cego:<\/p><ul style=\"list-style-type: circle;\"><li><em>identyfikacj\u0119 potrzeb i diagnoz\u0119 mo\u017cliwo\u015bci zawodowych<\/em><\/li><li><em>grupowe poradnictwo zawodowe<\/em><\/li><li><em>po\u015brednictwo pracy<\/em><\/li><li><em>szkolenia<\/em><\/li><li><em>sta\u017ce zawodowe<\/em><\/li><\/ul><p><strong>G\u0142\u00f3wne zadania projektu:<\/strong><\/p><p>G\u0142\u00f3wnymi zadaniami jakie ma na celu projekt jest:<\/p><ul style=\"list-style-type: circle;\"><li><em>szczeg\u00f3\u0142owa diagnoza uczestnik\u00f3w uwzgl\u0119dniaj\u0105ca poszczeg\u00f3lne kryteria, takie jak: predyspozycje, sytuacj\u0119 \u017cyciow\u0105, mo\u017cliwo\u015bci rynku pracy, wiek, p\u0142e\u0107 ? co pozwoli na przygotowanie indywidualnego planu dzia\u0142ania.<\/em><\/li><li><em>Uczestnicy w ramach projektu mog\u0105 liczy\u0107 na indywidualne spotkania z doradc\u0105 zawodowym, treningi motywacyjne i poszukiwania pracy oraz szkolenia zawodowe, a w konsekwencji <strong>6-cio miesi\u0119czny, p\u0142atny sta\u017c<\/strong>.<\/em><\/li><li><em>Podczas ca\u0142ego uczestnictwa w projekcie uczestnicy maj\u0105 zapewnione wsparcie po\u015brednika pracy oraz doradcy zawodowego.<\/em><\/li><\/ul><p>Ponadto w ramach wsparcia towarzysz\u0105cego uczestnicy projektu otrzymuj\u0105 r\u00f3wnie\u017c m.in.:<\/p><ul style=\"list-style-type: circle;\"><li><em>Zwrot koszt\u00f3w dojazdu dla uczestnik\u00f3w posiadaj\u0105cych miejsce zamieszkania poza miejscowo\u015bci\u0105 w kt\u00f3rej udzielana jest forma wsparcia.<\/em><\/li><li><em>Wyp\u0142at\u0119 stypendium szkoleniowego oraz sta\u017cowego podczas odbywania szkole\u0144 zawodowych oraz sta\u017cu.<\/em><\/li><li><em>Op\u0142acenie sk\u0142adek ZUS oraz ubezpieczenie NNW.<\/em><\/li><li><em>Ca\u0142kowite pokrycie koszt\u00f3w bada\u0144 lekarskich.<\/em><\/li><li><em>Wy\u017cywienie oraz przerw\u0119 kawow\u0105 podczas udzia\u0142u uczestnik\u00f3w w szkoleniach zawodowych.<\/em><\/li><li><em>Materia\u0142y biurowe i szkoleniowe dla uczestnik\u00f3w.<\/em><\/li><\/ul><p><strong>\u00a0Rekrutacja:<\/strong><\/p><p><u><\/u>Rekrutacja prowadzona jest w spos\u00f3b ci\u0105g\u0142y od dnia 01.03.2020 r. do 31.07.2020<\/p><p><strong>\u00a0Dokumenty do pobrania :<\/strong><\/p><p><a href=\"https:\/\/akademia-zdrowia.pl\/rzeszow\/wp-content\/uploads\/2020\/05\/Regulamin-projektu-i-rekrutacji-1.pdf\">Regulamin projektu i rekrutacji<\/a><\/p><p><a href=\"https:\/\/akademia-zdrowia.pl\/rzeszow\/wp-content\/uploads\/2020\/05\/Zalacznik-nr-1-do-Formularza-rekrutacyjnego-Oswiadczenie-o-spelnieniu-kryteriow-formalnych.doc\">Za\u0142\u0105cznik nr 1 do Formularza rekrutacyjnego &#8211; O\u015bwiadczenie o spe\u0142nieniu kryteri\u00f3w formalnych<\/a><\/p><p><a href=\"https:\/\/akademia-zdrowia.pl\/rzeszow\/wp-content\/uploads\/2020\/05\/Zalacznik-nr-2-do-Regulaminu-Formularz-rekrutacyjny.doc\">Za\u0142\u0105cznik nr 2 do Regulaminu &#8211; Formularz rekrutacyjny<\/a><\/p><p><a href=\"https:\/\/akademia-zdrowia.pl\/rzeszow\/wp-content\/uploads\/2020\/05\/Zalacznik-nr-2-do-Formularza-rekrutacyjnego-Oswiadczenie-o-spe\u0142nieniu-kryteriow-premiujacych.doc\">Za\u0142\u0105cznik nr 2 do Formularza rekrutacyjnego &#8211; O\u015bwiadczenie o spe\u0142nieniu kryteri\u00f3w premiuj\u0105cych<\/a><\/p><p><a href=\"https:\/\/akademia-zdrowia.pl\/rzeszow\/wp-content\/uploads\/2020\/05\/Zalacznik-nr-3-do-Formularza-rekrutacyjnego-Oswidczenie-o-przynaleznosci-do-grupy-NEET.doc\">Za\u0142\u0105cznik nr 3 do Formularza rekrutacyjnego &#8211; O\u015bwiadczenie o przynale\u017cno\u015bci do grupy NEET<\/a><\/p><p><strong>Okres realizacji projektu:<\/strong><\/p><p>01.03.2020 r. ? 31.07.2021 r.<\/p><p style=\"text-align: center;\"><span style=\"font-size: 24px; color: var( --e-global-color-text ); font-family: var( --e-global-typography-text-font-family ), Sans-serif; font-weight: var( --e-global-typography-text-font-weight );\">\u00a0e-mail:\u00a0<\/span><a style=\"font-size: 24px; font-family: var( --e-global-typography-text-font-family ), Sans-serif; font-weight: var( --e-global-typography-text-font-weight ); background-color: #ffffff;\" href=\"https:\/\/poczta.wp.pl\/k\/\">rzeszow@akademia-zdrowia.pl<\/a><\/p><p style=\"text-align: center;\">\u00a0<\/p><p><strong>Warto\u015b\u0107 projektu:<\/strong>\u00a0932\u00a0119,80 z\u0142<\/p><p><strong>Wk\u0142ad UE:<\/strong>\u00a0885\u00a0513,81 z\u0142<\/p><p><strong>Wk\u0142ad w\u0142asny:<\/strong>\u00a046\u00a0605,99 z\u0142<\/p>\t\t\t\t\t\t\t\t<\/div>\n\t\t\t\t<\/div>\n\t\t\t\t\t<\/div>\n\t\t<\/div>\n\t\t\t\t<div class=\"elementor-column elementor-col-33 elementor-top-column elementor-element elementor-element-c5a736f\" data-id=\"c5a736f\" data-element_type=\"column\" data-e-type=\"column\">\n\t\t\t<div class=\"elementor-widget-wrap elementor-element-populated\">\n\t\t\t\t\t\t<div class=\"elementor-element elementor-element-96ed4dd elementor-widget elementor-widget-rs-image\" data-id=\"96ed4dd\" data-element_type=\"widget\" data-e-type=\"widget\" data-widget_type=\"rs-image.default\">\n\t\t\t\t<div class=\"elementor-widget-container\">\n\t\t\t\t\t\n        <div class=\"rs-image \">\n                            <img decoding=\"async\" class=\"rs-multi-image \" src=\"https:\/\/akademia-zdrowia.pl\/rzeszow\/wp-content\/uploads\/2021\/10\/rzeszow.png\" alt=\"image\"\/>\n                    <\/div>\n\n              \n    \t\t\t\t<\/div>\n\t\t\t\t<\/div>\n\t\t\t\t<div class=\"elementor-element elementor-element-14f4b88 elementor-widget elementor-widget-text-editor\" data-id=\"14f4b88\" data-element_type=\"widget\" data-e-type=\"widget\" data-widget_type=\"text-editor.default\">\n\t\t\t\t<div class=\"elementor-widget-container\">\n\t\t\t\t\t\t\t\t\t<div><p style=\"text-align: center;\">\u00a0<\/p><p style=\"text-align: center;\"><img decoding=\"async\" style=\"color: var( --e-global-color-text ); font-family: var( --e-global-typography-text-font-family ), Sans-serif; font-weight: var( --e-global-typography-text-font-weight );\" src=\"https:\/\/akademia2.grafpro.us\/lodz\/wp-content\/themes\/akademia-podstrona\/img\/phone-ico_red.png\" alt=\"marker\" \/><span style=\"color: var( --e-global-color-text ); font-family: var( --e-global-typography-text-font-family ), Sans-serif; font-weight: var( --e-global-typography-text-font-weight );\">\u00a0\u00a0<\/span><span style=\"color: var( --e-global-color-text ); font-family: var( --e-global-typography-text-font-family ), Sans-serif; font-weight: var( --e-global-typography-text-font-weight );\">tel.\u00a0<\/span><a style=\"font-family: var( --e-global-typography-text-font-family ), Sans-serif; font-weight: var( --e-global-typography-text-font-weight ); background-color: #ffffff;\" href=\"tel:662 518 410\">662 518 410<\/a><br \/><i><\/i>\u00a0\u00a0<a style=\"font-family: var( --e-global-typography-text-font-family ), Sans-serif; font-weight: var( --e-global-typography-text-font-weight ); background-color: #ffffff;\" href=\"mailto:rzeszow@akademia-zdrowia.pl\">rzeszow@akademia-zdrowia.pl<\/a><\/p><\/div><div><p style=\"text-align: center;\"><span style=\"color: #000080; font-family: var( --e-global-typography-text-font-family ), Sans-serif;\"><b>Zarezerwuj miejsce ju\u017c dzi\u015b!<\/b><\/span><\/p><\/div>\t\t\t\t\t\t\t\t<\/div>\n\t\t\t\t<\/div>\n\t\t\t\t\t<\/div>\n\t\t<\/div>\n\t\t\t\t\t<\/div>\n\t\t<\/section>\n\t\t\t\t<\/div>\n\t\t","protected":false},"excerpt":{"rendered":"<p>Projekt &#8220;Spirala do sukces&#8221;\u00a0 realizowany jest przez Akademi\u0119 Zdrowia Izabela \u0141ajs Projekt realizowany\u00a0jest przez Akademi\u0119 Zdrowia Izabela \u0141ajs w ramach Programu Operacyjnego Wiedza Edukacja Rozw\u00f3j wsp\u00f3\u0142finansowanego ze \u015brodk\u00f3w Europejskiego Funduszu Spo\u0142ecznego O\u015b priorytetowa I.\u00a0 Osoby m\u0142ode na rynku pracy\u00a0 Dzia\u0142anie 1.2 Wsparcie os\u00f3b m\u0142odych na regionalnym rynku pracy\u00a0 projekty konkursowe Poddzia\u0142anie 1.2.1 Wsparcie udzielane z&#8230;<\/p>\n","protected":false},"author":1,"featured_media":0,"parent":0,"menu_order":0,"comment_status":"closed","ping_status":"closed","template":"","meta":{"footnotes":""},"class_list":["post-1678","page","type-page","status-publish","hentry"],"yoast_head":"<!-- This site is optimized with the Yoast SEO plugin v26.9 - https:\/\/yoast.com\/product\/yoast-seo-wordpress\/ -->\n<title>O projekcie Spirala do sukcesu - Akademia Zdrowia Rzesz\u00f3w<\/title>\n<meta name=\"robots\" content=\"index, follow, max-snippet:-1, max-image-preview:large, max-video-preview:-1\" \/>\n<link rel=\"canonical\" href=\"https:\/\/akademia-zdrowia.pl\/rzeszow\/o-projekcie-spirala-do-sukcesu\/\" \/>\n<meta property=\"og:locale\" content=\"pl_PL\" \/>\n<meta property=\"og:type\" content=\"article\" \/>\n<meta property=\"og:title\" content=\"O projekcie Spirala do sukcesu - Akademia Zdrowia Rzesz\u00f3w\" \/>\n<meta property=\"og:description\" content=\"Projekt &#8220;Spirala do sukces&#8221;\u00a0 realizowany jest przez Akademi\u0119 Zdrowia Izabela \u0141ajs Projekt realizowany\u00a0jest przez Akademi\u0119 Zdrowia Izabela \u0141ajs w ramach Programu Operacyjnego Wiedza Edukacja Rozw\u00f3j wsp\u00f3\u0142finansowanego ze \u015brodk\u00f3w Europejskiego Funduszu Spo\u0142ecznego O\u015b priorytetowa I.\u00a0 Osoby m\u0142ode na rynku pracy\u00a0 Dzia\u0142anie 1.2 Wsparcie os\u00f3b m\u0142odych na regionalnym rynku pracy\u00a0 projekty konkursowe Poddzia\u0142anie 1.2.1 Wsparcie udzielane z...\" \/>\n<meta property=\"og:url\" content=\"https:\/\/akademia-zdrowia.pl\/rzeszow\/o-projekcie-spirala-do-sukcesu\/\" \/>\n<meta property=\"og:site_name\" content=\"Akademia Zdrowia Rzesz\u00f3w\" \/>\n<meta property=\"article:modified_time\" content=\"2022-02-13T19:21:25+00:00\" \/>\n<meta property=\"og:image\" content=\"https:\/\/akademia-zdrowia.pl\/rzeszow\/wp-content\/uploads\/2020\/05\/FEWER-RP-UEEFS-1-1024x139.png\" \/>\n<meta name=\"twitter:card\" content=\"summary_large_image\" \/>\n<meta name=\"twitter:label1\" content=\"Szacowany czas czytania\" \/>\n\t<meta name=\"twitter:data1\" content=\"2 minuty\" \/>\n<script type=\"application\/ld+json\" class=\"yoast-schema-graph\">{\"@context\":\"https:\/\/schema.org\",\"@graph\":[{\"@type\":\"WebPage\",\"@id\":\"https:\/\/akademia-zdrowia.pl\/rzeszow\/o-projekcie-spirala-do-sukcesu\/\",\"url\":\"https:\/\/akademia-zdrowia.pl\/rzeszow\/o-projekcie-spirala-do-sukcesu\/\",\"name\":\"O projekcie Spirala do sukcesu - Akademia Zdrowia Rzesz\u00f3w\",\"isPartOf\":{\"@id\":\"https:\/\/akademia-zdrowia.pl\/rzeszow\/#website\"},\"primaryImageOfPage\":{\"@id\":\"https:\/\/akademia-zdrowia.pl\/rzeszow\/o-projekcie-spirala-do-sukcesu\/#primaryimage\"},\"image\":{\"@id\":\"https:\/\/akademia-zdrowia.pl\/rzeszow\/o-projekcie-spirala-do-sukcesu\/#primaryimage\"},\"thumbnailUrl\":\"https:\/\/akademia-zdrowia.pl\/rzeszow\/wp-content\/uploads\/2020\/05\/FEWER-RP-UEEFS-1-1024x139.png\",\"datePublished\":\"2020-05-03T14:57:59+00:00\",\"dateModified\":\"2022-02-13T19:21:25+00:00\",\"breadcrumb\":{\"@id\":\"https:\/\/akademia-zdrowia.pl\/rzeszow\/o-projekcie-spirala-do-sukcesu\/#breadcrumb\"},\"inLanguage\":\"pl-PL\",\"potentialAction\":[{\"@type\":\"ReadAction\",\"target\":[\"https:\/\/akademia-zdrowia.pl\/rzeszow\/o-projekcie-spirala-do-sukcesu\/\"]}]},{\"@type\":\"ImageObject\",\"inLanguage\":\"pl-PL\",\"@id\":\"https:\/\/akademia-zdrowia.pl\/rzeszow\/o-projekcie-spirala-do-sukcesu\/#primaryimage\",\"url\":\"https:\/\/akademia-zdrowia.pl\/rzeszow\/wp-content\/uploads\/2020\/05\/FEWER-RP-UEEFS-1-1024x139.png\",\"contentUrl\":\"https:\/\/akademia-zdrowia.pl\/rzeszow\/wp-content\/uploads\/2020\/05\/FEWER-RP-UEEFS-1-1024x139.png\"},{\"@type\":\"BreadcrumbList\",\"@id\":\"https:\/\/akademia-zdrowia.pl\/rzeszow\/o-projekcie-spirala-do-sukcesu\/#breadcrumb\",\"itemListElement\":[{\"@type\":\"ListItem\",\"position\":1,\"name\":\"Strona g\u0142\u00f3wna\",\"item\":\"https:\/\/akademia-zdrowia.pl\/rzeszow\/\"},{\"@type\":\"ListItem\",\"position\":2,\"name\":\"O projekcie Spirala do sukcesu\"}]},{\"@type\":\"WebSite\",\"@id\":\"https:\/\/akademia-zdrowia.pl\/rzeszow\/#website\",\"url\":\"https:\/\/akademia-zdrowia.pl\/rzeszow\/\",\"name\":\"Akademia Zdrowia Rzesz\u00f3w\",\"description\":\"\",\"potentialAction\":[{\"@type\":\"SearchAction\",\"target\":{\"@type\":\"EntryPoint\",\"urlTemplate\":\"https:\/\/akademia-zdrowia.pl\/rzeszow\/?s={search_term_string}\"},\"query-input\":{\"@type\":\"PropertyValueSpecification\",\"valueRequired\":true,\"valueName\":\"search_term_string\"}}],\"inLanguage\":\"pl-PL\"}]}<\/script>\n<!-- \/ Yoast SEO plugin. -->","yoast_head_json":{"title":"O projekcie Spirala do sukcesu - Akademia Zdrowia Rzesz\u00f3w","robots":{"index":"index","follow":"follow","max-snippet":"max-snippet:-1","max-image-preview":"max-image-preview:large","max-video-preview":"max-video-preview:-1"},"canonical":"https:\/\/akademia-zdrowia.pl\/rzeszow\/o-projekcie-spirala-do-sukcesu\/","og_locale":"pl_PL","og_type":"article","og_title":"O projekcie Spirala do sukcesu - Akademia Zdrowia Rzesz\u00f3w","og_description":"Projekt &#8220;Spirala do sukces&#8221;\u00a0 realizowany jest przez Akademi\u0119 Zdrowia Izabela \u0141ajs Projekt realizowany\u00a0jest przez Akademi\u0119 Zdrowia Izabela \u0141ajs w ramach Programu Operacyjnego Wiedza Edukacja Rozw\u00f3j wsp\u00f3\u0142finansowanego ze \u015brodk\u00f3w Europejskiego Funduszu Spo\u0142ecznego O\u015b priorytetowa I.\u00a0 Osoby m\u0142ode na rynku pracy\u00a0 Dzia\u0142anie 1.2 Wsparcie os\u00f3b m\u0142odych na regionalnym rynku pracy\u00a0 projekty konkursowe Poddzia\u0142anie 1.2.1 Wsparcie udzielane z...","og_url":"https:\/\/akademia-zdrowia.pl\/rzeszow\/o-projekcie-spirala-do-sukcesu\/","og_site_name":"Akademia Zdrowia Rzesz\u00f3w","article_modified_time":"2022-02-13T19:21:25+00:00","og_image":[{"url":"https:\/\/akademia-zdrowia.pl\/rzeszow\/wp-content\/uploads\/2020\/05\/FEWER-RP-UEEFS-1-1024x139.png","type":"","width":"","height":""}],"twitter_card":"summary_large_image","twitter_misc":{"Szacowany czas czytania":"2 minuty"},"schema":{"@context":"https:\/\/schema.org","@graph":[{"@type":"WebPage","@id":"https:\/\/akademia-zdrowia.pl\/rzeszow\/o-projekcie-spirala-do-sukcesu\/","url":"https:\/\/akademia-zdrowia.pl\/rzeszow\/o-projekcie-spirala-do-sukcesu\/","name":"O projekcie Spirala do sukcesu - Akademia Zdrowia Rzesz\u00f3w","isPartOf":{"@id":"https:\/\/akademia-zdrowia.pl\/rzeszow\/#website"},"primaryImageOfPage":{"@id":"https:\/\/akademia-zdrowia.pl\/rzeszow\/o-projekcie-spirala-do-sukcesu\/#primaryimage"},"image":{"@id":"https:\/\/akademia-zdrowia.pl\/rzeszow\/o-projekcie-spirala-do-sukcesu\/#primaryimage"},"thumbnailUrl":"https:\/\/akademia-zdrowia.pl\/rzeszow\/wp-content\/uploads\/2020\/05\/FEWER-RP-UEEFS-1-1024x139.png","datePublished":"2020-05-03T14:57:59+00:00","dateModified":"2022-02-13T19:21:25+00:00","breadcrumb":{"@id":"https:\/\/akademia-zdrowia.pl\/rzeszow\/o-projekcie-spirala-do-sukcesu\/#breadcrumb"},"inLanguage":"pl-PL","potentialAction":[{"@type":"ReadAction","target":["https:\/\/akademia-zdrowia.pl\/rzeszow\/o-projekcie-spirala-do-sukcesu\/"]}]},{"@type":"ImageObject","inLanguage":"pl-PL","@id":"https:\/\/akademia-zdrowia.pl\/rzeszow\/o-projekcie-spirala-do-sukcesu\/#primaryimage","url":"https:\/\/akademia-zdrowia.pl\/rzeszow\/wp-content\/uploads\/2020\/05\/FEWER-RP-UEEFS-1-1024x139.png","contentUrl":"https:\/\/akademia-zdrowia.pl\/rzeszow\/wp-content\/uploads\/2020\/05\/FEWER-RP-UEEFS-1-1024x139.png"},{"@type":"BreadcrumbList","@id":"https:\/\/akademia-zdrowia.pl\/rzeszow\/o-projekcie-spirala-do-sukcesu\/#breadcrumb","itemListElement":[{"@type":"ListItem","position":1,"name":"Strona g\u0142\u00f3wna","item":"https:\/\/akademia-zdrowia.pl\/rzeszow\/"},{"@type":"ListItem","position":2,"name":"O projekcie Spirala do sukcesu"}]},{"@type":"WebSite","@id":"https:\/\/akademia-zdrowia.pl\/rzeszow\/#website","url":"https:\/\/akademia-zdrowia.pl\/rzeszow\/","name":"Akademia Zdrowia Rzesz\u00f3w","description":"","potentialAction":[{"@type":"SearchAction","target":{"@type":"EntryPoint","urlTemplate":"https:\/\/akademia-zdrowia.pl\/rzeszow\/?s={search_term_string}"},"query-input":{"@type":"PropertyValueSpecification","valueRequired":true,"valueName":"search_term_string"}}],"inLanguage":"pl-PL"}]}},"_links":{"self":[{"href":"https:\/\/akademia-zdrowia.pl\/rzeszow\/wp-json\/wp\/v2\/pages\/1678","targetHints":{"allow":["GET"]}}],"collection":[{"href":"https:\/\/akademia-zdrowia.pl\/rzeszow\/wp-json\/wp\/v2\/pages"}],"about":[{"href":"https:\/\/akademia-zdrowia.pl\/rzeszow\/wp-json\/wp\/v2\/types\/page"}],"author":[{"embeddable":true,"href":"https:\/\/akademia-zdrowia.pl\/rzeszow\/wp-json\/wp\/v2\/users\/1"}],"replies":[{"embeddable":true,"href":"https:\/\/akademia-zdrowia.pl\/rzeszow\/wp-json\/wp\/v2\/comments?post=1678"}],"version-history":[{"count":15,"href":"https:\/\/akademia-zdrowia.pl\/rzeszow\/wp-json\/wp\/v2\/pages\/1678\/revisions"}],"predecessor-version":[{"id":2971,"href":"https:\/\/akademia-zdrowia.pl\/rzeszow\/wp-json\/wp\/v2\/pages\/1678\/revisions\/2971"}],"wp:attachment":[{"href":"https:\/\/akademia-zdrowia.pl\/rzeszow\/wp-json\/wp\/v2\/media?parent=1678"}],"curies":[{"name":"wp","href":"https:\/\/api.w.org\/{rel}","templated":true}]}}