{"id":346,"date":"2018-01-10T09:51:09","date_gmt":"2018-01-10T08:51:09","guid":{"rendered":"http:\/\/www.akademia-zdrowia.pl\/lodz\/?page_id=346"},"modified":"2026-03-23T15:20:16","modified_gmt":"2026-03-23T14:20:16","slug":"pierwsza-pomoc-weterynaryjna","status":"publish","type":"page","link":"https:\/\/akademia-zdrowia.pl\/warszawa\/oferta-szkoleniowa\/kursy-i-szkolenia\/kursy-weterynaryjne\/pierwsza-pomoc-weterynaryjna\/","title":{"rendered":"Pierwsza pomoc weterynaryjna"},"content":{"rendered":"\t\t<div data-elementor-type=\"wp-page\" data-elementor-id=\"346\" class=\"elementor elementor-346\" data-elementor-post-type=\"page\">\n\t\t\t\t\t\t<section class=\"elementor-section elementor-top-section elementor-element elementor-element-15a33c1a elementor-section-boxed elementor-section-height-default elementor-section-height-default\" data-id=\"15a33c1a\" data-element_type=\"section\">\n\t\t\t\t\t\t<div class=\"elementor-container elementor-column-gap-default\">\n\t\t\t\t\t<div class=\"elementor-column elementor-col-100 elementor-top-column elementor-element elementor-element-14d890d3\" data-id=\"14d890d3\" data-element_type=\"column\">\n\t\t\t<div class=\"elementor-widget-wrap elementor-element-populated\">\n\t\t\t\t\t\t<div class=\"elementor-element elementor-element-4ae6ffa7 elementor-widget elementor-widget-rs-heading\" data-id=\"4ae6ffa7\" data-element_type=\"widget\" data-widget_type=\"rs-heading.default\">\n\t\t\t\t<div class=\"elementor-widget-container\">\n\t\t\t\t\t        <div class=\"rs-heading default \">\r\n        \t<div class=\"title-inner\">\r\n        \t\t      \t\t\r\n\t            <span class=\"sub-text \">AKADEMIA ZDROWIA DLA BRAN\u017bY BEAUTY<\/span><h2 class=\"title\"><span class=\"watermark\"><\/span>Pierwsza pomoc weterynaryjna<\/h2>\t        <\/div>\r\n\t                <\/div>\r\n        \t\t\t\t<\/div>\n\t\t\t\t<\/div>\n\t\t\t\t\t<\/div>\n\t\t<\/div>\n\t\t\t\t\t<\/div>\n\t\t<\/section>\n\t\t\t\t<section class=\"elementor-section elementor-top-section elementor-element elementor-element-74867f7f elementor-section-stretched elementor-section-boxed elementor-section-height-default elementor-section-height-default\" data-id=\"74867f7f\" data-element_type=\"section\" data-settings=\"{&quot;background_background&quot;:&quot;classic&quot;,&quot;stretch_section&quot;:&quot;section-stretched&quot;}\">\n\t\t\t\t\t\t<div class=\"elementor-container elementor-column-gap-default\">\n\t\t\t\t\t<div class=\"elementor-column elementor-col-50 elementor-top-column elementor-element elementor-element-17219e5e\" data-id=\"17219e5e\" data-element_type=\"column\">\n\t\t\t<div class=\"elementor-widget-wrap elementor-element-populated\">\n\t\t\t\t\t\t<div class=\"elementor-element elementor-element-7a0cd570 elementor-widget elementor-widget-rs-heading\" data-id=\"7a0cd570\" data-element_type=\"widget\" data-widget_type=\"rs-heading.default\">\n\t\t\t\t<div class=\"elementor-widget-container\">\n\t\t\t\t\t        <div class=\"rs-heading default \">\r\n        \t<div class=\"title-inner\">\r\n        \t\t      \t\t\r\n\t            <span class=\"sub-text \">JAK WYGL\u0104DA SZKOLENIE<\/span><h2 class=\"title\"><span class=\"watermark\"><\/span>Program szkolenia<\/h2>\t        <\/div>\r\n\t                    \t<div class=\"description\">\r\n            \t\t<p align=\"left\"><strong>Kurs sk\u0142ada si\u0119 z 16 godzin dydaktycznych.<\/strong><br \/><strong>Szkolenie trwa w weekendy \u2013 2 dni,<\/strong><\/p><p align=\"left\"><strong>W programie m.in.:<\/strong><\/p><ul><li>Podstawy anatomii psa i kota. Budowa anatomiczna zwierz\u0105t,<\/li><li>Metody poskramiania i zasady transportu rannych zwierz\u0105t,<\/li><li>Podstawowe badanie kliniczne zwierz\u0105t (pomiar temperatury, t\u0119tna i liczby oddech\u00f3w, ocena b\u0142on \u015bluzowych). Om\u00f3wienie poszczeg\u00f3lnych wska\u017anik\u00f3w diagnostycznych. Pokaz badania i \u0107wiczenie uczestnik\u00f3w,<\/li><li>Om\u00f3wienie wyposa\u017cenia apteczki pierwszej pomocy dla zwierz\u0105t,<\/li><li>Om\u00f3wienie schematu resuscytacji kr\u0105\u017ceniowo-oddechowej u psa oraz \u0107wiczenia uczestnik\u00f3w na fantomie. Manewr Heimlicha,<\/li><li>Post\u0119powanie w przypadku b\u00f3lu zwierz\u0119cia. Przedstawienie mo\u017cliwo\u015bci zastosowania lek\u00f3w z apteczki domowej. Om\u00f3wienie lek\u00f3w o dzia\u0142aniu toksycznym, kt\u00f3rych podanie mo\u017ce grozi\u0107 \u015bmierci\u0105 zwierz\u0119cia.<\/li><li>\u0106wiczenie reanimacji zwierz\u0105t na fantomie i zak\u0142adanie opatrunk\u00f3w na modelach.<\/li><li>Post\u0119powanie w przypadku udaru cieplnego i hipotermii. Om\u00f3wienie zasad prewencji weterynaryjnej,<\/li><li>Pierwsza pomoc przedweterynaryjna w razie odmro\u017ce\u0144 lub oparze\u0144. Om\u00f3wienie objaw\u00f3w towarzysz\u0105cych oraz schematu dzia\u0142ania,<\/li><li>Post\u0119powanie ze zwierz\u0119ciem, kt\u00f3re by\u0142o uczestnikiem wypadku komunikacyjnego,<\/li><li>Schemat udzielenia pierwszej pomocy zwierz\u0119ciu pora\u017conemu przez pr\u0105d,<\/li><li>Post\u0119powanie w nag\u0142ych wypadkach, do kt\u00f3rych dochodzi na polowaniach<\/li><li>Padaczka u ps\u00f3w- post\u0119powanie w przypadku jej wyst\u0105pienia, om\u00f3wienie sposobu rozpoznawania objaw\u00f3w zwiastunowych padaczki.<\/li><li>Post\u0119powanie w przypadku nag\u0142ych zaburze\u0144 \u017co\u0142\u0105dkowo-jelitowych. Ocena stopnia nasilenia objaw\u00f3w i om\u00f3wienie schemat\u00f3w dzia\u0142ania,<\/li><li>Post\u0119powanie w zatruciach. Schemat post\u0119powania w przypadku zatru\u0107 pokarmowych. Metody wywo\u0142ywania wymiot\u00f3w u zwierz\u0105t. Om\u00f3wienie najcz\u0119\u015bciej wyst\u0119puj\u0105cych zatru\u0107 i ich objaw\u00f3w,<\/li><li>Post\u0119powanie w przypadku uraz\u00f3w i z\u0142ama\u0144. Metody unieruchamiana z\u0142ama\u0144 i zasady, zak\u0142adania opatrunk\u00f3w u zwierz\u0105t. \u0106wiczenia na modelach,<\/li><li>Zasady udzielania pierwszej pomocy w razie krwotoku. Podzia\u0142 krwotok\u00f3w, om\u00f3wienie objaw\u00f3w i schemat\u00f3w dzia\u0142ania,<\/li><li>Zasady udzielania pomocy w razie reakcji anafilaktycznej, np. w wyniku uk\u0105szenia przez \u017cmije czy pszczo\u0142\u0119.<\/li><li>Prowadzenie ci\u0105\u017cy u suki i kotki- om\u00f3wienie fizjologii cyklu p\u0142ciowego i ci\u0105\u017cy,<\/li><li>Pomoc porodowa. Post\u0119powanie w przypadku prawid\u0142owo przebiegaj\u0105cego porodu. Om\u00f3wienie schematu udzielenia pierwszej pomocy przy zaburzeniach akcji porodowej. Objawy, \u015bwiadcz\u0105ce o ci\u0119\u017ckim porodzie,<\/li><li>Pierwsza pomoc udzielana noworodkom. Schemat udra\u017cniania dr\u00f3g oddechowych, przeprowadzania reanimacji oraz spos\u00f3b podwi\u0105zywania p\u0119powiny. Metody dokarmiania szczeni\u0105t<\/li><\/ul><p align=\"left\"><strong>Po zako\u0144czeniu szkolenia Uczestnicy kursu otrzymaj\u0105 od nas:<\/strong><\/p><ol><li><strong>Certyfikat uko\u0144czenia kursu ratownictwa weterynaryjnego ( w j. polskim oraz w j. angielskim )<\/strong><\/li><\/ol>            \t\t\r\n            \t<\/div>\r\n        \t        <\/div>\r\n        \t\t\t\t<\/div>\n\t\t\t\t<\/div>\n\t\t\t\t<section class=\"elementor-section elementor-inner-section elementor-element elementor-element-5fe5407 elementor-section-boxed elementor-section-height-default elementor-section-height-default\" data-id=\"5fe5407\" data-element_type=\"section\">\n\t\t\t\t\t\t<div class=\"elementor-container elementor-column-gap-default\">\n\t\t\t\t\t<div class=\"elementor-column elementor-col-100 elementor-inner-column elementor-element elementor-element-da33cee\" data-id=\"da33cee\" data-element_type=\"column\">\n\t\t\t<div class=\"elementor-widget-wrap elementor-element-populated\">\n\t\t\t\t\t\t<div class=\"elementor-element elementor-element-98931ab elementor-widget elementor-widget-rs-button\" data-id=\"98931ab\" data-element_type=\"widget\" data-widget_type=\"rs-button.default\">\n\t\t\t\t<div class=\"elementor-widget-container\">\n\t\t\t\t\t\t\r\n\t\t\r\n\t\t<div class=\"rs-view-btn\">\r\n\t\t\t\t\t\t<a class=\"rs-btn rs-btnblack rs-btn-style1\" href=\"tel:+48698592960\" >\t\t\t\t\r\n\t\t\t\t<span class=\"rs_btn__text\"><span class=\"btn_text\">ZADZWO\u0143 - Monika 698 592 960<\/span><\/span>\r\n\t\t\t<\/a>\r\n\t\t<\/div>    \r\n\t\t\t\t\t<\/div>\n\t\t\t\t<\/div>\n\t\t\t\t<div class=\"elementor-element elementor-element-884be51 elementor-widget elementor-widget-rs-button\" data-id=\"884be51\" data-element_type=\"widget\" data-widget_type=\"rs-button.default\">\n\t\t\t\t<div class=\"elementor-widget-container\">\n\t\t\t\t\t\t\r\n\t\t\r\n\t\t<div class=\"rs-view-btn\">\r\n\t\t\t\t\t\t<a class=\"rs-btn rs-btnblack rs-btn-style1\" href=\"tel:+48%20730726780\" >\t\t\t\t\r\n\t\t\t\t<span class=\"rs_btn__text\"><span class=\"btn_text\">ZADZWO\u0143 - Viktoria 730 726 780<\/span><\/span>\r\n\t\t\t<\/a>\r\n\t\t<\/div>    \r\n\t\t\t\t\t<\/div>\n\t\t\t\t<\/div>\n\t\t\t\t\t<\/div>\n\t\t<\/div>\n\t\t\t\t\t<\/div>\n\t\t<\/section>\n\t\t\t\t\t<\/div>\n\t\t<\/div>\n\t\t\t\t<div class=\"elementor-column elementor-col-50 elementor-top-column elementor-element elementor-element-248cdb54\" data-id=\"248cdb54\" data-element_type=\"column\">\n\t\t\t<div class=\"elementor-widget-wrap elementor-element-populated\">\n\t\t\t\t\t\t<div class=\"elementor-element elementor-element-2fb6fa19 elementor-widget elementor-widget-image\" data-id=\"2fb6fa19\" data-element_type=\"widget\" data-widget_type=\"image.default\">\n\t\t\t\t<div class=\"elementor-widget-container\">\n\t\t\t\t\t\t\t\t\t\t\t\t\t\t\t<img fetchpriority=\"high\" decoding=\"async\" width=\"640\" height=\"928\" src=\"https:\/\/akademia-zdrowia.pl\/warszawa\/wp-content\/uploads\/2024\/09\/pierwsza-pomoc-weterynaryjna2-706x1024.png\" class=\"attachment-large size-large wp-image-5996\" alt=\"\" srcset=\"https:\/\/akademia-zdrowia.pl\/warszawa\/wp-content\/uploads\/2024\/09\/pierwsza-pomoc-weterynaryjna2-706x1024.png 706w, https:\/\/akademia-zdrowia.pl\/warszawa\/wp-content\/uploads\/2024\/09\/pierwsza-pomoc-weterynaryjna2-207x300.png 207w, https:\/\/akademia-zdrowia.pl\/warszawa\/wp-content\/uploads\/2024\/09\/pierwsza-pomoc-weterynaryjna2-768x1114.png 768w, https:\/\/akademia-zdrowia.pl\/warszawa\/wp-content\/uploads\/2024\/09\/pierwsza-pomoc-weterynaryjna2-500x725.png 500w, https:\/\/akademia-zdrowia.pl\/warszawa\/wp-content\/uploads\/2024\/09\/pierwsza-pomoc-weterynaryjna2.png 812w\" sizes=\"(max-width: 640px) 100vw, 640px\" \/>\t\t\t\t\t\t\t\t\t\t\t\t\t\t\t<\/div>\n\t\t\t\t<\/div>\n\t\t\t\t\t<\/div>\n\t\t<\/div>\n\t\t\t\t\t<\/div>\n\t\t<\/section>\n\t\t\t\t<section class=\"elementor-section elementor-top-section elementor-element elementor-element-235279c4 elementor-section-boxed elementor-section-height-default elementor-section-height-default\" data-id=\"235279c4\" data-element_type=\"section\" data-settings=\"{&quot;background_background&quot;:&quot;classic&quot;}\">\n\t\t\t\t\t\t<div class=\"elementor-container elementor-column-gap-default\">\n\t\t\t\t\t<div class=\"elementor-column elementor-col-50 elementor-top-column elementor-element elementor-element-1791f0ff\" data-id=\"1791f0ff\" data-element_type=\"column\" data-settings=\"{&quot;background_background&quot;:&quot;classic&quot;}\">\n\t\t\t<div class=\"elementor-widget-wrap elementor-element-populated\">\n\t\t\t\t\t\t<div class=\"elementor-element elementor-element-5c127135 elementor-widget-mobile__width-initial elementor-widget elementor-widget-rs-heading\" data-id=\"5c127135\" data-element_type=\"widget\" data-widget_type=\"rs-heading.default\">\n\t\t\t\t<div class=\"elementor-widget-container\">\n\t\t\t\t\t        <div class=\"rs-heading default \">\r\n        \t<div class=\"title-inner\">\r\n        \t\t      \t\t\r\n\t            <span class=\"sub-text \">NIE MASZ POMYS\u0141U NA PREZENT?<\/span><h2 class=\"title\"><span class=\"watermark\"><\/span>Kup voucher!<\/h2>\t        <\/div>\r\n\t                    \t<div class=\"description\">\r\n            \t\t<div class=\"flex-shrink-0 flex flex-col relative items-end\"><div><div class=\"pt-0\"><div class=\"gizmo-bot-avatar flex h-8 w-8 items-center justify-center overflow-hidden rounded-full\"><div class=\"relative p-1 rounded-sm flex items-center justify-center bg-token-main-surface-primary text-token-text-primary h-8 w-8\">Podaruj bliskim wyj\u0105tkowy prezent! Kup voucher na nasze szkolenia i kursy \u2014 to doskona\u0142y spos\u00f3b na rozw\u00f3j i nowe umiej\u0119tno\u015bci. Idealny prezent na ka\u017cd\u0105 okazj\u0119!<\/div><\/div><\/div><\/div><\/div>            \t\t\r\n            \t<\/div>\r\n        \t        <\/div>\r\n        \t\t\t\t<\/div>\n\t\t\t\t<\/div>\n\t\t\t\t<div class=\"elementor-element elementor-element-7ed56951 elementor-widget elementor-widget-rs-button\" data-id=\"7ed56951\" data-element_type=\"widget\" data-widget_type=\"rs-button.default\">\n\t\t\t\t<div class=\"elementor-widget-container\">\n\t\t\t\t\t\t\r\n\t\t\r\n\t\t<div class=\"rs-view-btn\">\r\n\t\t\t\t\t\t<a class=\"rs-btn rs-btnblack rs-btn-style1\" href=\"tel:+48730726780\" >\t\t\t\t\r\n\t\t\t\t<span class=\"rs_btn__text\"><span class=\"btn_text\">ZADZWO\u0143 - ZAM\u00d3W VOUCHER<\/span><\/span>\r\n\t\t\t<\/a>\r\n\t\t<\/div>    \r\n\t\t\t\t\t<\/div>\n\t\t\t\t<\/div>\n\t\t\t\t\t<\/div>\n\t\t<\/div>\n\t\t\t\t<div class=\"elementor-column elementor-col-50 elementor-top-column elementor-element elementor-element-58ad3724\" data-id=\"58ad3724\" data-element_type=\"column\">\n\t\t\t<div class=\"elementor-widget-wrap elementor-element-populated\">\n\t\t\t\t\t\t<div class=\"elementor-element elementor-element-71dad9f0 elementor-widget elementor-widget-rs-heading\" data-id=\"71dad9f0\" data-element_type=\"widget\" data-widget_type=\"rs-heading.default\">\n\t\t\t\t<div class=\"elementor-widget-container\">\n\t\t\t\t\t        <div class=\"rs-heading default \">\r\n        \t<div class=\"title-inner\">\r\n        \t\t      \t\t\r\n\t            <span class=\"sub-text \">ZAUFANY PARTNER<\/span><h2 class=\"title\"><span class=\"watermark\"><\/span>Dlaczego warto wybra\u0107 nas<\/h2>\t        <\/div>\r\n\t                    \t<div class=\"description\">\r\n            \t\t<p>Zaufaj naszemu wieloletniemu do\u015bwiadczeniu i zespo\u0142owi specjalist\u00f3w. Oferujemy profesjonalne szkolenia, kt\u00f3re pomog\u0105 rozwija\u0107 Tw\u00f3j biznes. Wybieraj\u0105c nas, inwestujesz w sprawdzonego partnera, kt\u00f3ry wspiera sukces Twojej firmy. Skontaktuj si\u0119 z nami i zacznij rozwija\u0107 si\u0119 razem z nami!<\/p>            \t\t\r\n            \t<\/div>\r\n        \t        <\/div>\r\n        \t\t\t\t<\/div>\n\t\t\t\t<\/div>\n\t\t\t\t\t<\/div>\n\t\t<\/div>\n\t\t\t\t\t<\/div>\n\t\t<\/section>\n\t\t\t\t<\/div>\n\t\t","protected":false},"excerpt":{"rendered":"<p>AKADEMIA ZDROWIA DLA BRAN\u017bY BEAUTY Pierwsza pomoc weterynaryjna JAK WYGL\u0104DA SZKOLENIE Program szkolenia Kurs sk\u0142ada si\u0119 z 16 godzin dydaktycznych.Szkolenie trwa w weekendy \u2013 2 dni, W programie m.in.: Podstawy anatomii psa i kota. Budowa anatomiczna zwierz\u0105t, Metody poskramiania i zasady transportu rannych zwierz\u0105t, Podstawowe badanie kliniczne zwierz\u0105t (pomiar temperatury, t\u0119tna i liczby oddech\u00f3w, ocena&#8230;<\/p>\n","protected":false},"author":1,"featured_media":0,"parent":332,"menu_order":0,"comment_status":"closed","ping_status":"closed","template":"","meta":{"footnotes":""},"class_list":["post-346","page","type-page","status-publish","hentry"],"yoast_head":"<!-- This site is optimized with the Yoast SEO plugin v26.8 - https:\/\/yoast.com\/product\/yoast-seo-wordpress\/ -->\n<title>Pierwsza pomoc weterynaryjna - Akademia zdrowia \u2013 Warszawa \u2013 Kursy zawodowe, szko\u0142y policealne<\/title>\n<meta name=\"description\" content=\"AKADEMIA ZDROWIA DLA BRAN\u017bY BEAUTYPierwsza pomoc weterynaryjna JAK WYGL\u0104DA SZKOLENIEProgram szkolenia Kurs sk\u0142ada si\u0119 z 16 godzin dydaktycznych.Szkolenie\" \/>\n<meta name=\"robots\" content=\"index, follow, max-snippet:-1, max-image-preview:large, max-video-preview:-1\" \/>\n<link rel=\"canonical\" href=\"https:\/\/akademia-zdrowia.pl\/warszawa\/oferta-szkoleniowa\/kursy-i-szkolenia\/kursy-weterynaryjne\/pierwsza-pomoc-weterynaryjna\/\" \/>\n<meta property=\"og:locale\" content=\"pl_PL\" \/>\n<meta property=\"og:type\" content=\"article\" \/>\n<meta property=\"og:title\" content=\"Pierwsza pomoc weterynaryjna - Akademia zdrowia \u2013 Warszawa \u2013 Kursy zawodowe, szko\u0142y policealne\" \/>\n<meta property=\"og:description\" content=\"AKADEMIA ZDROWIA DLA BRAN\u017bY BEAUTYPierwsza pomoc weterynaryjna JAK WYGL\u0104DA SZKOLENIEProgram szkolenia Kurs sk\u0142ada si\u0119 z 16 godzin dydaktycznych.Szkolenie\" \/>\n<meta property=\"og:url\" content=\"https:\/\/akademia-zdrowia.pl\/warszawa\/oferta-szkoleniowa\/kursy-i-szkolenia\/kursy-weterynaryjne\/pierwsza-pomoc-weterynaryjna\/\" \/>\n<meta property=\"og:site_name\" content=\"Nowa kategoria kursu\" \/>\n<meta property=\"article:modified_time\" content=\"2026-03-23T14:20:16+00:00\" \/>\n<meta property=\"og:image\" content=\"https:\/\/akademia-zdrowia.pl\/warszawa\/wp-content\/uploads\/2024\/09\/pierwsza-pomoc-weterynaryjna2.png\" \/>\n\t<meta property=\"og:image:width\" content=\"812\" \/>\n\t<meta property=\"og:image:height\" content=\"1178\" \/>\n\t<meta property=\"og:image:type\" content=\"image\/png\" \/>\n<meta name=\"twitter:card\" content=\"summary_large_image\" \/>\n<meta name=\"twitter:label1\" content=\"Szacowany czas czytania\" \/>\n\t<meta name=\"twitter:data1\" content=\"3 minuty\" \/>\n<script type=\"application\/ld+json\" class=\"yoast-schema-graph\">{\"@context\":\"https:\/\/schema.org\",\"@graph\":[{\"@type\":\"WebPage\",\"@id\":\"https:\/\/akademia-zdrowia.pl\/warszawa\/oferta-szkoleniowa\/kursy-i-szkolenia\/kursy-weterynaryjne\/pierwsza-pomoc-weterynaryjna\/\",\"url\":\"https:\/\/akademia-zdrowia.pl\/warszawa\/oferta-szkoleniowa\/kursy-i-szkolenia\/kursy-weterynaryjne\/pierwsza-pomoc-weterynaryjna\/\",\"name\":\"Pierwsza pomoc weterynaryjna - Akademia zdrowia \u2013 Warszawa \u2013 Kursy zawodowe, szko\u0142y policealne\",\"isPartOf\":{\"@id\":\"https:\/\/akademia-zdrowia.pl\/warszawa\/#website\"},\"primaryImageOfPage\":{\"@id\":\"https:\/\/akademia-zdrowia.pl\/warszawa\/oferta-szkoleniowa\/kursy-i-szkolenia\/kursy-weterynaryjne\/pierwsza-pomoc-weterynaryjna\/#primaryimage\"},\"image\":{\"@id\":\"https:\/\/akademia-zdrowia.pl\/warszawa\/oferta-szkoleniowa\/kursy-i-szkolenia\/kursy-weterynaryjne\/pierwsza-pomoc-weterynaryjna\/#primaryimage\"},\"thumbnailUrl\":\"https:\/\/akademia-zdrowia.pl\/warszawa\/wp-content\/uploads\/2024\/09\/pierwsza-pomoc-weterynaryjna2-706x1024.png\",\"datePublished\":\"2018-01-10T08:51:09+00:00\",\"dateModified\":\"2026-03-23T14:20:16+00:00\",\"description\":\"AKADEMIA ZDROWIA DLA BRAN\u017bY BEAUTYPierwsza pomoc weterynaryjna JAK WYGL\u0104DA SZKOLENIEProgram szkolenia Kurs sk\u0142ada si\u0119 z 16 godzin dydaktycznych.Szkolenie\",\"breadcrumb\":{\"@id\":\"https:\/\/akademia-zdrowia.pl\/warszawa\/oferta-szkoleniowa\/kursy-i-szkolenia\/kursy-weterynaryjne\/pierwsza-pomoc-weterynaryjna\/#breadcrumb\"},\"inLanguage\":\"pl-PL\",\"potentialAction\":[{\"@type\":\"ReadAction\",\"target\":[\"https:\/\/akademia-zdrowia.pl\/warszawa\/oferta-szkoleniowa\/kursy-i-szkolenia\/kursy-weterynaryjne\/pierwsza-pomoc-weterynaryjna\/\"]}]},{\"@type\":\"ImageObject\",\"inLanguage\":\"pl-PL\",\"@id\":\"https:\/\/akademia-zdrowia.pl\/warszawa\/oferta-szkoleniowa\/kursy-i-szkolenia\/kursy-weterynaryjne\/pierwsza-pomoc-weterynaryjna\/#primaryimage\",\"url\":\"https:\/\/akademia-zdrowia.pl\/warszawa\/wp-content\/uploads\/2024\/09\/pierwsza-pomoc-weterynaryjna2.png\",\"contentUrl\":\"https:\/\/akademia-zdrowia.pl\/warszawa\/wp-content\/uploads\/2024\/09\/pierwsza-pomoc-weterynaryjna2.png\",\"width\":812,\"height\":1178},{\"@type\":\"BreadcrumbList\",\"@id\":\"https:\/\/akademia-zdrowia.pl\/warszawa\/oferta-szkoleniowa\/kursy-i-szkolenia\/kursy-weterynaryjne\/pierwsza-pomoc-weterynaryjna\/#breadcrumb\",\"itemListElement\":[{\"@type\":\"ListItem\",\"position\":1,\"name\":\"Strona g\u0142\u00f3wna\",\"item\":\"https:\/\/akademia-zdrowia.pl\/warszawa\/\"},{\"@type\":\"ListItem\",\"position\":2,\"name\":\"Oferta szkoleniowa\",\"item\":\"https:\/\/akademia-zdrowia.pl\/warszawa\/oferta-szkoleniowa\/\"},{\"@type\":\"ListItem\",\"position\":3,\"name\":\"Kursy i szkolenia\",\"item\":\"https:\/\/akademia-zdrowia.pl\/warszawa\/oferta-szkoleniowa\/kursy-i-szkolenia\/\"},{\"@type\":\"ListItem\",\"position\":4,\"name\":\"Kursy weterynaryjne\",\"item\":\"https:\/\/akademia-zdrowia.pl\/warszawa\/oferta-szkoleniowa\/kursy-i-szkolenia\/kursy-weterynaryjne\/\"},{\"@type\":\"ListItem\",\"position\":5,\"name\":\"Pierwsza pomoc weterynaryjna\"}]},{\"@type\":\"WebSite\",\"@id\":\"https:\/\/akademia-zdrowia.pl\/warszawa\/#website\",\"url\":\"https:\/\/akademia-zdrowia.pl\/warszawa\/\",\"name\":\"Nowa kategoria kursu\",\"description\":\"Nowy kurs \",\"potentialAction\":[{\"@type\":\"SearchAction\",\"target\":{\"@type\":\"EntryPoint\",\"urlTemplate\":\"https:\/\/akademia-zdrowia.pl\/warszawa\/?s={search_term_string}\"},\"query-input\":{\"@type\":\"PropertyValueSpecification\",\"valueRequired\":true,\"valueName\":\"search_term_string\"}}],\"inLanguage\":\"pl-PL\"}]}<\/script>\n<!-- \/ Yoast SEO plugin. -->","yoast_head_json":{"title":"Pierwsza pomoc weterynaryjna - Akademia zdrowia \u2013 Warszawa \u2013 Kursy zawodowe, szko\u0142y policealne","description":"AKADEMIA ZDROWIA DLA BRAN\u017bY BEAUTYPierwsza pomoc weterynaryjna JAK WYGL\u0104DA SZKOLENIEProgram szkolenia Kurs sk\u0142ada si\u0119 z 16 godzin dydaktycznych.Szkolenie","robots":{"index":"index","follow":"follow","max-snippet":"max-snippet:-1","max-image-preview":"max-image-preview:large","max-video-preview":"max-video-preview:-1"},"canonical":"https:\/\/akademia-zdrowia.pl\/warszawa\/oferta-szkoleniowa\/kursy-i-szkolenia\/kursy-weterynaryjne\/pierwsza-pomoc-weterynaryjna\/","og_locale":"pl_PL","og_type":"article","og_title":"Pierwsza pomoc weterynaryjna - Akademia zdrowia \u2013 Warszawa \u2013 Kursy zawodowe, szko\u0142y policealne","og_description":"AKADEMIA ZDROWIA DLA BRAN\u017bY BEAUTYPierwsza pomoc weterynaryjna JAK WYGL\u0104DA SZKOLENIEProgram szkolenia Kurs sk\u0142ada si\u0119 z 16 godzin dydaktycznych.Szkolenie","og_url":"https:\/\/akademia-zdrowia.pl\/warszawa\/oferta-szkoleniowa\/kursy-i-szkolenia\/kursy-weterynaryjne\/pierwsza-pomoc-weterynaryjna\/","og_site_name":"Nowa kategoria kursu","article_modified_time":"2026-03-23T14:20:16+00:00","og_image":[{"width":812,"height":1178,"url":"https:\/\/akademia-zdrowia.pl\/warszawa\/wp-content\/uploads\/2024\/09\/pierwsza-pomoc-weterynaryjna2.png","type":"image\/png"}],"twitter_card":"summary_large_image","twitter_misc":{"Szacowany czas czytania":"3 minuty"},"schema":{"@context":"https:\/\/schema.org","@graph":[{"@type":"WebPage","@id":"https:\/\/akademia-zdrowia.pl\/warszawa\/oferta-szkoleniowa\/kursy-i-szkolenia\/kursy-weterynaryjne\/pierwsza-pomoc-weterynaryjna\/","url":"https:\/\/akademia-zdrowia.pl\/warszawa\/oferta-szkoleniowa\/kursy-i-szkolenia\/kursy-weterynaryjne\/pierwsza-pomoc-weterynaryjna\/","name":"Pierwsza pomoc weterynaryjna - Akademia zdrowia \u2013 Warszawa \u2013 Kursy zawodowe, szko\u0142y policealne","isPartOf":{"@id":"https:\/\/akademia-zdrowia.pl\/warszawa\/#website"},"primaryImageOfPage":{"@id":"https:\/\/akademia-zdrowia.pl\/warszawa\/oferta-szkoleniowa\/kursy-i-szkolenia\/kursy-weterynaryjne\/pierwsza-pomoc-weterynaryjna\/#primaryimage"},"image":{"@id":"https:\/\/akademia-zdrowia.pl\/warszawa\/oferta-szkoleniowa\/kursy-i-szkolenia\/kursy-weterynaryjne\/pierwsza-pomoc-weterynaryjna\/#primaryimage"},"thumbnailUrl":"https:\/\/akademia-zdrowia.pl\/warszawa\/wp-content\/uploads\/2024\/09\/pierwsza-pomoc-weterynaryjna2-706x1024.png","datePublished":"2018-01-10T08:51:09+00:00","dateModified":"2026-03-23T14:20:16+00:00","description":"AKADEMIA ZDROWIA DLA BRAN\u017bY BEAUTYPierwsza pomoc weterynaryjna JAK WYGL\u0104DA SZKOLENIEProgram szkolenia Kurs sk\u0142ada si\u0119 z 16 godzin dydaktycznych.Szkolenie","breadcrumb":{"@id":"https:\/\/akademia-zdrowia.pl\/warszawa\/oferta-szkoleniowa\/kursy-i-szkolenia\/kursy-weterynaryjne\/pierwsza-pomoc-weterynaryjna\/#breadcrumb"},"inLanguage":"pl-PL","potentialAction":[{"@type":"ReadAction","target":["https:\/\/akademia-zdrowia.pl\/warszawa\/oferta-szkoleniowa\/kursy-i-szkolenia\/kursy-weterynaryjne\/pierwsza-pomoc-weterynaryjna\/"]}]},{"@type":"ImageObject","inLanguage":"pl-PL","@id":"https:\/\/akademia-zdrowia.pl\/warszawa\/oferta-szkoleniowa\/kursy-i-szkolenia\/kursy-weterynaryjne\/pierwsza-pomoc-weterynaryjna\/#primaryimage","url":"https:\/\/akademia-zdrowia.pl\/warszawa\/wp-content\/uploads\/2024\/09\/pierwsza-pomoc-weterynaryjna2.png","contentUrl":"https:\/\/akademia-zdrowia.pl\/warszawa\/wp-content\/uploads\/2024\/09\/pierwsza-pomoc-weterynaryjna2.png","width":812,"height":1178},{"@type":"BreadcrumbList","@id":"https:\/\/akademia-zdrowia.pl\/warszawa\/oferta-szkoleniowa\/kursy-i-szkolenia\/kursy-weterynaryjne\/pierwsza-pomoc-weterynaryjna\/#breadcrumb","itemListElement":[{"@type":"ListItem","position":1,"name":"Strona g\u0142\u00f3wna","item":"https:\/\/akademia-zdrowia.pl\/warszawa\/"},{"@type":"ListItem","position":2,"name":"Oferta szkoleniowa","item":"https:\/\/akademia-zdrowia.pl\/warszawa\/oferta-szkoleniowa\/"},{"@type":"ListItem","position":3,"name":"Kursy i szkolenia","item":"https:\/\/akademia-zdrowia.pl\/warszawa\/oferta-szkoleniowa\/kursy-i-szkolenia\/"},{"@type":"ListItem","position":4,"name":"Kursy weterynaryjne","item":"https:\/\/akademia-zdrowia.pl\/warszawa\/oferta-szkoleniowa\/kursy-i-szkolenia\/kursy-weterynaryjne\/"},{"@type":"ListItem","position":5,"name":"Pierwsza pomoc weterynaryjna"}]},{"@type":"WebSite","@id":"https:\/\/akademia-zdrowia.pl\/warszawa\/#website","url":"https:\/\/akademia-zdrowia.pl\/warszawa\/","name":"Nowa kategoria kursu","description":"Nowy kurs ","potentialAction":[{"@type":"SearchAction","target":{"@type":"EntryPoint","urlTemplate":"https:\/\/akademia-zdrowia.pl\/warszawa\/?s={search_term_string}"},"query-input":{"@type":"PropertyValueSpecification","valueRequired":true,"valueName":"search_term_string"}}],"inLanguage":"pl-PL"}]}},"_links":{"self":[{"href":"https:\/\/akademia-zdrowia.pl\/warszawa\/wp-json\/wp\/v2\/pages\/346","targetHints":{"allow":["GET"]}}],"collection":[{"href":"https:\/\/akademia-zdrowia.pl\/warszawa\/wp-json\/wp\/v2\/pages"}],"about":[{"href":"https:\/\/akademia-zdrowia.pl\/warszawa\/wp-json\/wp\/v2\/types\/page"}],"author":[{"embeddable":true,"href":"https:\/\/akademia-zdrowia.pl\/warszawa\/wp-json\/wp\/v2\/users\/1"}],"replies":[{"embeddable":true,"href":"https:\/\/akademia-zdrowia.pl\/warszawa\/wp-json\/wp\/v2\/comments?post=346"}],"version-history":[{"count":53,"href":"https:\/\/akademia-zdrowia.pl\/warszawa\/wp-json\/wp\/v2\/pages\/346\/revisions"}],"predecessor-version":[{"id":6845,"href":"https:\/\/akademia-zdrowia.pl\/warszawa\/wp-json\/wp\/v2\/pages\/346\/revisions\/6845"}],"up":[{"embeddable":true,"href":"https:\/\/akademia-zdrowia.pl\/warszawa\/wp-json\/wp\/v2\/pages\/332"}],"wp:attachment":[{"href":"https:\/\/akademia-zdrowia.pl\/warszawa\/wp-json\/wp\/v2\/media?parent=346"}],"curies":[{"name":"wp","href":"https:\/\/api.w.org\/{rel}","templated":true}]}}